{"id":165,"date":"2025-09-26T10:09:17","date_gmt":"2025-09-26T13:09:17","guid":{"rendered":"https:\/\/www.ccsa.ufpb.br\/atuariais1\/?page_id=165"},"modified":"2026-02-05T19:16:01","modified_gmt":"2026-02-05T22:16:01","slug":"exercicios-domiciliares","status":"publish","type":"page","link":"https:\/\/www.ccsa.ufpb.br\/atuariais\/exercicios-domiciliares\/","title":{"rendered":"Exerc\u00edcios Domiciliares"},"content":{"rendered":"\n<p><\/p>\n\n\n\n<p>O regime de exerc\u00edcios domiciliares aplica-se:<\/p>\n\n\n\n<p>I \u2013 \u00c0 discente gestante, durante 90 (noventa) dias, a partir do 8\u00ba m\u00eas de gesta\u00e7\u00e3o, desde que comprovado por atestado m\u00e9dico.<\/p>\n\n\n\n<p>II \u2013 Aos respons\u00e1veis legais adotantes, durante 90 (noventa) dias, a partir da data da guarda, desde que comprovada por decis\u00e3o judicial.<\/p>\n\n\n\n<p>III \u2013 \u00c0 discente m\u00e3e ou ao discente pai, desde que comprovado pela certid\u00e3o de nascimento, por 90 (noventa) dias.<\/p>\n\n\n\n<p>IV \u2013 Ao discente portador de afec\u00e7\u00e3o cong\u00eanitas ou adquiridas, infec\u00e7\u00e3o, traumatismo ou outras condi\u00e7\u00f5es m\u00f3rbidas, determinando dist\u00farbios agudos ou agudizados e que gerem incapacidade f\u00edsica comprovada por atestado m\u00e9dico.<\/p>\n\n\n\n<p>V \u2013 Ao discente para acompanhar parente de 1\u00ba grau, em casos de doen\u00e7as graves comprovadas por atestado m\u00e9dico.<\/p>\n\n\n\n<p>Consultar Cap\u00edtulo IV &#8211; Art 92 da&nbsp;<strong>Resolu\u00e7\u00e3o Consepe 29\/2020<\/strong><\/p>\n\n\n\n<div class=\"wp-block-file\"><a id=\"wp-block-file--media-76282097-17b2-414f-bc69-4bde8dffc60b\" href=\"https:\/\/www.ccsa.ufpb.br\/atuariais\/wp-content\/uploads\/sites\/179\/sites\/387\/2025\/09\/resp29-20-resolucao-de-graduacao-2.pdf\" target=\"_blank\" rel=\"noreferrer noopener\">Download Resolu\u00e7\u00e3o N\u00ba 29\/2020 &#8211; CONSEPE<\/a><a href=\"https:\/\/www.ccsa.ufpb.br\/atuariais\/wp-content\/uploads\/sites\/179\/sites\/387\/2025\/09\/resp29-20-resolucao-de-graduacao-2.pdf\" class=\"wp-block-file__button wp-element-button\" download aria-describedby=\"wp-block-file--media-76282097-17b2-414f-bc69-4bde8dffc60b\">Baixar<\/a><\/div>\n\n\n\n<p><\/p>\n\n\n\n<p><strong>Documentos necess\u00e1rios para abertura do processo junto \u00e0 Coordena\u00e7\u00e3o<\/strong><\/p>\n\n\n\n<p><a href=\"https:\/\/drive.ufpb.br\/s\/ZF673MxxCDdoRgb\"><strong>I<\/strong>\u00a0&#8211;\u00a0Modelo de\u00a0Requerimento<\/a><br><strong>II \u2013<\/strong>\u00a0Documentos comprobat\u00f3rio \/ Atestado M\u00e9dico<br><strong>III\u00a0<\/strong>&#8211; Atestado de Matr\u00edcula<\/p>\n\n\n\n<p>Para os portadores de afec\u00e7\u00f5es, o requerimento e a documenta\u00e7\u00e3o comprobat\u00f3ria devem ser apresentados \u00e0 Coordena\u00e7\u00e3o do Curso, tendo como prazo m\u00e1ximo a metade do per\u00edodo previsto no atestado m\u00e9dico para o afastamento<\/p>\n\n\n\n<p><\/p>\n","protected":false},"excerpt":{"rendered":"<p>O regime de exerc\u00edcios domiciliares aplica-se: I \u2013 \u00c0 discente gestante, durante 90 (noventa) dias, [&hellip;]<\/p>\n","protected":false},"author":63,"featured_media":0,"parent":0,"menu_order":0,"comment_status":"closed","ping_status":"closed","template":"","meta":{"footnotes":""},"class_list":["post-165","page","type-page","status-publish","hentry"],"_links":{"self":[{"href":"https:\/\/www.ccsa.ufpb.br\/atuariais\/wp-json\/wp\/v2\/pages\/165","targetHints":{"allow":["GET"]}}],"collection":[{"href":"https:\/\/www.ccsa.ufpb.br\/atuariais\/wp-json\/wp\/v2\/pages"}],"about":[{"href":"https:\/\/www.ccsa.ufpb.br\/atuariais\/wp-json\/wp\/v2\/types\/page"}],"author":[{"embeddable":true,"href":"https:\/\/www.ccsa.ufpb.br\/atuariais\/wp-json\/wp\/v2\/users\/63"}],"replies":[{"embeddable":true,"href":"https:\/\/www.ccsa.ufpb.br\/atuariais\/wp-json\/wp\/v2\/comments?post=165"}],"version-history":[{"count":3,"href":"https:\/\/www.ccsa.ufpb.br\/atuariais\/wp-json\/wp\/v2\/pages\/165\/revisions"}],"predecessor-version":[{"id":397,"href":"https:\/\/www.ccsa.ufpb.br\/atuariais\/wp-json\/wp\/v2\/pages\/165\/revisions\/397"}],"wp:attachment":[{"href":"https:\/\/www.ccsa.ufpb.br\/atuariais\/wp-json\/wp\/v2\/media?parent=165"}],"curies":[{"name":"wp","href":"https:\/\/api.w.org\/{rel}","templated":true}]}}