{"id":52,"date":"2025-09-25T09:43:49","date_gmt":"2025-09-25T12:43:49","guid":{"rendered":"https:\/\/www.ccsa.ufpb.br\/atuariais1\/?page_id=52"},"modified":"2026-02-05T18:50:40","modified_gmt":"2026-02-05T21:50:40","slug":"dados-da-coordenacao-e-da-universidade","status":"publish","type":"page","link":"https:\/\/www.ccsa.ufpb.br\/atuariais\/dados-da-coordenacao-e-da-universidade\/","title":{"rendered":"Dados da Coordena\u00e7\u00e3o e da Universidade"},"content":{"rendered":"\n<p>Principais informa\u00e7\u00f5es sobre a Administra\u00e7\u00e3o da UFPB e da Coordena\u00e7\u00e3o do Curso<\/p>\n\n\n\n<p>O curso de bacharelado em Ci\u00eancias Atuariais pretende, atrav\u00e9s de uma base te\u00f3rica aliada ao&nbsp;conhecimento de mercado, formar um profissional capaz de exercer atividades de&nbsp;gerenciamento, avalia\u00e7\u00e3o e c\u00e1lculo de riscos nas empresas dos setores de seguros,&nbsp;previd\u00eancia, institui\u00e7\u00f5es financeiras, nos planos de capitaliza\u00e7\u00e3o e no mercado de capitais.<\/p>\n\n\n\n<p><strong>Reitor:<\/strong>&nbsp;TEREZINHA DOMICIANO DANTAS MARTINS<\/p>\n\n\n\n<p><strong>Vice-reitora:<\/strong>&nbsp;M\u00d4NICA N\u00d3BREGA<\/p>\n\n\n\n<p><strong>Coordenadora do Curso:<\/strong>&nbsp;&nbsp;VERA L\u00daCIA CRUZ<\/p>\n\n\n\n<p><strong>Vice-coordenador do Curso:&nbsp;<\/strong>FILIPE COELHO DE LIMA DUARTE<\/p>\n\n\n\n<p><strong>Servidores T\u00e9cnicos-administrativos:<\/strong>\u00a0Antonio Araujo e Jussi\u00ea Rodrigues\u00a0<\/p>\n\n\n\n<p><strong>Telefone:<\/strong>&nbsp;3216-7726<\/p>\n\n\n\n<p><strong>E-mail:<\/strong>&nbsp;coordenacaoatuariais@gmail.com&nbsp; \/ atuariais@ccsa.ufpb.br&nbsp;<\/p>\n\n\n\n<p><strong>Localiza\u00e7\u00e3o da Coordena\u00e7\u00e3o do Curso de Ci\u00eancias Atuariais da UFPB: Consultar MAPA no Menu ao lado esquerdo<\/strong><\/p>\n","protected":false},"excerpt":{"rendered":"<p>Principais informa\u00e7\u00f5es sobre a Administra\u00e7\u00e3o da UFPB e da Coordena\u00e7\u00e3o do Curso O curso de [&hellip;]<\/p>\n","protected":false},"author":63,"featured_media":0,"parent":0,"menu_order":0,"comment_status":"closed","ping_status":"closed","template":"","meta":{"footnotes":""},"class_list":["post-52","page","type-page","status-publish","hentry"],"_links":{"self":[{"href":"https:\/\/www.ccsa.ufpb.br\/atuariais\/wp-json\/wp\/v2\/pages\/52","targetHints":{"allow":["GET"]}}],"collection":[{"href":"https:\/\/www.ccsa.ufpb.br\/atuariais\/wp-json\/wp\/v2\/pages"}],"about":[{"href":"https:\/\/www.ccsa.ufpb.br\/atuariais\/wp-json\/wp\/v2\/types\/page"}],"author":[{"embeddable":true,"href":"https:\/\/www.ccsa.ufpb.br\/atuariais\/wp-json\/wp\/v2\/users\/63"}],"replies":[{"embeddable":true,"href":"https:\/\/www.ccsa.ufpb.br\/atuariais\/wp-json\/wp\/v2\/comments?post=52"}],"version-history":[{"count":2,"href":"https:\/\/www.ccsa.ufpb.br\/atuariais\/wp-json\/wp\/v2\/pages\/52\/revisions"}],"predecessor-version":[{"id":384,"href":"https:\/\/www.ccsa.ufpb.br\/atuariais\/wp-json\/wp\/v2\/pages\/52\/revisions\/384"}],"wp:attachment":[{"href":"https:\/\/www.ccsa.ufpb.br\/atuariais\/wp-json\/wp\/v2\/media?parent=52"}],"curies":[{"name":"wp","href":"https:\/\/api.w.org\/{rel}","templated":true}]}}