{"id":65,"date":"2025-09-25T11:08:26","date_gmt":"2025-09-25T14:08:26","guid":{"rendered":"https:\/\/www.ccsa.ufpb.br\/atuariais1\/?page_id=65"},"modified":"2026-02-05T19:03:57","modified_gmt":"2026-02-05T22:03:57","slug":"portarias-internas","status":"publish","type":"page","link":"https:\/\/www.ccsa.ufpb.br\/atuariais\/portarias-internas\/","title":{"rendered":"Portarias Internas"},"content":{"rendered":"\n<p><a href=\"https:\/\/drive.ufpb.br\/s\/yzKFMzf4SxTKSA4\">Portaria 01 \/ 2025 &#8211; Revoga a Portaria CCCA no 02\/2022 e Regulamenta os Conte\u00fados Complementares Flex\u00edveis do Curso de Gradua\u00e7\u00e3o em Ci\u00eancias Atuariais, do Centro de<br>Ci\u00eancias Sociais Aplicadas, Campus I, desta Universidade e d\u00e1 outras provid\u00eancias:<\/a><\/p>\n\n\n\n<div class=\"wp-block-file\"><a id=\"wp-block-file--media-6ff4ae30-804b-4a7d-84f5-af3582c1da7a\" href=\"https:\/\/www.ccsa.ufpb.br\/atuariais\/wp-content\/uploads\/sites\/179\/sites\/387\/2025\/09\/portaria-avaliacao.pdf\" target=\"_blank\" rel=\"noreferrer noopener\">Portaria 01 \/ 2022 &#8211; Regulamenta o Programa de Avalia\u00e7\u00e3o do Curso (PAC) de Gradua\u00e7\u00e3o em Ci\u00eancias Atuariais, do Centro de Ci\u00eancias Sociais Aplicadas, Campus I, desta Universidade e d\u00e1 outras provid\u00eancias.<br><\/a><a href=\"https:\/\/www.ccsa.ufpb.br\/atuariais\/wp-content\/uploads\/sites\/179\/sites\/387\/2025\/09\/portaria-avaliacao.pdf\" class=\"wp-block-file__button wp-element-button\" download aria-describedby=\"wp-block-file--media-6ff4ae30-804b-4a7d-84f5-af3582c1da7a\">Baixar<\/a><\/div>\n\n\n\n<div class=\"wp-block-file\"><a id=\"wp-block-file--media-04045c3d-da37-451b-9bfa-67d5a21d3196\" href=\"https:\/\/www.ccsa.ufpb.br\/atuariais\/wp-content\/uploads\/sites\/179\/sites\/387\/2025\/09\/portaria-atividades-complementares.pdf\" target=\"_blank\" rel=\"noreferrer noopener\">Portaria 02\/2022 (Novo PPC) &#8211; Revoga a Portaria CCCA n\u00ba 04\/2019 e Regulamenta os Conte\u00fados Complementares Flex\u00edveis do Curso de Gradua\u00e7\u00e3o em Ci\u00eancias Atuariais, do Centro de Ci\u00eancias Sociais Aplicadas, Campus I, desta Universidade e d\u00e1 outras provid\u00eancias;<br><\/a><a href=\"https:\/\/www.ccsa.ufpb.br\/atuariais\/wp-content\/uploads\/sites\/179\/sites\/387\/2025\/09\/portaria-atividades-complementares.pdf\" class=\"wp-block-file__button wp-element-button\" download aria-describedby=\"wp-block-file--media-04045c3d-da37-451b-9bfa-67d5a21d3196\">Baixar<\/a><\/div>\n\n\n\n<div class=\"wp-block-file\"><a id=\"wp-block-file--media-cd190170-c0c8-401b-aca0-8037bacb8d7f\" href=\"https:\/\/www.ccsa.ufpb.br\/atuariais\/wp-content\/uploads\/sites\/179\/sites\/387\/2025\/09\/portaria-estagio.pdf\" target=\"_blank\" rel=\"noreferrer noopener\">Portaria 03\/2022 (Novo PPC) &#8211; Revoga a Portaria CCCA n\u00ba 03\/2019 e Regulamenta o Est\u00e1gio Supervisionado do Curso de Gradua\u00e7\u00e3o em Ci\u00eancias Atuariais, do Centro de Ci\u00eancias Sociais Aplicadas, Campus I, desta Universidade e d\u00e1 outras provid\u00eancias.<br><\/a><a href=\"https:\/\/www.ccsa.ufpb.br\/atuariais\/wp-content\/uploads\/sites\/179\/sites\/387\/2025\/09\/portaria-estagio.pdf\" class=\"wp-block-file__button wp-element-button\" download aria-describedby=\"wp-block-file--media-cd190170-c0c8-401b-aca0-8037bacb8d7f\">Baixar<\/a><\/div>\n\n\n\n<div class=\"wp-block-file\"><a id=\"wp-block-file--media-4c7c5871-c340-4859-8283-95f92317b2aa\" href=\"https:\/\/www.ccsa.ufpb.br\/atuariais\/wp-content\/uploads\/sites\/179\/sites\/387\/2025\/09\/portaria-tcc.pdf\" target=\"_blank\" rel=\"noreferrer noopener\">Portaria 04\/2022 (Novo PPC) &#8211; Revoga a Portaria CCCA n\u00ba 02\/2019 e regulamenta o Trabalho de Conclus\u00e3o de Curso do Curso de Gradua\u00e7\u00e3o em Ci\u00eancias Atuariais, do Centro de Ci\u00eancias Sociais Aplicadas, Campus I, desta Universidade e d\u00e1 outras provid\u00eancias.<br><\/a><a href=\"https:\/\/www.ccsa.ufpb.br\/atuariais\/wp-content\/uploads\/sites\/179\/sites\/387\/2025\/09\/portaria-tcc.pdf\" class=\"wp-block-file__button wp-element-button\" download aria-describedby=\"wp-block-file--media-4c7c5871-c340-4859-8283-95f92317b2aa\">Baixar<\/a><\/div>\n\n\n\n<div class=\"wp-block-file\"><a id=\"wp-block-file--media-e5fcd865-5a12-413e-b8e2-6743bfd8cc50\" href=\"https:\/\/www.ccsa.ufpb.br\/atuariais\/wp-content\/uploads\/sites\/179\/sites\/387\/2025\/09\/5-portaria-de-atividades-complementares.pdf\" target=\"_blank\" rel=\"noreferrer noopener\">Portaria 01\/2013 &#8211; Regulamenta os Conte\u00fados Complementares Flex\u00edveis do Curso de Gradua\u00e7\u00e3o em Ci\u00eancias Atuariais, do Centro de Ci\u00eancias Sociais Aplicadas, Campus I, desta Universidade e d\u00e1 outras provid\u00eancias;<br><\/a><a href=\"https:\/\/www.ccsa.ufpb.br\/atuariais\/wp-content\/uploads\/sites\/179\/sites\/387\/2025\/09\/5-portaria-de-atividades-complementares.pdf\" class=\"wp-block-file__button wp-element-button\" download aria-describedby=\"wp-block-file--media-e5fcd865-5a12-413e-b8e2-6743bfd8cc50\">Baixar<\/a><\/div>\n\n\n\n<div class=\"wp-block-file\"><a id=\"wp-block-file--media-3bf98890-d372-4c6f-91d1-693a5c629ed3\" href=\"https:\/\/www.ccsa.ufpb.br\/atuariais\/wp-content\/uploads\/sites\/179\/sites\/387\/2025\/09\/3-portaria-de-estagio.pdf\" target=\"_blank\" rel=\"noreferrer noopener\">Portaria 02\/2013 &#8211; Regulamenta o Est\u00e1gio Supervisionado do Curso de Gradua\u00e7\u00e3o em Ci\u00eancias Atuariais, do Centro de Ci\u00eancias Sociais Aplicadas, Campus I, desta Universidade e d\u00e1 outras provid\u00eancias.<br><\/a><a href=\"https:\/\/www.ccsa.ufpb.br\/atuariais\/wp-content\/uploads\/sites\/179\/sites\/387\/2025\/09\/3-portaria-de-estagio.pdf\" class=\"wp-block-file__button wp-element-button\" download aria-describedby=\"wp-block-file--media-3bf98890-d372-4c6f-91d1-693a5c629ed3\">Baixar<\/a><\/div>\n\n\n\n<div class=\"wp-block-file\"><a id=\"wp-block-file--media-2cfdd270-98e9-4cdf-9f9a-f90587159eba\" href=\"https:\/\/www.ccsa.ufpb.br\/atuariais\/wp-content\/uploads\/sites\/179\/sites\/387\/2025\/09\/4-portaria-tcc.pdf\" target=\"_blank\" rel=\"noreferrer noopener\">Portaria 03\/2013 &#8211; Regulamenta o Trabalho de Conclus\u00e3o de Curso do Curso de Gradua\u00e7\u00e3o em Ci\u00eancias Atuariais, do Centro de Ci\u00eancias Sociais Aplicadas, Campus I, desta Universidade e d\u00e1 outras provid\u00eancias.<\/a><a href=\"https:\/\/www.ccsa.ufpb.br\/atuariais\/wp-content\/uploads\/sites\/179\/sites\/387\/2025\/09\/4-portaria-tcc.pdf\" class=\"wp-block-file__button wp-element-button\" download aria-describedby=\"wp-block-file--media-2cfdd270-98e9-4cdf-9f9a-f90587159eba\">Baixar<\/a><\/div>\n\n\n\n<p><\/p>\n","protected":false},"excerpt":{"rendered":"<p>Portaria 01 \/ 2025 &#8211; Revoga a Portaria CCCA no 02\/2022 e Regulamenta os Conte\u00fados [&hellip;]<\/p>\n","protected":false},"author":63,"featured_media":0,"parent":0,"menu_order":0,"comment_status":"closed","ping_status":"closed","template":"","meta":{"footnotes":""},"class_list":["post-65","page","type-page","status-publish","hentry"],"_links":{"self":[{"href":"https:\/\/www.ccsa.ufpb.br\/atuariais\/wp-json\/wp\/v2\/pages\/65","targetHints":{"allow":["GET"]}}],"collection":[{"href":"https:\/\/www.ccsa.ufpb.br\/atuariais\/wp-json\/wp\/v2\/pages"}],"about":[{"href":"https:\/\/www.ccsa.ufpb.br\/atuariais\/wp-json\/wp\/v2\/types\/page"}],"author":[{"embeddable":true,"href":"https:\/\/www.ccsa.ufpb.br\/atuariais\/wp-json\/wp\/v2\/users\/63"}],"replies":[{"embeddable":true,"href":"https:\/\/www.ccsa.ufpb.br\/atuariais\/wp-json\/wp\/v2\/comments?post=65"}],"version-history":[{"count":3,"href":"https:\/\/www.ccsa.ufpb.br\/atuariais\/wp-json\/wp\/v2\/pages\/65\/revisions"}],"predecessor-version":[{"id":387,"href":"https:\/\/www.ccsa.ufpb.br\/atuariais\/wp-json\/wp\/v2\/pages\/65\/revisions\/387"}],"wp:attachment":[{"href":"https:\/\/www.ccsa.ufpb.br\/atuariais\/wp-json\/wp\/v2\/media?parent=65"}],"curies":[{"name":"wp","href":"https:\/\/api.w.org\/{rel}","templated":true}]}}