{"id":98,"date":"2025-09-25T11:32:12","date_gmt":"2025-09-25T14:32:12","guid":{"rendered":"https:\/\/www.ccsa.ufpb.br\/atuariais1\/?page_id=98"},"modified":"2026-03-04T16:02:51","modified_gmt":"2026-03-04T19:02:51","slug":"aproveitamento-de-estudos","status":"publish","type":"page","link":"https:\/\/www.ccsa.ufpb.br\/atuariais\/aproveitamento-de-estudos\/","title":{"rendered":"Aproveitamento de Estudos"},"content":{"rendered":"\n<p class=\" \"><strong><a href=\"https:\/\/drive.ufpb.br\/s\/fqTezPLXHpko67s\">Recomenda-se fazer a leitura da\u00a0Resolu\u00e7\u00e3o do CONSEPE n\u00b029\/2020\u00a0( CAP\u00cdTULO IX &#8211; Art. 40 &#8211; 42)<strong>,\u00a0<\/strong>visando uma melhor compreens\u00e3o.<\/a><\/strong><\/p>\n\n\n\n<p><strong>&nbsp;Documentos necess\u00e1rios para abertura do processo junto \u00e0 Coordena\u00e7\u00e3o<\/strong><\/p>\n\n\n\n<p><a href=\"https:\/\/drive.ufpb.br\/s\/EAGQ5rM5YNgQNQm\"><strong>I<\/strong>&nbsp;&#8211;&nbsp;Requerimento (MODELO);&nbsp;<\/a>*<br><strong>II \u2013 Hist\u00f3rico Acad\u00eamico atualizado, no qual constem os componentes curriculares cursados com as respectivas cargas hor\u00e1rias e os resultados obtidos.<br>III \u2013 Plano de Curso dos componentes curriculares cursados.<br>IV \u2013 Ato de reconhecimento do curso.<br>V \u2013 Documento emitido por \u00f3rg\u00e3o competente do pa\u00eds de origem, que comprove a exist\u00eancia do curso de gradua\u00e7\u00e3o de institui\u00e7\u00e3o de ensino superior, quando o componente curricular for cursado no exterior.<\/strong><\/p>\n\n\n\n<p><strong>Par\u00e1grafo \u00fanico. Quando o componente curricular tiver sido cursado em institui\u00e7\u00f5es estrangeiras, \u00e9 obrigat\u00f3ria a tradu\u00e7\u00e3o para portugu\u00eas da documenta\u00e7\u00e3o solicitadas neste artigo, exceto para as l\u00ednguas espanhola, francesa e inglesa.<\/strong><\/p>\n\n\n\n<p><em>* \u00c9 necess\u00e1rio um requerimento para cada disciplina que deseja-se aproveitar, de modo a agilizar o processo de avalia\u00e7\u00e3o por parte dos Departamentos<\/em><\/p>\n\n\n\n<p><strong>Aprecia\u00e7\u00e3o do Processo<\/strong><\/p>\n\n\n\n<p class=\" \"><strong>1. Requerimento do Aluno<\/strong><\/p>\n\n\n\n<ul class=\"wp-block-list\">\n<li>O aluno solicita o <strong>aproveitamento ou dispensa de disciplina<\/strong> por meio do formul\u00e1rio apropriado, com a documenta\u00e7\u00e3o necess\u00e1ria.<br><\/li>\n<\/ul>\n\n\n\n<p class=\" \"><strong>2. An\u00e1lise da Coordena\u00e7\u00e3o do Curso<\/strong><\/p>\n\n\n\n<p class=\" \"><strong>Caso a disciplina tenha o mesmo c\u00f3digo<\/strong> ou seja considerada <strong>equivalente<\/strong>, a <strong>dispensa ser\u00e1 registrada automaticamente no SIGAA (Sistema Integrado de Gest\u00e3o de Atividades Acad\u00eamica)<\/strong>.<\/p>\n\n\n\n<ul class=\"wp-block-list\">\n<li>Se a dispensa for registrada automaticamente, o processo <strong>n\u00e3o seguir\u00e1 para an\u00e1lise do Departamento<\/strong> nem para complementa\u00e7\u00e3o de estudos, sendo diretamente implantado no sistema.<\/li>\n<\/ul>\n\n\n\n<p><strong><br>Caso contr\u00e1rio<\/strong>, a Coordena\u00e7\u00e3o do Curso:<\/p>\n\n\n\n<ul class=\"wp-block-list\">\n<li>Recebe a documenta\u00e7\u00e3o e encaminha aos <strong>Departamentos competentes<\/strong> para an\u00e1lise.<\/li>\n<\/ul>\n\n\n\n<p class=\" \"><strong>3. An\u00e1lise pelo Departamento (quando necess\u00e1rio)<\/strong><\/p>\n\n\n\n<p class=\" \">&nbsp;<strong>Departamento<\/strong>:<\/p>\n\n\n\n<ul class=\"wp-block-list\">\n<li>Recebe o pedido e tem <strong>at\u00e9 30 dias<\/strong> para analisar o requerimento.<\/li>\n\n\n\n<li>Considera os seguintes crit\u00e9rios:\n<ul class=\"wp-block-list\">\n<li><strong>Atualidade<\/strong> da disciplina cursada.<\/li>\n\n\n\n<li><strong>Compatibilidade m\u00ednima de 75%<\/strong> da carga hor\u00e1ria e do conte\u00fado da disciplina a ser aproveitada.<\/li>\n<\/ul>\n<\/li>\n\n\n\n<li>Emite uma <strong>decis\u00e3o<\/strong> (aprova\u00e7\u00e3o ou reprova\u00e7\u00e3o) sobre o pedido e devolve o processo \u00e0 Coordena\u00e7\u00e3o do Curso.<\/li>\n<\/ul>\n\n\n\n<p class=\" \"><strong>4. Retorno \u00e0 Coordena\u00e7\u00e3o do Curso (quando necess\u00e1rio)<\/strong><\/p>\n\n\n\n<p class=\" \">&nbsp; <strong>Se o aproveitamento for aprovado<\/strong>:<\/p>\n\n\n\n<ul class=\"wp-block-list\">\n<li><strong>Coordena\u00e7\u00e3o do Curso<\/strong> implanta o aproveitamento no <strong>SIGGA<\/strong>.<br><\/li>\n<\/ul>\n\n\n\n<p>&nbsp; <strong>Se o aproveitamento for parcial<\/strong> (conte\u00fado ou carga hor\u00e1ria inferior ao exigido no PPC):<\/p>\n\n\n\n<ul class=\"wp-block-list\">\n<li>O Departamento pode <strong>realizar a complementa\u00e7\u00e3o<\/strong> dos estudos, com a supervis\u00e3o de um <strong>docente designado<\/strong>.<\/li>\n\n\n\n<li>A decis\u00e3o, incluindo a proposta de complementa\u00e7\u00e3o, \u00e9 enviada de volta \u00e0 Coordena\u00e7\u00e3o do Curso <strong>dentro do mesmo per\u00edodo letivo<\/strong>.<br><\/li>\n<\/ul>\n\n\n\n<p>&nbsp; <strong>5. Complementa\u00e7\u00e3o dos Estudos (se necess\u00e1rio)<\/strong><\/p>\n\n\n\n<p class=\" \">&nbsp;<strong>Se houver complementa\u00e7\u00e3o dos estudos<\/strong>:<\/p>\n\n\n\n<ul class=\"wp-block-list\">\n<li>Ser\u00e1 aplicada uma <strong>avalia\u00e7\u00e3o<\/strong> para verificar os conte\u00fados faltantes.<\/li>\n\n\n\n<li>O aluno receber\u00e1 um <strong>conceito suficiente<\/strong> (aproveitamento da disciplina) ou <strong>conceito insuficiente<\/strong> (n\u00e3o aproveitamento da disciplina).<\/li>\n<\/ul>\n\n\n\n<p>&nbsp;<br><strong>6. Resultado Final<\/strong><\/p>\n\n\n\n<p class=\" \"><strong>A <\/strong><strong>Coordena\u00e7\u00e3o do Curso<\/strong> registra a decis\u00e3o final no SIGGA e comunica ao aluno sobre o status do aproveitamento\/dispensa da disciplina.<\/p>\n","protected":false},"excerpt":{"rendered":"<p>Recomenda-se fazer a leitura da\u00a0Resolu\u00e7\u00e3o do CONSEPE n\u00b029\/2020\u00a0( CAP\u00cdTULO IX &#8211; Art. 40 &#8211; 42),\u00a0visando [&hellip;]<\/p>\n","protected":false},"author":63,"featured_media":0,"parent":0,"menu_order":0,"comment_status":"closed","ping_status":"closed","template":"","meta":{"footnotes":""},"class_list":["post-98","page","type-page","status-publish","hentry"],"_links":{"self":[{"href":"https:\/\/www.ccsa.ufpb.br\/atuariais\/wp-json\/wp\/v2\/pages\/98","targetHints":{"allow":["GET"]}}],"collection":[{"href":"https:\/\/www.ccsa.ufpb.br\/atuariais\/wp-json\/wp\/v2\/pages"}],"about":[{"href":"https:\/\/www.ccsa.ufpb.br\/atuariais\/wp-json\/wp\/v2\/types\/page"}],"author":[{"embeddable":true,"href":"https:\/\/www.ccsa.ufpb.br\/atuariais\/wp-json\/wp\/v2\/users\/63"}],"replies":[{"embeddable":true,"href":"https:\/\/www.ccsa.ufpb.br\/atuariais\/wp-json\/wp\/v2\/comments?post=98"}],"version-history":[{"count":6,"href":"https:\/\/www.ccsa.ufpb.br\/atuariais\/wp-json\/wp\/v2\/pages\/98\/revisions"}],"predecessor-version":[{"id":441,"href":"https:\/\/www.ccsa.ufpb.br\/atuariais\/wp-json\/wp\/v2\/pages\/98\/revisions\/441"}],"wp:attachment":[{"href":"https:\/\/www.ccsa.ufpb.br\/atuariais\/wp-json\/wp\/v2\/media?parent=98"}],"curies":[{"name":"wp","href":"https:\/\/api.w.org\/{rel}","templated":true}]}}