{"id":25,"date":"2025-09-26T14:47:07","date_gmt":"2025-09-26T17:47:07","guid":{"rendered":"https:\/\/www.ccsa.ufpb.br\/bap\/?page_id=25"},"modified":"2025-10-01T14:29:06","modified_gmt":"2025-10-01T17:29:06","slug":"nucleo-docente-estruturante","status":"publish","type":"page","link":"https:\/\/www.ccsa.ufpb.br\/bap\/nucleo-docente-estruturante\/","title":{"rendered":"N\u00facleo Docente Estruturante"},"content":{"rendered":"\n<p><\/p>\n\n\n\n<div class=\"wp-block-media-text is-stacked-on-mobile\" style=\"grid-template-columns:19% auto\"><figure class=\"wp-block-media-text__media\"><img loading=\"lazy\" decoding=\"async\" width=\"768\" height=\"1024\" src=\"http:\/\/www.ccsa.ufpb.br\/bap\/wp-content\/uploads\/sites\/179\/sites\/392\/2025\/09\/Carla--768x1024.jpg\" alt=\"\" class=\"wp-image-79 size-full\" srcset=\"https:\/\/www.ccsa.ufpb.br\/bap\/wp-content\/uploads\/sites\/179\/sites\/392\/2025\/09\/Carla--768x1024.jpg 768w, https:\/\/www.ccsa.ufpb.br\/bap\/wp-content\/uploads\/sites\/179\/sites\/392\/2025\/09\/Carla--225x300.jpg 225w, https:\/\/www.ccsa.ufpb.br\/bap\/wp-content\/uploads\/sites\/179\/sites\/392\/2025\/09\/Carla--1152x1536.jpg 1152w, https:\/\/www.ccsa.ufpb.br\/bap\/wp-content\/uploads\/sites\/179\/sites\/392\/2025\/09\/Carla-.jpg 1188w\" sizes=\"auto, (max-width: 768px) 100vw, 768px\" \/><\/figure><div class=\"wp-block-media-text__content\">\n<h2 class=\"wp-block-heading\"><div class=\"linha-header\"><strong>Profa. Carla Calixto da Silva<\/strong><\/div><\/h2>\n\n\n\n<p>Coordenadora do Curso<\/p>\n<\/div><\/div>\n\n\n\n<div class=\"wp-block-media-text is-stacked-on-mobile\" style=\"grid-template-columns:19% auto\"><figure class=\"wp-block-media-text__media\"><img loading=\"lazy\" decoding=\"async\" width=\"768\" height=\"1024\" src=\"http:\/\/www.ccsa.ufpb.br\/bap\/wp-content\/uploads\/sites\/179\/sites\/392\/2025\/09\/Profa.-Juliana-1-768x1024.jpeg\" alt=\"\" class=\"wp-image-80 size-full\" srcset=\"https:\/\/www.ccsa.ufpb.br\/bap\/wp-content\/uploads\/sites\/179\/sites\/392\/2025\/09\/Profa.-Juliana-1-768x1024.jpeg 768w, https:\/\/www.ccsa.ufpb.br\/bap\/wp-content\/uploads\/sites\/179\/sites\/392\/2025\/09\/Profa.-Juliana-1-225x300.jpeg 225w, https:\/\/www.ccsa.ufpb.br\/bap\/wp-content\/uploads\/sites\/179\/sites\/392\/2025\/09\/Profa.-Juliana-1.jpeg 791w\" sizes=\"auto, (max-width: 768px) 100vw, 768px\" \/><\/figure><div class=\"wp-block-media-text__content\">\n<h2 class=\"wp-block-heading\"><div class=\"linha-header\"><strong>Profa. Juliana Fernandes Moreira<\/strong><\/div><\/h2>\n\n\n\n<p>Vice-Coordenadora do Curso<\/p>\n<\/div><\/div>\n\n\n\n<div class=\"wp-block-media-text is-stacked-on-mobile\" style=\"grid-template-columns:19% auto\"><figure class=\"wp-block-media-text__media\"><img loading=\"lazy\" decoding=\"async\" width=\"262\" height=\"349\" src=\"https:\/\/www.ccsa.ufpb.br\/bap\/wp-content\/uploads\/sites\/179\/sites\/392\/2025\/09\/Profa.-Maria-Daniella.jpg\" alt=\"\" class=\"wp-image-173 size-full\" srcset=\"https:\/\/www.ccsa.ufpb.br\/bap\/wp-content\/uploads\/sites\/179\/sites\/392\/2025\/09\/Profa.-Maria-Daniella.jpg 262w, https:\/\/www.ccsa.ufpb.br\/bap\/wp-content\/uploads\/sites\/179\/sites\/392\/2025\/09\/Profa.-Maria-Daniella-225x300.jpg 225w\" sizes=\"auto, (max-width: 262px) 100vw, 262px\" \/><\/figure><div class=\"wp-block-media-text__content\">\n<h2 class=\"wp-block-heading\"><div class=\"linha-header\"><strong>Profa.&nbsp;Maria Daniella de Oliveira Pereira&nbsp;da Silva<\/strong><\/div><\/h2>\n\n\n\n<p><strong><\/strong>Docente membro titular<\/p>\n<\/div><\/div>\n\n\n\n<div class=\"wp-block-media-text is-stacked-on-mobile\" style=\"grid-template-columns:19% auto\"><figure class=\"wp-block-media-text__media\"><img loading=\"lazy\" decoding=\"async\" width=\"94\" height=\"125\" src=\"https:\/\/www.ccsa.ufpb.br\/bap\/wp-content\/uploads\/sites\/179\/sites\/392\/2025\/09\/Prof.-Vanderson.jpg\" alt=\"\" class=\"wp-image-174 size-full\" \/><\/figure><div class=\"wp-block-media-text__content\">\n<h2 class=\"wp-block-heading\"><div class=\"linha-header\"><strong>Prof. Vanderson Gon\u00e7alves Carneiro<\/strong><\/div><\/h2>\n\n\n\n<p>Docente membro titular<\/p>\n<\/div><\/div>\n\n\n\n<div class=\"wp-block-media-text is-stacked-on-mobile\" style=\"grid-template-columns:19% auto\"><figure class=\"wp-block-media-text__media\"><img loading=\"lazy\" decoding=\"async\" width=\"94\" height=\"125\" src=\"https:\/\/www.ccsa.ufpb.br\/bap\/wp-content\/uploads\/sites\/179\/sites\/392\/2025\/09\/Prof.-Hermann.jpg\" alt=\"\" class=\"wp-image-175 size-full\" \/><\/figure><div class=\"wp-block-media-text__content\">\n<h2 class=\"wp-block-heading\"><div class=\"linha-header\"><strong>Prof.&nbsp;Hermann Atila Hrdlicka<\/strong><\/div><\/h2>\n\n\n\n<p>Docente membro titular<\/p>\n<\/div><\/div>\n\n\n\n<p><\/p>\n\n\n\n<p><a href=\"http:\/\/www.ccsa.ufpb.br\/bap\/wp-content\/uploads\/sites\/179\/sites\/392\/2025\/09\/PORTARIA_NDE_21-06-2024.pdf\" data-type=\"link\" data-id=\"http:\/\/www.ccsa.ufpb.br\/bap\/wp-content\/uploads\/sites\/179\/sites\/392\/2025\/09\/PORTARIA_NDE_21-06-2024.pdf\">PORTARIA N\u00ba 56\/2024 &#8211; DGP\/CCSA\/UFPB &#8211; Designa\u00e7\u00e3o dos membros do NDE do Bacharelado em Administra\u00e7\u00e3o P\u00fablica<\/a><\/p>\n\n\n\n<p><\/p>\n","protected":false},"excerpt":{"rendered":"<p>Profa. Carla Calixto da Silva Coordenadora do Curso Profa. Juliana Fernandes Moreira Vice-Coordenadora do Curso [&hellip;]<\/p>\n","protected":false},"author":423,"featured_media":0,"parent":0,"menu_order":0,"comment_status":"closed","ping_status":"closed","template":"","meta":{"footnotes":""},"class_list":["post-25","page","type-page","status-publish","hentry"],"_links":{"self":[{"href":"https:\/\/www.ccsa.ufpb.br\/bap\/wp-json\/wp\/v2\/pages\/25","targetHints":{"allow":["GET"]}}],"collection":[{"href":"https:\/\/www.ccsa.ufpb.br\/bap\/wp-json\/wp\/v2\/pages"}],"about":[{"href":"https:\/\/www.ccsa.ufpb.br\/bap\/wp-json\/wp\/v2\/types\/page"}],"author":[{"embeddable":true,"href":"https:\/\/www.ccsa.ufpb.br\/bap\/wp-json\/wp\/v2\/users\/423"}],"replies":[{"embeddable":true,"href":"https:\/\/www.ccsa.ufpb.br\/bap\/wp-json\/wp\/v2\/comments?post=25"}],"version-history":[{"count":4,"href":"https:\/\/www.ccsa.ufpb.br\/bap\/wp-json\/wp\/v2\/pages\/25\/revisions"}],"predecessor-version":[{"id":179,"href":"https:\/\/www.ccsa.ufpb.br\/bap\/wp-json\/wp\/v2\/pages\/25\/revisions\/179"}],"wp:attachment":[{"href":"https:\/\/www.ccsa.ufpb.br\/bap\/wp-json\/wp\/v2\/media?parent=25"}],"curies":[{"name":"wp","href":"https:\/\/api.w.org\/{rel}","templated":true}]}}

Núcleo Docente Estruturante

<p></p>



<div class="wp-block-media-text is-stacked-on-mobile" style="grid-template-columns:19% auto"><figure class="wp-block-media-text__media"><img loading="lazy" decoding="async" width="768" height="1024" src="http://www.ccsa.ufpb.br/bap/wp-content/uploads/sites/179/sites/392/2025/09/Carla--768x1024.jpg" alt="" class="wp-image-79 size-full" srcset="https://www.ccsa.ufpb.br/bap/wp-content/uploads/sites/179/sites/392/2025/09/Carla--768x1024.jpg 768w, https://www.ccsa.ufpb.br/bap/wp-content/uploads/sites/179/sites/392/2025/09/Carla--225x300.jpg 225w, https://www.ccsa.ufpb.br/bap/wp-content/uploads/sites/179/sites/392/2025/09/Carla--1152x1536.jpg 1152w, https://www.ccsa.ufpb.br/bap/wp-content/uploads/sites/179/sites/392/2025/09/Carla-.jpg 1188w" sizes="auto, (max-width: 768px) 100vw, 768px" /></figure><div class="wp-block-media-text__content">
<h2 class="wp-block-heading"><div class="linha-header"><strong>Profa. Carla Calixto da Silva</strong></div></h2>



<p>Coordenadora do Curso</p>
</div></div>



<div class="wp-block-media-text is-stacked-on-mobile" style="grid-template-columns:19% auto"><figure class="wp-block-media-text__media"><img loading="lazy" decoding="async" width="768" height="1024" src="http://www.ccsa.ufpb.br/bap/wp-content/uploads/sites/179/sites/392/2025/09/Profa.-Juliana-1-768x1024.jpeg" alt="" class="wp-image-80 size-full" srcset="https://www.ccsa.ufpb.br/bap/wp-content/uploads/sites/179/sites/392/2025/09/Profa.-Juliana-1-768x1024.jpeg 768w, https://www.ccsa.ufpb.br/bap/wp-content/uploads/sites/179/sites/392/2025/09/Profa.-Juliana-1-225x300.jpeg 225w, https://www.ccsa.ufpb.br/bap/wp-content/uploads/sites/179/sites/392/2025/09/Profa.-Juliana-1.jpeg 791w" sizes="auto, (max-width: 768px) 100vw, 768px" /></figure><div class="wp-block-media-text__content">
<h2 class="wp-block-heading"><div class="linha-header"><strong>Profa. Juliana Fernandes Moreira</strong></div></h2>



<p>Vice-Coordenadora do Curso</p>
</div></div>



<div class="wp-block-media-text is-stacked-on-mobile" style="grid-template-columns:19% auto"><figure class="wp-block-media-text__media"><img loading="lazy" decoding="async" width="262" height="349" src="https://www.ccsa.ufpb.br/bap/wp-content/uploads/sites/179/sites/392/2025/09/Profa.-Maria-Daniella.jpg" alt="" class="wp-image-173 size-full" srcset="https://www.ccsa.ufpb.br/bap/wp-content/uploads/sites/179/sites/392/2025/09/Profa.-Maria-Daniella.jpg 262w, https://www.ccsa.ufpb.br/bap/wp-content/uploads/sites/179/sites/392/2025/09/Profa.-Maria-Daniella-225x300.jpg 225w" sizes="auto, (max-width: 262px) 100vw, 262px" /></figure><div class="wp-block-media-text__content">
<h2 class="wp-block-heading"><div class="linha-header"><strong>Profa.&nbsp;Maria Daniella de Oliveira Pereira&nbsp;da Silva</strong></div></h2>



<p><strong></strong>Docente membro titular</p>
</div></div>



<div class="wp-block-media-text is-stacked-on-mobile" style="grid-template-columns:19% auto"><figure class="wp-block-media-text__media"><img loading="lazy" decoding="async" width="94" height="125" src="https://www.ccsa.ufpb.br/bap/wp-content/uploads/sites/179/sites/392/2025/09/Prof.-Vanderson.jpg" alt="" class="wp-image-174 size-full" /></figure><div class="wp-block-media-text__content">
<h2 class="wp-block-heading"><div class="linha-header"><strong>Prof. Vanderson Gonçalves Carneiro</strong></div></h2>



<p>Docente membro titular</p>
</div></div>



<div class="wp-block-media-text is-stacked-on-mobile" style="grid-template-columns:19% auto"><figure class="wp-block-media-text__media"><img loading="lazy" decoding="async" width="94" height="125" src="https://www.ccsa.ufpb.br/bap/wp-content/uploads/sites/179/sites/392/2025/09/Prof.-Hermann.jpg" alt="" class="wp-image-175 size-full" /></figure><div class="wp-block-media-text__content">
<h2 class="wp-block-heading"><div class="linha-header"><strong>Prof.&nbsp;Hermann Atila Hrdlicka</strong></div></h2>



<p>Docente membro titular</p>
</div></div>



<p></p>



<p><a href="http://www.ccsa.ufpb.br/bap/wp-content/uploads/sites/179/sites/392/2025/09/PORTARIA_NDE_21-06-2024.pdf" data-type="link" data-id="http://www.ccsa.ufpb.br/bap/wp-content/uploads/sites/179/sites/392/2025/09/PORTARIA_NDE_21-06-2024.pdf">PORTARIA Nº 56/2024 &#8211; DGP/CCSA/UFPB &#8211; Designação dos membros do NDE do Bacharelado em Administração Pública</a></p>



<p></p>
