{"id":31,"date":"2025-09-26T14:48:20","date_gmt":"2025-09-26T17:48:20","guid":{"rendered":"https:\/\/www.ccsa.ufpb.br\/bap\/?page_id=31"},"modified":"2025-11-07T10:20:03","modified_gmt":"2025-11-07T13:20:03","slug":"polos-uab","status":"publish","type":"page","link":"https:\/\/www.ccsa.ufpb.br\/bap\/polos-uab\/","title":{"rendered":"Polos UAB"},"content":{"rendered":"\n<p>Polo Municipal de Apoio Presencial consiste numa estrutura para a execu\u00e7\u00e3o descentralizada de algumas das fun\u00e7\u00f5es did\u00e1tico-pedag\u00f3gicas e administrativas do curso, no \u00e2mbito do Sistema de Universidade Aberta do Brasil. Ser\u00e1 o local onde o estudante ter\u00e1 acesso local a biblioteca, laborat\u00f3rio de inform\u00e1tica (por exemplo, para acessar os m\u00f3dulos de curso dispon\u00edveis na Internet), ter atendimento de tutores, assistir aulas, realizar pr\u00e1ticas de laborat\u00f3rios, dentre outros. Em s\u00edntese, o polo \u00e9 o \u201cbra\u00e7o operacional\u201d da institui\u00e7\u00e3o de ensino superior na cidade do estudante ou mais pr\u00f3xima dele.&nbsp;<\/p>\n\n\n\n<p>A estrutura de um polo \u00e9 composta de uma (01) sala para Secretaria Acad\u00eamica, uma (01) Sala da Coordena\u00e7\u00e3o do Polo, uma (01) sala para Tutores Presenciais, uma (01) sala de Professores e Reuni\u00f5es, uma (01) sala de Aula Presencial T\u00edpica, um (01) Laborat\u00f3rio de Inform\u00e1tica, uma (01) Sala de v\u00eddeo confer\u00eancia e biblioteca.<a href=\"http:\/\/www.uead.ufpb.br\/index.php\/polos\/\"><\/a><\/p>\n\n\n\n<p>Atualmente, o Bacharelado de Administra\u00e7\u00e3o P\u00fablica \u00e0 Distancia possui v\u00ednculo com os seguintes polos:<\/p>\n\n\n\n<h2 class=\"wp-block-heading\"><div class=\"linha-header\"><strong><a href=\"https:\/\/www.ccsa.ufpb.br\/bap\/conheca-o-polo-uab-de-conde-pb\/\" data-type=\"link\" data-id=\"https:\/\/www.ccsa.ufpb.br\/bap\/conheca-o-polo-uab-de-conde-pb\/\">Polo do Conde \/ Para\u00edba<\/a><\/strong><\/div><\/h2>\n\n\n\n<p><img loading=\"lazy\" decoding=\"async\" width=\"30\" height=\"30\" class=\"wp-image-193\" style=\"width: 30px\" src=\"http:\/\/www.ccsa.ufpb.br\/bap\/wp-content\/uploads\/sites\/179\/sites\/392\/2025\/09\/localizacao-e1759239502570.png\" alt=\"\"> <strong>Localiza\u00e7\u00e3o<\/strong>: Secretaria Municipal de Educa\u00e7\u00e3o de Conde\/PB localizada na Rodovia PB 018, Km 3,5, Centro &#8211; CEP 58322-000 <\/p>\n\n\n\n<p><img loading=\"lazy\" decoding=\"async\" width=\"30\" height=\"30\" class=\"wp-image-194\" style=\"width: 30px\" src=\"http:\/\/www.ccsa.ufpb.br\/bap\/wp-content\/uploads\/sites\/179\/sites\/392\/2025\/09\/coordenador-e1759240005730.png\" alt=\"\"> <strong>Coordenadora<\/strong>: Selda Em\u00edlio Alves de Sousa<\/p>\n\n\n\n<p><img loading=\"lazy\" decoding=\"async\" width=\"30\" height=\"30\" class=\"wp-image-198\" style=\"width: 30px\" src=\"http:\/\/www.ccsa.ufpb.br\/bap\/wp-content\/uploads\/sites\/179\/sites\/392\/2025\/09\/celular-e1759240568204.png\" alt=\"\"><strong>Telefone:<\/strong> (83) 98707-0811<\/p>\n\n\n\n<p><img loading=\"lazy\" decoding=\"async\" width=\"30\" height=\"30\" class=\"wp-image-196\" style=\"width: 30px\" src=\"http:\/\/www.ccsa.ufpb.br\/bap\/wp-content\/uploads\/sites\/179\/sites\/392\/2025\/09\/enviar-e1759240291371.png\" alt=\"\"> <strong>E-mails:<\/strong>&nbsp;<a href=\"mailto:seldaeasousa@gmail.com\">seldaeasousa@gmail.com<\/a>&nbsp;|&nbsp;<a href=\"mailto:uabpolocondepb@gmail.com\">uabpolocondepb@gmail.com<\/a><\/p>\n\n\n\n<p><img loading=\"lazy\" decoding=\"async\" width=\"30\" height=\"30\" class=\"wp-image-197\" style=\"width: 30px\" src=\"http:\/\/www.ccsa.ufpb.br\/bap\/wp-content\/uploads\/sites\/179\/sites\/392\/2025\/09\/calendario-1-e1759240459459.png\" alt=\"\"> <strong>Hor\u00e1rio de Atendimento<\/strong><br>Segunda a quinta: 12h00 \u00e0s 18h00<br>Sexta: 08h00 \u00e0s 14h00<\/p>\n\n\n\n<h2 class=\"wp-block-heading\"><div class=\"linha-header\"><strong><a href=\"https:\/\/www.ccsa.ufpb.br\/bap\/conheca-o-polo-uab-de-duas-estradas-pb\/\" data-type=\"link\" data-id=\"https:\/\/www.ccsa.ufpb.br\/bap\/conheca-o-polo-uab-de-duas-estradas-pb\/\">Polo de Duas Estradas \/ Para\u00edba<\/a><\/strong><\/div><\/h2>\n\n\n\n<p><img loading=\"lazy\" decoding=\"async\" width=\"30\" height=\"30\" class=\"wp-image-193\" style=\"width: 30px\" src=\"http:\/\/www.ccsa.ufpb.br\/bap\/wp-content\/uploads\/sites\/179\/sites\/392\/2025\/09\/localizacao-e1759239502570.png\" alt=\"\"> <strong>Localiza\u00e7\u00e3o<\/strong>: Escola Municipal de Ensino Fundamental&nbsp;Diva Lira de Carvalho localizada na Rua Presidente M\u00e9dici, 154 \u2013 Centro, Duas Estradas\/PB&nbsp;(Ao lado da quadra de esporte Francisco dos Santos)&nbsp;&#8211;&nbsp;CEP: 58.265-000<\/p>\n\n\n\n<p><img loading=\"lazy\" decoding=\"async\" width=\"30\" height=\"30\" class=\"wp-image-194\" style=\"width: 30px\" src=\"http:\/\/www.ccsa.ufpb.br\/bap\/wp-content\/uploads\/sites\/179\/sites\/392\/2025\/09\/coordenador-e1759240005730.png\" alt=\"\"><strong>Coordenadora<\/strong>: Gislaine Muniz de Lima&nbsp;<\/p>\n\n\n\n<p><img loading=\"lazy\" decoding=\"async\" width=\"30\" height=\"30\" class=\"wp-image-198\" style=\"width: 30px\" src=\"http:\/\/www.ccsa.ufpb.br\/bap\/wp-content\/uploads\/sites\/179\/sites\/392\/2025\/09\/celular-e1759240568204.png\" alt=\"\"><strong>Telefone:<\/strong> (83)&nbsp;99374-9678<\/p>\n\n\n\n<p><img loading=\"lazy\" decoding=\"async\" width=\"30\" height=\"30\" class=\"wp-image-196\" style=\"width: 30px\" src=\"http:\/\/www.ccsa.ufpb.br\/bap\/wp-content\/uploads\/sites\/179\/sites\/392\/2025\/09\/enviar-e1759240291371.png\" alt=\"\"> <strong>E-mail:<\/strong> <a href=\"mailto:gmunizdelima@gmail.com\">gmunizdelima@gmail.com<\/a><\/p>\n\n\n\n<p><img loading=\"lazy\" decoding=\"async\" width=\"30\" height=\"30\" class=\"wp-image-197\" style=\"width: 30px\" src=\"http:\/\/www.ccsa.ufpb.br\/bap\/wp-content\/uploads\/sites\/179\/sites\/392\/2025\/09\/calendario-1-e1759240459459.png\" alt=\"\"> <strong>Hor\u00e1rio de Atendimento<\/strong><\/p>\n\n\n\n<p>Segunda a sexta: 07h00 \u00e0s 11h00&nbsp;<\/p>\n\n\n\n<h2 class=\"wp-block-heading\"><div class=\"linha-header\"><strong><a href=\"https:\/\/www.ccsa.ufpb.br\/bap\/conheca-o-polo-uab-de-joao-pessoa-pb\/\" data-type=\"link\" data-id=\"https:\/\/www.ccsa.ufpb.br\/bap\/conheca-o-polo-uab-de-joao-pessoa-pb\/\">Polo de Jo\u00e3o Pessoa \/ Para\u00edba<\/a><\/strong><\/div><\/h2>\n\n\n\n<p><img loading=\"lazy\" decoding=\"async\" width=\"30\" height=\"30\" class=\"wp-image-193\" style=\"width: 30px\" src=\"http:\/\/www.ccsa.ufpb.br\/bap\/wp-content\/uploads\/sites\/179\/sites\/392\/2025\/09\/localizacao-e1759239502570.png\" alt=\"\"> <strong>Localiza\u00e7\u00e3o<\/strong>: CECAPRO &#8211; Centro de Capacita\u00e7\u00e3o de Professores em Jo\u00e3o Pessoa localizado na Av. Ministro Jos\u00e9 Am\u00e9rico de Almeida, 2727 (Beira Rio), Jo\u00e3o Pessoa\/PB &#8211; CEP.&nbsp; 58.040-302.<\/p>\n\n\n\n<p><img loading=\"lazy\" decoding=\"async\" width=\"30\" height=\"30\" class=\"wp-image-194\" style=\"width: 30px\" src=\"http:\/\/www.ccsa.ufpb.br\/bap\/wp-content\/uploads\/sites\/179\/sites\/392\/2025\/09\/coordenador-e1759240005730.png\" alt=\"\"> <strong>Coordenadora<\/strong>: Profa. Cristiane Sousa de Assis&nbsp;<\/p>\n\n\n\n<p><img loading=\"lazy\" decoding=\"async\" width=\"30\" height=\"30\" class=\"wp-image-198\" style=\"width: 30px\" src=\"http:\/\/www.ccsa.ufpb.br\/bap\/wp-content\/uploads\/sites\/179\/sites\/392\/2025\/09\/celular-e1759240568204.png\" alt=\"\"><strong>Telefone:<\/strong> (83) 99843-6154 (Whatsapp)<\/p>\n\n\n\n<p><img loading=\"lazy\" decoding=\"async\" width=\"30\" height=\"30\" class=\"wp-image-196\" style=\"width: 30px\" src=\"http:\/\/www.ccsa.ufpb.br\/bap\/wp-content\/uploads\/sites\/179\/sites\/392\/2025\/09\/enviar-e1759240291371.png\" alt=\"\"> <strong>E-mail:<\/strong> <a href=\"mailto:uabjoaopessoa@educa.joaopessoa.pb.gov.br\">uabjoaopessoa@educa.joaopessoa.pb.gov.br<\/a>&nbsp;<\/p>\n\n\n\n<p><img loading=\"lazy\" decoding=\"async\" width=\"30\" height=\"30\" class=\"wp-image-197\" style=\"width: 30px\" src=\"http:\/\/www.ccsa.ufpb.br\/bap\/wp-content\/uploads\/sites\/179\/sites\/392\/2025\/09\/calendario-1-e1759240459459.png\" alt=\"\"> <strong>Hor\u00e1rio de Atendimento<\/strong><\/p>\n\n\n\n<p>Segunda a sexta: 08h00 \u00e0s 17h00<\/p>\n\n\n\n<h2 class=\"wp-block-heading\"><div class=\"linha-header\"><strong><a href=\"https:\/\/www.ccsa.ufpb.br\/bap\/conheca-o-polo-uab-de-taperoa-pb\/\">Polo de Tapero\u00e1 \/ Para\u00edba<\/a><\/strong><\/div><\/h2>\n\n\n\n<p><img loading=\"lazy\" decoding=\"async\" width=\"30\" height=\"30\" class=\"wp-image-193\" style=\"width: 30px\" src=\"http:\/\/www.ccsa.ufpb.br\/bap\/wp-content\/uploads\/sites\/179\/sites\/392\/2025\/09\/localizacao-e1759239502570.png\" alt=\"\"> <strong>Localiza\u00e7\u00e3o<\/strong>: Polo de Apoio Presencial UAB Monsenhor Manoel Vieira localizado na Rua Cel. Dorgival Vilar Filho, n\u00ba 187, Alto da Concei\u00e7\u00e3o, Tapero\u00e1\/PB&nbsp;&#8211; CEP: 58.680-000<\/p>\n\n\n\n<p><img loading=\"lazy\" decoding=\"async\" width=\"30\" height=\"30\" class=\"wp-image-205\" style=\"width: 30px\" src=\"http:\/\/www.ccsa.ufpb.br\/bap\/wp-content\/uploads\/sites\/179\/sites\/392\/2025\/09\/coordenador-1-e1759241976245.png\" alt=\"\"> <strong>Coordenador<\/strong>: Vamberto Fl\u00e1vio Teofilo de Oliveira<\/p>\n\n\n\n<p><img loading=\"lazy\" decoding=\"async\" width=\"30\" height=\"30\" class=\"wp-image-198\" style=\"width: 30px\" src=\"http:\/\/www.ccsa.ufpb.br\/bap\/wp-content\/uploads\/sites\/179\/sites\/392\/2025\/09\/celular-e1759240568204.png\" alt=\"\"><strong>Telefone:<\/strong> &nbsp;(83) 9 9971-8143<\/p>\n\n\n\n<p><img loading=\"lazy\" decoding=\"async\" width=\"30\" height=\"30\" class=\"wp-image-196\" style=\"width: 30px\" src=\"http:\/\/www.ccsa.ufpb.br\/bap\/wp-content\/uploads\/sites\/179\/sites\/392\/2025\/09\/enviar-e1759240291371.png\" alt=\"\"> <strong>E-mails:<\/strong> <a href=\"mailto:vambertoflavio@yahoo.com.br\">vambertoflavio@yahoo.com.br<\/a> \/ <a href=\"mailto:uabtaperoapb@yahoo.com.br\">uabtaperoapb@yahoo.com.br<\/a><\/p>\n\n\n\n<p><img loading=\"lazy\" decoding=\"async\" width=\"30\" height=\"30\" class=\"wp-image-197\" style=\"width: 30px\" src=\"http:\/\/www.ccsa.ufpb.br\/bap\/wp-content\/uploads\/sites\/179\/sites\/392\/2025\/09\/calendario-1-e1759240459459.png\" alt=\"\"> <strong>Hor\u00e1rio de Atendimento<\/strong><\/p>\n\n\n\n<p>Segunda \u00e0 sexta: 08h00 \u00e0s 12h00 \/ 13h00 \u00e0s 17h00<\/p>\n\n\n\n<h2 class=\"wp-block-heading\"><div class=\"linha-header\"><strong><a href=\"https:\/\/www.ccsa.ufpb.br\/bap\/conheca-o-polo-uab-de-pombal-pb\/\" data-type=\"link\" data-id=\"https:\/\/www.ccsa.ufpb.br\/bap\/conheca-o-polo-uab-de-pombal-pb\/\">Polo de Pombal \/ Para\u00edba<\/a><\/strong><\/div><\/h2>\n\n\n\n<p><img loading=\"lazy\" decoding=\"async\" width=\"30\" height=\"30\" class=\"wp-image-193\" style=\"width: 30px\" src=\"http:\/\/www.ccsa.ufpb.br\/bap\/wp-content\/uploads\/sites\/179\/sites\/392\/2025\/09\/localizacao-e1759239502570.png\" alt=\"\"> <strong>Localiza\u00e7\u00e3o<\/strong>: Polo de Apoio Presencial Jairo Vieira Feitosa localizado na&nbsp;Rua Manoel Pires de Sousa, S\/N, Centro, Pombal\/PB \u2013&nbsp;CEP: 58.840-000&nbsp;<\/p>\n\n\n\n<p><img loading=\"lazy\" decoding=\"async\" width=\"30\" height=\"30\" class=\"wp-image-194\" style=\"width: 30px\" src=\"http:\/\/www.ccsa.ufpb.br\/bap\/wp-content\/uploads\/sites\/179\/sites\/392\/2025\/09\/coordenador-e1759240005730.png\" alt=\"\"> <strong>Coordenadora<\/strong>: Erisl\u00e2ndia Rejane de S\u00e1 Melo<\/p>\n\n\n\n<p><img loading=\"lazy\" decoding=\"async\" width=\"30\" height=\"30\" class=\"wp-image-198\" style=\"width: 30px\" src=\"http:\/\/www.ccsa.ufpb.br\/bap\/wp-content\/uploads\/sites\/179\/sites\/392\/2025\/09\/celular-e1759240568204.png\" alt=\"\"><strong>Telefone:<\/strong> (83) 3431-2220&nbsp;\/&nbsp;(83)&nbsp;99937-2114<\/p>\n\n\n\n<p><img loading=\"lazy\" decoding=\"async\" width=\"30\" height=\"30\" class=\"wp-image-196\" style=\"width: 30px\" src=\"http:\/\/www.ccsa.ufpb.br\/bap\/wp-content\/uploads\/sites\/179\/sites\/392\/2025\/09\/enviar-e1759240291371.png\" alt=\"\"> <strong>E-mails:<\/strong> <a href=\"mailto:polouabpombal@gmail.com\">polouabpombal@gmail.com<\/a><\/p>\n\n\n\n<p><img loading=\"lazy\" decoding=\"async\" width=\"30\" height=\"30\" class=\"wp-image-197\" style=\"width: 30px\" src=\"http:\/\/www.ccsa.ufpb.br\/bap\/wp-content\/uploads\/sites\/179\/sites\/392\/2025\/09\/calendario-1-e1759240459459.png\" alt=\"\"> <strong>Hor\u00e1rio de Atendimento<\/strong><\/p>\n\n\n\n<p>Segunda \u00e0 Sexta: 07h00 as 11h00 e 13h00 as 17h00<\/p>\n\n\n\n<p><\/p>\n","protected":false},"excerpt":{"rendered":"<p>Polo Municipal de Apoio Presencial consiste numa estrutura para a execu\u00e7\u00e3o descentralizada de algumas das [&hellip;]<\/p>\n","protected":false},"author":423,"featured_media":0,"parent":0,"menu_order":0,"comment_status":"closed","ping_status":"closed","template":"","meta":{"footnotes":""},"class_list":["post-31","page","type-page","status-publish","hentry"],"_links":{"self":[{"href":"https:\/\/www.ccsa.ufpb.br\/bap\/wp-json\/wp\/v2\/pages\/31","targetHints":{"allow":["GET"]}}],"collection":[{"href":"https:\/\/www.ccsa.ufpb.br\/bap\/wp-json\/wp\/v2\/pages"}],"about":[{"href":"https:\/\/www.ccsa.ufpb.br\/bap\/wp-json\/wp\/v2\/types\/page"}],"author":[{"embeddable":true,"href":"https:\/\/www.ccsa.ufpb.br\/bap\/wp-json\/wp\/v2\/users\/423"}],"replies":[{"embeddable":true,"href":"https:\/\/www.ccsa.ufpb.br\/bap\/wp-json\/wp\/v2\/comments?post=31"}],"version-history":[{"count":12,"href":"https:\/\/www.ccsa.ufpb.br\/bap\/wp-json\/wp\/v2\/pages\/31\/revisions"}],"predecessor-version":[{"id":500,"href":"https:\/\/www.ccsa.ufpb.br\/bap\/wp-json\/wp\/v2\/pages\/31\/revisions\/500"}],"wp:attachment":[{"href":"https:\/\/www.ccsa.ufpb.br\/bap\/wp-json\/wp\/v2\/media?parent=31"}],"curies":[{"name":"wp","href":"https:\/\/api.w.org\/{rel}","templated":true}]}}