{"id":479,"date":"2025-05-29T14:44:00","date_gmt":"2025-05-29T17:44:00","guid":{"rendered":"https:\/\/www.ccsa.ufpb.br\/bap\/?page_id=479"},"modified":"2025-11-07T10:22:50","modified_gmt":"2025-11-07T13:22:50","slug":"conheca-o-polo-uab-de-joao-pessoa-pb","status":"publish","type":"page","link":"https:\/\/www.ccsa.ufpb.br\/bap\/conheca-o-polo-uab-de-joao-pessoa-pb\/","title":{"rendered":"Conhe\u00e7a o Polo UAB de Jo\u00e3o Pessoa &#8211; PB"},"content":{"rendered":"\n<figure class=\"wp-block-image size-full\"><img loading=\"lazy\" decoding=\"async\" width=\"694\" height=\"407\" src=\"http:\/\/www.ccsa.ufpb.br\/bap\/wp-content\/uploads\/sites\/179\/sites\/392\/2025\/11\/Frente-do-Polo-2.jpeg\" alt=\"\" class=\"wp-image-480\" srcset=\"https:\/\/www.ccsa.ufpb.br\/bap\/wp-content\/uploads\/sites\/179\/sites\/392\/2025\/11\/Frente-do-Polo-2.jpeg 694w, https:\/\/www.ccsa.ufpb.br\/bap\/wp-content\/uploads\/sites\/179\/sites\/392\/2025\/11\/Frente-do-Polo-2-300x176.jpeg 300w\" sizes=\"auto, (max-width: 694px) 100vw, 694px\" \/><figcaption class=\"wp-element-caption\"><strong>Entrada do Polo UAB de Jo\u00e3o Pessoa<\/strong><\/figcaption><\/figure>\n\n\n\n<p>O Polo UAB de Jo\u00e3o Pessoa \u00e9 um espa\u00e7o dedicado ao ensino a dist\u00e2ncia do nosso curso de Administra\u00e7\u00e3o P\u00fablica. Localizado no CECAPRO &#8211; Centro de Capacita\u00e7\u00e3o de Professores, na Av. Ministro Jos\u00e9 Am\u00e9rico de Almeida, 2727 (Beira Rio), CEP 58.040-302, em Jo\u00e3o Pessoa\/PB, o polo oferece um ambiente acolhedor e bem equipado para nossos estudantes.&nbsp;<\/p>\n\n\n<div class=\"wp-block-image\">\n<figure class=\"aligncenter size-large\"><img loading=\"lazy\" decoding=\"async\" width=\"1024\" height=\"461\" src=\"http:\/\/www.ccsa.ufpb.br\/bap\/wp-content\/uploads\/sites\/179\/sites\/392\/2025\/11\/Auditorio1-1024x461.jpeg\" alt=\"\" class=\"wp-image-481\" srcset=\"https:\/\/www.ccsa.ufpb.br\/bap\/wp-content\/uploads\/sites\/179\/sites\/392\/2025\/11\/Auditorio1-1024x461.jpeg 1024w, https:\/\/www.ccsa.ufpb.br\/bap\/wp-content\/uploads\/sites\/179\/sites\/392\/2025\/11\/Auditorio1-300x135.jpeg 300w, https:\/\/www.ccsa.ufpb.br\/bap\/wp-content\/uploads\/sites\/179\/sites\/392\/2025\/11\/Auditorio1-768x346.jpeg 768w, https:\/\/www.ccsa.ufpb.br\/bap\/wp-content\/uploads\/sites\/179\/sites\/392\/2025\/11\/Auditorio1-1536x691.jpeg 1536w, https:\/\/www.ccsa.ufpb.br\/bap\/wp-content\/uploads\/sites\/179\/sites\/392\/2025\/11\/Auditorio1.jpeg 1600w\" sizes=\"auto, (max-width: 1024px) 100vw, 1024px\" \/><figcaption class=\"wp-element-caption\"><strong>Audit\u00f3rio &#8211; Polo de Jo\u00e3o Pessoa<\/strong><\/figcaption><\/figure>\n<\/div>\n\n\n<p>O Polo atende atualmente 7 cursos de gradua\u00e7\u00e3o e 6 cursos de especializa\u00e7\u00f5es em EAD, dispondo de 25 Chromebooks, 4 notebooks, 5 computadores desktop e uma impressora para uso dos alunos. A internet \u00e9 considerada de boa qualidade, garantindo acesso \u00e0s plataformas de estudo e atividades online.&nbsp;<\/p>\n\n\n<div class=\"wp-block-image\">\n<figure class=\"aligncenter size-large\"><img loading=\"lazy\" decoding=\"async\" width=\"1024\" height=\"461\" src=\"https:\/\/www.ccsa.ufpb.br\/bap\/wp-content\/uploads\/sites\/179\/sites\/392\/2025\/11\/Informatica1-1024x461.jpeg\" alt=\"\" class=\"wp-image-482\" srcset=\"https:\/\/www.ccsa.ufpb.br\/bap\/wp-content\/uploads\/sites\/179\/sites\/392\/2025\/11\/Informatica1-1024x461.jpeg 1024w, https:\/\/www.ccsa.ufpb.br\/bap\/wp-content\/uploads\/sites\/179\/sites\/392\/2025\/11\/Informatica1-300x135.jpeg 300w, https:\/\/www.ccsa.ufpb.br\/bap\/wp-content\/uploads\/sites\/179\/sites\/392\/2025\/11\/Informatica1-768x346.jpeg 768w, https:\/\/www.ccsa.ufpb.br\/bap\/wp-content\/uploads\/sites\/179\/sites\/392\/2025\/11\/Informatica1-1536x691.jpeg 1536w, https:\/\/www.ccsa.ufpb.br\/bap\/wp-content\/uploads\/sites\/179\/sites\/392\/2025\/11\/Informatica1.jpeg 1600w\" sizes=\"auto, (max-width: 1024px) 100vw, 1024px\" \/><figcaption class=\"wp-element-caption\"><strong>Laborat\u00f3rio de Inform\u00e1tica &#8211; Polo de Jo\u00e3o Pessoa<\/strong><\/figcaption><\/figure>\n<\/div>\n\n\n<p>O espa\u00e7o da sala de inform\u00e1tica \u00e9 amplo, com mesas e cadeiras em bom estado, al\u00e9m de contar com tr\u00eas salas de aula, sala de reuni\u00e3o, sala de computadores, secretaria, copa, biblioteca, audit\u00f3rio e outros ambientes compartilhados com setores da prefeitura, proporcionando um ambiente confort\u00e1vel e funcional.<\/p>\n\n\n<div class=\"wp-block-image\">\n<figure class=\"aligncenter size-large\"><img loading=\"lazy\" decoding=\"async\" width=\"1024\" height=\"461\" src=\"https:\/\/www.ccsa.ufpb.br\/bap\/wp-content\/uploads\/sites\/179\/sites\/392\/2025\/11\/Sala-de-Aula1-1024x461.jpeg\" alt=\"\" class=\"wp-image-483\" srcset=\"https:\/\/www.ccsa.ufpb.br\/bap\/wp-content\/uploads\/sites\/179\/sites\/392\/2025\/11\/Sala-de-Aula1-1024x461.jpeg 1024w, https:\/\/www.ccsa.ufpb.br\/bap\/wp-content\/uploads\/sites\/179\/sites\/392\/2025\/11\/Sala-de-Aula1-300x135.jpeg 300w, https:\/\/www.ccsa.ufpb.br\/bap\/wp-content\/uploads\/sites\/179\/sites\/392\/2025\/11\/Sala-de-Aula1-768x346.jpeg 768w, https:\/\/www.ccsa.ufpb.br\/bap\/wp-content\/uploads\/sites\/179\/sites\/392\/2025\/11\/Sala-de-Aula1-1536x691.jpeg 1536w, https:\/\/www.ccsa.ufpb.br\/bap\/wp-content\/uploads\/sites\/179\/sites\/392\/2025\/11\/Sala-de-Aula1.jpeg 1600w\" sizes=\"auto, (max-width: 1024px) 100vw, 1024px\" \/><figcaption class=\"wp-element-caption\"><strong>Sala de Aula &#8211; Polo de Jo\u00e3o Pessoa<\/strong><\/figcaption><\/figure>\n<\/div>\n\n\n<p>A equipe do Polo \u00e9 composta pela coordenadora Profa. Cristiane Sousa de Assis e pela assistente de apoio acad\u00eamico Edilene Dias Santos. As provas presenciais ocorrem semestralmente em dois s\u00e1bados seguidos, al\u00e9m de um s\u00e1bado dedicado \u00e0 reposi\u00e7\u00e3o de provas, garantindo a organiza\u00e7\u00e3o e o acompanhamento das avalia\u00e7\u00f5es.&nbsp;Para contato, voc\u00ea pode ligar para o telefone\/whatsapp&nbsp;(83) 99843-6154 ou enviar um e-mail para uabjoaopessoa@educa.joaopessoa.pb.gov.br. Estamos sempre \u00e0 disposi\u00e7\u00e3o para esclarecer d\u00favidas, receber sugest\u00f5es e melhorar a experi\u00eancia de todos.<\/p>\n\n\n<div class=\"wp-block-image\">\n<figure class=\"aligncenter size-large\"><img loading=\"lazy\" decoding=\"async\" width=\"1024\" height=\"461\" src=\"https:\/\/www.ccsa.ufpb.br\/bap\/wp-content\/uploads\/sites\/179\/sites\/392\/2025\/11\/Biblioteca2-1024x461.jpeg\" alt=\"\" class=\"wp-image-484\" srcset=\"https:\/\/www.ccsa.ufpb.br\/bap\/wp-content\/uploads\/sites\/179\/sites\/392\/2025\/11\/Biblioteca2-1024x461.jpeg 1024w, https:\/\/www.ccsa.ufpb.br\/bap\/wp-content\/uploads\/sites\/179\/sites\/392\/2025\/11\/Biblioteca2-300x135.jpeg 300w, https:\/\/www.ccsa.ufpb.br\/bap\/wp-content\/uploads\/sites\/179\/sites\/392\/2025\/11\/Biblioteca2-768x346.jpeg 768w, https:\/\/www.ccsa.ufpb.br\/bap\/wp-content\/uploads\/sites\/179\/sites\/392\/2025\/11\/Biblioteca2-1536x691.jpeg 1536w, https:\/\/www.ccsa.ufpb.br\/bap\/wp-content\/uploads\/sites\/179\/sites\/392\/2025\/11\/Biblioteca2.jpeg 1600w\" sizes=\"auto, (max-width: 1024px) 100vw, 1024px\" \/><figcaption class=\"wp-element-caption\"><strong>Biblioteca &#8211; Polo de Jo\u00e3o Pessoa<\/strong><\/figcaption><\/figure>\n<\/div>\n\n\n<p>O funcionamento do polo \u00e9 de segunda a sexta-feira, das 08h \u00e0s 17h.&nbsp;Acreditamos que a presen\u00e7a e o engajamento dos discentes no Polo s\u00e3o essenciais para o sucesso do nosso curso. Venha nos visitar e fazer parte dessa comunidade de aprendizagem!<\/p>\n","protected":false},"excerpt":{"rendered":"<p>O Polo UAB de Jo\u00e3o Pessoa \u00e9 um espa\u00e7o dedicado ao ensino a dist\u00e2ncia do [&hellip;]<\/p>\n","protected":false},"author":423,"featured_media":0,"parent":0,"menu_order":0,"comment_status":"closed","ping_status":"closed","template":"","meta":{"footnotes":""},"class_list":["post-479","page","type-page","status-publish","hentry"],"_links":{"self":[{"href":"https:\/\/www.ccsa.ufpb.br\/bap\/wp-json\/wp\/v2\/pages\/479","targetHints":{"allow":["GET"]}}],"collection":[{"href":"https:\/\/www.ccsa.ufpb.br\/bap\/wp-json\/wp\/v2\/pages"}],"about":[{"href":"https:\/\/www.ccsa.ufpb.br\/bap\/wp-json\/wp\/v2\/types\/page"}],"author":[{"embeddable":true,"href":"https:\/\/www.ccsa.ufpb.br\/bap\/wp-json\/wp\/v2\/users\/423"}],"replies":[{"embeddable":true,"href":"https:\/\/www.ccsa.ufpb.br\/bap\/wp-json\/wp\/v2\/comments?post=479"}],"version-history":[{"count":2,"href":"https:\/\/www.ccsa.ufpb.br\/bap\/wp-json\/wp\/v2\/pages\/479\/revisions"}],"predecessor-version":[{"id":502,"href":"https:\/\/www.ccsa.ufpb.br\/bap\/wp-json\/wp\/v2\/pages\/479\/revisions\/502"}],"wp:attachment":[{"href":"https:\/\/www.ccsa.ufpb.br\/bap\/wp-json\/wp\/v2\/media?parent=479"}],"curies":[{"name":"wp","href":"https:\/\/api.w.org\/{rel}","templated":true}]}}

Conheça o Polo UAB de João Pessoa &#8211; PB

<figure class="wp-block-image size-full"><img loading="lazy" decoding="async" width="694" height="407" src="http://www.ccsa.ufpb.br/bap/wp-content/uploads/sites/179/sites/392/2025/11/Frente-do-Polo-2.jpeg" alt="" class="wp-image-480" srcset="https://www.ccsa.ufpb.br/bap/wp-content/uploads/sites/179/sites/392/2025/11/Frente-do-Polo-2.jpeg 694w, https://www.ccsa.ufpb.br/bap/wp-content/uploads/sites/179/sites/392/2025/11/Frente-do-Polo-2-300x176.jpeg 300w" sizes="auto, (max-width: 694px) 100vw, 694px" /><figcaption class="wp-element-caption"><strong>Entrada do Polo UAB de João Pessoa</strong></figcaption></figure>



<p>O Polo UAB de João Pessoa é um espaço dedicado ao ensino a distância do nosso curso de Administração Pública. Localizado no CECAPRO &#8211; Centro de Capacitação de Professores, na Av. Ministro José Américo de Almeida, 2727 (Beira Rio), CEP 58.040-302, em João Pessoa/PB, o polo oferece um ambiente acolhedor e bem equipado para nossos estudantes.&nbsp;</p>


<div class="wp-block-image">
<figure class="aligncenter size-large"><img loading="lazy" decoding="async" width="1024" height="461" src="http://www.ccsa.ufpb.br/bap/wp-content/uploads/sites/179/sites/392/2025/11/Auditorio1-1024x461.jpeg" alt="" class="wp-image-481" srcset="https://www.ccsa.ufpb.br/bap/wp-content/uploads/sites/179/sites/392/2025/11/Auditorio1-1024x461.jpeg 1024w, https://www.ccsa.ufpb.br/bap/wp-content/uploads/sites/179/sites/392/2025/11/Auditorio1-300x135.jpeg 300w, https://www.ccsa.ufpb.br/bap/wp-content/uploads/sites/179/sites/392/2025/11/Auditorio1-768x346.jpeg 768w, https://www.ccsa.ufpb.br/bap/wp-content/uploads/sites/179/sites/392/2025/11/Auditorio1-1536x691.jpeg 1536w, https://www.ccsa.ufpb.br/bap/wp-content/uploads/sites/179/sites/392/2025/11/Auditorio1.jpeg 1600w" sizes="auto, (max-width: 1024px) 100vw, 1024px" /><figcaption class="wp-element-caption"><strong>Auditório &#8211; Polo de João Pessoa</strong></figcaption></figure>
</div>


<p>O Polo atende atualmente 7 cursos de graduação e 6 cursos de especializações em EAD, dispondo de 25 Chromebooks, 4 notebooks, 5 computadores desktop e uma impressora para uso dos alunos. A internet é considerada de boa qualidade, garantindo acesso às plataformas de estudo e atividades online.&nbsp;</p>


<div class="wp-block-image">
<figure class="aligncenter size-large"><img loading="lazy" decoding="async" width="1024" height="461" src="https://www.ccsa.ufpb.br/bap/wp-content/uploads/sites/179/sites/392/2025/11/Informatica1-1024x461.jpeg" alt="" class="wp-image-482" srcset="https://www.ccsa.ufpb.br/bap/wp-content/uploads/sites/179/sites/392/2025/11/Informatica1-1024x461.jpeg 1024w, https://www.ccsa.ufpb.br/bap/wp-content/uploads/sites/179/sites/392/2025/11/Informatica1-300x135.jpeg 300w, https://www.ccsa.ufpb.br/bap/wp-content/uploads/sites/179/sites/392/2025/11/Informatica1-768x346.jpeg 768w, https://www.ccsa.ufpb.br/bap/wp-content/uploads/sites/179/sites/392/2025/11/Informatica1-1536x691.jpeg 1536w, https://www.ccsa.ufpb.br/bap/wp-content/uploads/sites/179/sites/392/2025/11/Informatica1.jpeg 1600w" sizes="auto, (max-width: 1024px) 100vw, 1024px" /><figcaption class="wp-element-caption"><strong>Laboratório de Informática &#8211; Polo de João Pessoa</strong></figcaption></figure>
</div>


<p>O espaço da sala de informática é amplo, com mesas e cadeiras em bom estado, além de contar com três salas de aula, sala de reunião, sala de computadores, secretaria, copa, biblioteca, auditório e outros ambientes compartilhados com setores da prefeitura, proporcionando um ambiente confortável e funcional.</p>


<div class="wp-block-image">
<figure class="aligncenter size-large"><img loading="lazy" decoding="async" width="1024" height="461" src="https://www.ccsa.ufpb.br/bap/wp-content/uploads/sites/179/sites/392/2025/11/Sala-de-Aula1-1024x461.jpeg" alt="" class="wp-image-483" srcset="https://www.ccsa.ufpb.br/bap/wp-content/uploads/sites/179/sites/392/2025/11/Sala-de-Aula1-1024x461.jpeg 1024w, https://www.ccsa.ufpb.br/bap/wp-content/uploads/sites/179/sites/392/2025/11/Sala-de-Aula1-300x135.jpeg 300w, https://www.ccsa.ufpb.br/bap/wp-content/uploads/sites/179/sites/392/2025/11/Sala-de-Aula1-768x346.jpeg 768w, https://www.ccsa.ufpb.br/bap/wp-content/uploads/sites/179/sites/392/2025/11/Sala-de-Aula1-1536x691.jpeg 1536w, https://www.ccsa.ufpb.br/bap/wp-content/uploads/sites/179/sites/392/2025/11/Sala-de-Aula1.jpeg 1600w" sizes="auto, (max-width: 1024px) 100vw, 1024px" /><figcaption class="wp-element-caption"><strong>Sala de Aula &#8211; Polo de João Pessoa</strong></figcaption></figure>
</div>


<p>A equipe do Polo é composta pela coordenadora Profa. Cristiane Sousa de Assis e pela assistente de apoio acadêmico Edilene Dias Santos. As provas presenciais ocorrem semestralmente em dois sábados seguidos, além de um sábado dedicado à reposição de provas, garantindo a organização e o acompanhamento das avaliações.&nbsp;Para contato, você pode ligar para o telefone/whatsapp&nbsp;(83) 99843-6154 ou enviar um e-mail para uabjoaopessoa@educa.joaopessoa.pb.gov.br. Estamos sempre à disposição para esclarecer dúvidas, receber sugestões e melhorar a experiência de todos.</p>


<div class="wp-block-image">
<figure class="aligncenter size-large"><img loading="lazy" decoding="async" width="1024" height="461" src="https://www.ccsa.ufpb.br/bap/wp-content/uploads/sites/179/sites/392/2025/11/Biblioteca2-1024x461.jpeg" alt="" class="wp-image-484" srcset="https://www.ccsa.ufpb.br/bap/wp-content/uploads/sites/179/sites/392/2025/11/Biblioteca2-1024x461.jpeg 1024w, https://www.ccsa.ufpb.br/bap/wp-content/uploads/sites/179/sites/392/2025/11/Biblioteca2-300x135.jpeg 300w, https://www.ccsa.ufpb.br/bap/wp-content/uploads/sites/179/sites/392/2025/11/Biblioteca2-768x346.jpeg 768w, https://www.ccsa.ufpb.br/bap/wp-content/uploads/sites/179/sites/392/2025/11/Biblioteca2-1536x691.jpeg 1536w, https://www.ccsa.ufpb.br/bap/wp-content/uploads/sites/179/sites/392/2025/11/Biblioteca2.jpeg 1600w" sizes="auto, (max-width: 1024px) 100vw, 1024px" /><figcaption class="wp-element-caption"><strong>Biblioteca &#8211; Polo de João Pessoa</strong></figcaption></figure>
</div>


<p>O funcionamento do polo é de segunda a sexta-feira, das 08h às 17h.&nbsp;Acreditamos que a presença e o engajamento dos discentes no Polo são essenciais para o sucesso do nosso curso. Venha nos visitar e fazer parte dessa comunidade de aprendizagem!</p>

<p>O Polo UAB de João Pessoa é um espaço dedicado ao ensino a distância do [&hellip;]</p>
