{"id":286,"date":"2026-04-27T14:00:52","date_gmt":"2026-04-27T17:00:52","guid":{"rendered":"https:\/\/www.ccsa.ufpb.br\/biblioteconomia\/?page_id=286"},"modified":"2026-04-28T10:25:36","modified_gmt":"2026-04-28T13:25:36","slug":"ppc","status":"publish","type":"page","link":"https:\/\/www.ccsa.ufpb.br\/biblioteconomia\/ppc\/","title":{"rendered":"PPC"},"content":{"rendered":"\n<p>O Curso de Biblioteconomia da Universidade Federal da Para\u00edba (UFPB) foi criado em 06 de janeiro de 1969, e est\u00e1 vinculado ao Departamento de Ci\u00eancia da Informa\u00e7\u00e3o (DCI) e faz parte do Centro de Ci\u00eancias Sociais Aplicadas (CCSA).<\/p>\n\n\n\n<p>Objetivo do curso: Formar profissionais com habilidades e compet\u00eancias, te\u00f3ricas e pr\u00e1ticas, pautadas no compromisso \u00e9tico e capacitados a atuar na organiza\u00e7\u00e3o, gest\u00e3o, media\u00e7\u00e3o e dissemina\u00e7\u00e3o da informa\u00e7\u00e3o em diferentes contextos sociais, culturais, educacionais, tecnol\u00f3gicos e de inova\u00e7\u00e3o.<\/p>\n\n\n\n<p>O Curso tem dura\u00e7\u00e3o de 10 semestre \u00e9 ofertado no noturno.<\/p>\n\n\n\n<p><\/p>\n\n\n\n<div class=\"wp-block-file\"><a id=\"wp-block-file--media-911e09a7-3f86-4b6c-b14e-7dd94f441f7a\" href=\"https:\/\/www.ccsa.ufpb.br\/biblioteconomia\/wp-content\/uploads\/sites\/179\/sites\/467\/2026\/04\/ppp-do-curso-de-biblioteconomia.pdf\" target=\"_blank\" rel=\"noreferrer noopener\">Projeto Pedag\u00f3gico de Curso (PPC) <\/a><a href=\"https:\/\/www.ccsa.ufpb.br\/biblioteconomia\/wp-content\/uploads\/sites\/179\/sites\/467\/2026\/04\/ppp-do-curso-de-biblioteconomia.pdf\" class=\"wp-block-file__button wp-element-button\" download aria-describedby=\"wp-block-file--media-911e09a7-3f86-4b6c-b14e-7dd94f441f7a\">Baixar<\/a><\/div>\n\n\n\n<p><\/p>\n\n\n\n<div class=\"wp-block-file\"><a id=\"wp-block-file--media-8d96d24b-238a-4639-9a5f-04bd3a02222f\" href=\"https:\/\/www.ccsa.ufpb.br\/biblioteconomia\/wp-content\/uploads\/sites\/179\/sites\/467\/2026\/04\/FluxogramadoCursodeGraduaoemBiblioteconomia1-1.pdf\" target=\"_blank\" rel=\"noreferrer noopener\">Fluxograma <\/a><a href=\"https:\/\/www.ccsa.ufpb.br\/biblioteconomia\/wp-content\/uploads\/sites\/179\/sites\/467\/2026\/04\/FluxogramadoCursodeGraduaoemBiblioteconomia1-1.pdf\" class=\"wp-block-file__button wp-element-button\" download aria-describedby=\"wp-block-file--media-8d96d24b-238a-4639-9a5f-04bd3a02222f\">Baixar<\/a><\/div>\n\n\n\n<p><\/p>\n","protected":false},"excerpt":{"rendered":"<p>O Curso de Biblioteconomia da Universidade Federal da Para\u00edba (UFPB) foi criado em 06 de [&hellip;]<\/p>\n","protected":false},"author":63,"featured_media":0,"parent":0,"menu_order":0,"comment_status":"closed","ping_status":"closed","template":"","meta":{"footnotes":""},"class_list":["post-286","page","type-page","status-publish","hentry"],"_links":{"self":[{"href":"https:\/\/www.ccsa.ufpb.br\/biblioteconomia\/wp-json\/wp\/v2\/pages\/286","targetHints":{"allow":["GET"]}}],"collection":[{"href":"https:\/\/www.ccsa.ufpb.br\/biblioteconomia\/wp-json\/wp\/v2\/pages"}],"about":[{"href":"https:\/\/www.ccsa.ufpb.br\/biblioteconomia\/wp-json\/wp\/v2\/types\/page"}],"author":[{"embeddable":true,"href":"https:\/\/www.ccsa.ufpb.br\/biblioteconomia\/wp-json\/wp\/v2\/users\/63"}],"replies":[{"embeddable":true,"href":"https:\/\/www.ccsa.ufpb.br\/biblioteconomia\/wp-json\/wp\/v2\/comments?post=286"}],"version-history":[{"count":3,"href":"https:\/\/www.ccsa.ufpb.br\/biblioteconomia\/wp-json\/wp\/v2\/pages\/286\/revisions"}],"predecessor-version":[{"id":332,"href":"https:\/\/www.ccsa.ufpb.br\/biblioteconomia\/wp-json\/wp\/v2\/pages\/286\/revisions\/332"}],"wp:attachment":[{"href":"https:\/\/www.ccsa.ufpb.br\/biblioteconomia\/wp-json\/wp\/v2\/media?parent=286"}],"curies":[{"name":"wp","href":"https:\/\/api.w.org\/{rel}","templated":true}]}}