{"id":52,"date":"2026-03-21T10:17:46","date_gmt":"2026-03-21T13:17:46","guid":{"rendered":"https:\/\/www.ccsa.ufpb.br\/biblioteconomia\/?page_id=52"},"modified":"2026-03-31T10:54:35","modified_gmt":"2026-03-31T13:54:35","slug":"tcc","status":"publish","type":"page","link":"https:\/\/www.ccsa.ufpb.br\/biblioteconomia\/tcc\/","title":{"rendered":"Trabalho de Conclus\u00e3o de Curso (TCC)"},"content":{"rendered":"\n<p>O <strong>Trabalho de Conclus\u00e3o de Curso (TCC)<\/strong> \u00e9 uma Atividade Curricular Complementar Obrigat\u00f3ria de car\u00e1ter did\u00e1tico-pedag\u00f3gico, tendo como objetivo introduzir o aluno na pr\u00e1tica de investiga\u00e7\u00e3o cient\u00edfica; desenvolver capacidade de trabalho e aplica\u00e7\u00e3o dos conhecimentos adquiridos no decorrer do Curso; incentivar a criatividade e o senso cr\u00edtico. O TCC \u00e9 desenvolvido no 10\u00ba per\u00edodo no curso. <\/p>\n\n\n\n<p><\/p>\n\n\n\n<p><strong>Coordenadora de TCC: <\/strong>Prof\u00aa Dr\u00aa Rosilene Agapito da Silva Llarena<\/p>\n\n\n\n<p><strong>E-mail:<\/strong> coordtccbiblioufpb@gmail.com <\/p>\n\n\n\n<div data-wp-interactive=\"core\/file\" class=\"wp-block-file\"><object data-wp-bind--hidden=\"!state.hasPdfPreview\" hidden class=\"wp-block-file__embed\" data=\"https:\/\/www.ccsa.ufpb.br\/biblioteconomia\/wp-content\/uploads\/sites\/179\/sites\/467\/2026\/03\/Resolucao-TCC-2021.pdf\" type=\"application\/pdf\" style=\"width:100%;height:600px\" aria-label=\"Incorporado de Resolu\u00e7\u00e3o TCC 2021.\"><\/object><a id=\"wp-block-file--media-87dccf4c-30f9-43eb-9301-010b9a90122a\" href=\"https:\/\/www.ccsa.ufpb.br\/biblioteconomia\/wp-content\/uploads\/sites\/179\/sites\/467\/2026\/03\/Resolucao-TCC-2021.pdf\" target=\"_blank\" rel=\"noreferrer noopener\">Resolu\u00e7\u00e3o TCC 2021<\/a><a href=\"https:\/\/www.ccsa.ufpb.br\/biblioteconomia\/wp-content\/uploads\/sites\/179\/sites\/467\/2026\/03\/Resolucao-TCC-2021.pdf\" class=\"wp-block-file__button wp-element-button\" download aria-describedby=\"wp-block-file--media-87dccf4c-30f9-43eb-9301-010b9a90122a\">Baixar<\/a><\/div>\n\n\n\n<p><\/p>\n\n\n\n<hr class=\"wp-block-separator has-alpha-channel-opacity\" \/>\n\n\n\n<h3 class=\"wp-block-heading\">Formul\u00e1rios<\/h3>\n\n\n\n<p>Matr\u00edcula e Orienta\u00e7\u00e3o de TCC<\/p>\n\n\n\n<div class=\"wp-block-file\"><a id=\"wp-block-file--media-014c0e4e-b09d-45ff-91e3-1e5bc3197c46\" href=\"https:\/\/www.ccsa.ufpb.br\/biblioteconomia\/wp-content\/uploads\/sites\/179\/sites\/467\/2026\/03\/REQUERIMENTO-DE-MATRICULA-NO-TCC.docx\">REQUERIMENTO DE MATR\u00cdCULA NO TCC<\/a><a href=\"https:\/\/www.ccsa.ufpb.br\/biblioteconomia\/wp-content\/uploads\/sites\/179\/sites\/467\/2026\/03\/REQUERIMENTO-DE-MATRICULA-NO-TCC.docx\" class=\"wp-block-file__button wp-element-button\" download aria-describedby=\"wp-block-file--media-014c0e4e-b09d-45ff-91e3-1e5bc3197c46\">Baixar<\/a><\/div>\n\n\n\n<div class=\"wp-block-file\"><a id=\"wp-block-file--media-f717ba50-186c-4bff-8246-8387d149a042\" href=\"https:\/\/www.ccsa.ufpb.br\/biblioteconomia\/wp-content\/uploads\/sites\/179\/sites\/467\/2026\/03\/CARTA-DE-ACEITE-DE-ORIENTACAO.docx\">CARTA DE ACEITE DE ORIENTA\u00c7\u00c3O<\/a><a href=\"https:\/\/www.ccsa.ufpb.br\/biblioteconomia\/wp-content\/uploads\/sites\/179\/sites\/467\/2026\/03\/CARTA-DE-ACEITE-DE-ORIENTACAO.docx\" class=\"wp-block-file__button wp-element-button\" download aria-describedby=\"wp-block-file--media-f717ba50-186c-4bff-8246-8387d149a042\">Baixar<\/a><\/div>\n\n\n\n<div class=\"wp-block-file\"><a id=\"wp-block-file--media-eb6cf462-2258-4db6-870c-cc0fc9797b69\" href=\"https:\/\/www.ccsa.ufpb.br\/biblioteconomia\/wp-content\/uploads\/sites\/179\/sites\/467\/2026\/03\/TERMO-DE-MUDANCA-DE-ORIENTACAO.docx\">TERMO DE MUDAN\u00c7A DE ORIENTA\u00c7\u00c3O<\/a><a href=\"https:\/\/www.ccsa.ufpb.br\/biblioteconomia\/wp-content\/uploads\/sites\/179\/sites\/467\/2026\/03\/TERMO-DE-MUDANCA-DE-ORIENTACAO.docx\" class=\"wp-block-file__button wp-element-button\" download aria-describedby=\"wp-block-file--media-eb6cf462-2258-4db6-870c-cc0fc9797b69\">Baixar<\/a><\/div>\n\n\n\n<hr class=\"wp-block-separator has-alpha-channel-opacity\" \/>\n\n\n\n<p>Coorienta\u00e7\u00e3o <\/p>\n\n\n\n<div class=\"wp-block-file\"><a id=\"wp-block-file--media-a49a566b-ee5f-4e2e-8257-e378c1e1d7d8\" href=\"https:\/\/www.ccsa.ufpb.br\/biblioteconomia\/wp-content\/uploads\/sites\/179\/sites\/467\/2026\/03\/CARTA-DE-ACEITE-DE-COORIENTACAO.docx\">CARTA DE ACEITE DE COORIENTA\u00c7\u00c3O<\/a><a href=\"https:\/\/www.ccsa.ufpb.br\/biblioteconomia\/wp-content\/uploads\/sites\/179\/sites\/467\/2026\/03\/CARTA-DE-ACEITE-DE-COORIENTACAO.docx\" class=\"wp-block-file__button wp-element-button\" download aria-describedby=\"wp-block-file--media-a49a566b-ee5f-4e2e-8257-e378c1e1d7d8\">Baixar<\/a><\/div>\n\n\n\n<div class=\"wp-block-file\"><a id=\"wp-block-file--media-42d872df-259c-4ed8-9afa-8e4e7a048bc7\" href=\"https:\/\/www.ccsa.ufpb.br\/biblioteconomia\/wp-content\/uploads\/sites\/179\/sites\/467\/2026\/03\/TERMO-DE-MUDANCA-DE-COORIENTACAO.docx\">TERMO DE MUDAN\u00c7A DE COORIENTA\u00c7\u00c3O<\/a><a href=\"https:\/\/www.ccsa.ufpb.br\/biblioteconomia\/wp-content\/uploads\/sites\/179\/sites\/467\/2026\/03\/TERMO-DE-MUDANCA-DE-COORIENTACAO.docx\" class=\"wp-block-file__button wp-element-button\" download aria-describedby=\"wp-block-file--media-42d872df-259c-4ed8-9afa-8e4e7a048bc7\">Baixar<\/a><\/div>\n\n\n\n<hr class=\"wp-block-separator has-alpha-channel-opacity\" \/>\n\n\n\n<p>Agendamento de Defesa<\/p>\n\n\n\n<div class=\"wp-block-file\"><a id=\"wp-block-file--media-60a111a5-b079-47ef-9f8a-6f56b694b40e\" href=\"https:\/\/www.ccsa.ufpb.br\/biblioteconomia\/wp-content\/uploads\/sites\/179\/sites\/467\/2026\/03\/TERMO-DE-CADASTRAMENTO-DA-BANCA-EXAMINADORA-1.docx\">TERMO DE CADASTRAMENTO DA BANCA EXAMINADORA<\/a><a href=\"https:\/\/www.ccsa.ufpb.br\/biblioteconomia\/wp-content\/uploads\/sites\/179\/sites\/467\/2026\/03\/TERMO-DE-CADASTRAMENTO-DA-BANCA-EXAMINADORA-1.docx\" class=\"wp-block-file__button wp-element-button\" download aria-describedby=\"wp-block-file--media-60a111a5-b079-47ef-9f8a-6f56b694b40e\">Baixar<\/a><\/div>\n\n\n\n<hr class=\"wp-block-separator has-alpha-channel-opacity\" \/>\n\n\n\n<p>Ficha de Avalia\u00e7\u00e3o para a Banca Examinadora<\/p>\n\n\n\n<div class=\"wp-block-file\"><a id=\"wp-block-file--media-398bd009-6f06-4504-811b-49162b98b8c9\" href=\"https:\/\/www.ccsa.ufpb.br\/biblioteconomia\/wp-content\/uploads\/sites\/179\/sites\/467\/2026\/03\/AVALIACAO-DE-TRABALHO-DE-CONCLUSAO-DE-CURSO.docx.pdf\" target=\"_blank\" rel=\"noreferrer noopener\">AVALIA\u00c7\u00c3O DE TRABALHO DE CONCLUS\u00c3O DE CURSO<\/a><a href=\"https:\/\/www.ccsa.ufpb.br\/biblioteconomia\/wp-content\/uploads\/sites\/179\/sites\/467\/2026\/03\/AVALIACAO-DE-TRABALHO-DE-CONCLUSAO-DE-CURSO.docx.pdf\" class=\"wp-block-file__button wp-element-button\" download aria-describedby=\"wp-block-file--media-398bd009-6f06-4504-811b-49162b98b8c9\">Baixar<\/a><\/div>\n\n\n\n<hr class=\"wp-block-separator has-alpha-channel-opacity\" \/>\n\n\n\n<p>Dep\u00f3sito da Vers\u00e3o Final <\/p>\n\n\n\n<div class=\"wp-block-file\"><a id=\"wp-block-file--media-68859969-bc3a-464b-b687-9cead00a2828\" href=\"https:\/\/www.ccsa.ufpb.br\/biblioteconomia\/wp-content\/uploads\/sites\/179\/sites\/467\/2026\/03\/TERMO-DE-DEPOSITO-DA-VERSAO-DEFINITIVA-DO-TCC.docx\">TERMO DE DEP\u00d3SITO DA VERS\u00c3O DEFINITIVA DO TCC<\/a><a href=\"https:\/\/www.ccsa.ufpb.br\/biblioteconomia\/wp-content\/uploads\/sites\/179\/sites\/467\/2026\/03\/TERMO-DE-DEPOSITO-DA-VERSAO-DEFINITIVA-DO-TCC.docx\" class=\"wp-block-file__button wp-element-button\" download aria-describedby=\"wp-block-file--media-68859969-bc3a-464b-b687-9cead00a2828\">Baixar<\/a><\/div>\n\n\n\n<div class=\"wp-block-file\"><a id=\"wp-block-file--media-cc3b0b04-9198-427b-bd9a-ea01a69af4f4\" href=\"https:\/\/www.ccsa.ufpb.br\/biblioteconomia\/wp-content\/uploads\/sites\/179\/sites\/467\/2026\/03\/termo-de-autorizacao-para-publicacao-eletronica-no-repositorio-institucional-da-ufpb_BIBLIO.docx\" target=\"_blank\" rel=\"noreferrer noopener\">Termo de Autoriza\u00e7\u00e3o para Publica\u00e7\u00e3o Eletr\u00f4nica no Reposit\u00f3rio Institucional da UFPB<\/a><a href=\"https:\/\/www.ccsa.ufpb.br\/biblioteconomia\/wp-content\/uploads\/sites\/179\/sites\/467\/2026\/03\/termo-de-autorizacao-para-publicacao-eletronica-no-repositorio-institucional-da-ufpb_BIBLIO.docx\" class=\"wp-block-file__button wp-element-button\" download aria-describedby=\"wp-block-file--media-cc3b0b04-9198-427b-bd9a-ea01a69af4f4\">Baixar<\/a><\/div>\n\n\n\n<hr class=\"wp-block-separator has-alpha-channel-opacity\" \/>\n\n\n\n<p><\/p>\n\n\n\n<p>As informa\u00e7\u00f5es s\u00e3o a <a href=\"https:\/\/www.ccsa.ufpb.br\/bsccsa\/ficha-catalografica-e-tcc\/\">Ficha Catalogr\u00e1fica<\/a> s\u00e3o disponibilizadas pela Biblioteca Setorial CCSA. <\/p>\n\n\n\n<p><\/p>\n","protected":false},"excerpt":{"rendered":"<p>O Trabalho de Conclus\u00e3o de Curso (TCC) \u00e9 uma Atividade Curricular Complementar Obrigat\u00f3ria de car\u00e1ter [&hellip;]<\/p>\n","protected":false},"author":47,"featured_media":0,"parent":0,"menu_order":0,"comment_status":"closed","ping_status":"closed","template":"","meta":{"footnotes":""},"class_list":["post-52","page","type-page","status-publish","hentry"],"_links":{"self":[{"href":"https:\/\/www.ccsa.ufpb.br\/biblioteconomia\/wp-json\/wp\/v2\/pages\/52","targetHints":{"allow":["GET"]}}],"collection":[{"href":"https:\/\/www.ccsa.ufpb.br\/biblioteconomia\/wp-json\/wp\/v2\/pages"}],"about":[{"href":"https:\/\/www.ccsa.ufpb.br\/biblioteconomia\/wp-json\/wp\/v2\/types\/page"}],"author":[{"embeddable":true,"href":"https:\/\/www.ccsa.ufpb.br\/biblioteconomia\/wp-json\/wp\/v2\/users\/47"}],"replies":[{"embeddable":true,"href":"https:\/\/www.ccsa.ufpb.br\/biblioteconomia\/wp-json\/wp\/v2\/comments?post=52"}],"version-history":[{"count":32,"href":"https:\/\/www.ccsa.ufpb.br\/biblioteconomia\/wp-json\/wp\/v2\/pages\/52\/revisions"}],"predecessor-version":[{"id":264,"href":"https:\/\/www.ccsa.ufpb.br\/biblioteconomia\/wp-json\/wp\/v2\/pages\/52\/revisions\/264"}],"wp:attachment":[{"href":"https:\/\/www.ccsa.ufpb.br\/biblioteconomia\/wp-json\/wp\/v2\/media?parent=52"}],"curies":[{"name":"wp","href":"https:\/\/api.w.org\/{rel}","templated":true}]}}