{"id":136,"date":"2025-02-05T10:50:54","date_gmt":"2025-02-05T10:50:54","guid":{"rendered":"https:\/\/www.ccsa.ufpb.br\/bsccsa2\/?page_id=136"},"modified":"2025-05-13T23:25:17","modified_gmt":"2025-05-13T23:25:17","slug":"teses-e-dissertacoes","status":"publish","type":"page","link":"https:\/\/www.ccsa.ufpb.br\/bsccsa\/teses-e-dissertacoes\/","title":{"rendered":"Teses e Disserta\u00e7\u00f5es\/ CCSA"},"content":{"rendered":"\n<p><a href=\"https:\/\/repositorio.ufpb.br\/jspui\/handle\/tede\/3768\">Programa de P\u00f3s-Gradua\u00e7\u00e3o em Administra\u00e7\u00e3o &#8211; PPGA<\/a><\/p>\n\n\n\n<p><a href=\"https:\/\/repositorio.ufpb.br\/jspui\/handle\/tede\/3899\">Programa de P\u00f3s-Gradua\u00e7\u00e3o em\u00a0Ci\u00eancia da Informa\u00e7\u00e3o &#8211; PPGCI<\/a><\/p>\n\n\n\n<p><a href=\"https:\/\/repositorio.ufpb.br\/jspui\/handle\/tede\/8894\">Programa de P\u00f3s-Gradua\u00e7\u00e3o em Ci\u00eancias Cont\u00e1beis &#8211; PPGCC<\/a><\/p>\n\n\n\n<p><a href=\"https:\/\/repositorio.ufpb.br\/jspui\/handle\/tede\/4453\">Programa de P\u00f3s-Gradua\u00e7\u00e3o em Economia &#8211; PPGE<\/a><\/p>\n\n\n\n<p><a href=\"https:\/\/repositorio.ufpb.br\/jspui\/handle\/123456789\/12115\">Programa de P\u00f3s-Gradua\u00e7\u00e3o em\u00a0Gest\u00e3o P\u00fablica e Coopera\u00e7\u00e3o Internacional &#8211; PGPCI<\/a><\/p>\n\n\n\n<p><\/p>\n","protected":false},"excerpt":{"rendered":"<p>Programa de P\u00f3s-Gradua\u00e7\u00e3o em Administra\u00e7\u00e3o &#8211; PPGA Programa de P\u00f3s-Gradua\u00e7\u00e3o em\u00a0Ci\u00eancia da Informa\u00e7\u00e3o &#8211; PPGCI [&hellip;]<\/p>\n","protected":false},"author":63,"featured_media":0,"parent":0,"menu_order":0,"comment_status":"closed","ping_status":"closed","template":"","meta":{"footnotes":""},"class_list":["post-136","page","type-page","status-publish","hentry"],"_links":{"self":[{"href":"https:\/\/www.ccsa.ufpb.br\/bsccsa\/wp-json\/wp\/v2\/pages\/136","targetHints":{"allow":["GET"]}}],"collection":[{"href":"https:\/\/www.ccsa.ufpb.br\/bsccsa\/wp-json\/wp\/v2\/pages"}],"about":[{"href":"https:\/\/www.ccsa.ufpb.br\/bsccsa\/wp-json\/wp\/v2\/types\/page"}],"author":[{"embeddable":true,"href":"https:\/\/www.ccsa.ufpb.br\/bsccsa\/wp-json\/wp\/v2\/users\/63"}],"replies":[{"embeddable":true,"href":"https:\/\/www.ccsa.ufpb.br\/bsccsa\/wp-json\/wp\/v2\/comments?post=136"}],"version-history":[{"count":3,"href":"https:\/\/www.ccsa.ufpb.br\/bsccsa\/wp-json\/wp\/v2\/pages\/136\/revisions"}],"predecessor-version":[{"id":461,"href":"https:\/\/www.ccsa.ufpb.br\/bsccsa\/wp-json\/wp\/v2\/pages\/136\/revisions\/461"}],"wp:attachment":[{"href":"https:\/\/www.ccsa.ufpb.br\/bsccsa\/wp-json\/wp\/v2\/media?parent=136"}],"curies":[{"name":"wp","href":"https:\/\/api.w.org\/{rel}","templated":true}]}}