{"id":29,"date":"2025-02-04T14:19:17","date_gmt":"2025-02-04T14:19:17","guid":{"rendered":"https:\/\/www.ccsa.ufpb.br\/bsccsa2\/?page_id=29"},"modified":"2026-03-19T23:42:01","modified_gmt":"2026-03-19T23:42:01","slug":"historia","status":"publish","type":"page","link":"https:\/\/www.ccsa.ufpb.br\/bsccsa\/historia\/","title":{"rendered":"Hist\u00f3ria da BSBB"},"content":{"rendered":"\n<p>A Biblioteca Setorial Berilo Borba (BSBB), tamb\u00e9m conhecida como Biblioteca Setorial do CCSA, foi institu\u00edda em 31 de agosto de 1993, com a aprova\u00e7\u00e3o do Regimento Interno do Centro de Ci\u00eancias Sociais Aplicadas (CCSA). Essa iniciativa unificou diversas bibliotecas dos departamentos do Centro, com o prop\u00f3sito de garantir um atendimento mais equitativo aos leitores e otimizar recursos, evitando a duplica\u00e7\u00e3o de aquisi\u00e7\u00f5es de materiais bibliogr\u00e1ficos e a dispers\u00e3o na organiza\u00e7\u00e3o do acervo. O nome da Biblioteca homenageia o Professor Berilo Borba, primeiro diretor do CCSA e ex-reitor da Universidade Federal da Para\u00edba (UFPB).<\/p>\n\n\n\n<p>Inicialmente, a BSBB estava vinculada \u00e0 Coordena\u00e7\u00e3o do Curso de Gradua\u00e7\u00e3o em Biblioteconomia do CCSA, sob a gest\u00e3o de Maria Elizabeth Baltar Carneiro de Albuquerque como coordenadora e da professora Eliany Alvarenga de Ara\u00fajo como vice-coordenadora. Ambas foram fundamentais na implanta\u00e7\u00e3o e organiza\u00e7\u00e3o da Biblioteca.<\/p>\n\n\n\n<p>Com a aprova\u00e7\u00e3o do novo Regimento do Sistema de Bibliotecas da UFPB, em 2009, as bibliotecas setoriais do campus I passaram a integrar oficialmente o Sistema de Bibliotecas da UFPB. At\u00e9 ent\u00e3o, apenas as bibliotecas dos campi do interior eram formalmente reconhecidas como setoriais. A partir dessa mudan\u00e7a, a Biblioteca Setorial Berilo Borba passou a estar administrativamente subordinada \u00e0 Dire\u00e7\u00e3o do CCSA e, tecnicamente, \u00e0 Biblioteca Central \u2014 v\u00ednculo t\u00e9cnico que j\u00e1 existia desde a sua cria\u00e7\u00e3o, mas que foi formalizado com o novo regimento.<\/p>\n\n\n\n<h2 class=\"wp-block-heading\"><div class=\"linha-header\"><strong>QUADRO DE DIRETORES DA BSBB<\/strong><\/div><\/h2>\n\n\n\n<figure class=\"wp-block-table\"><table class=\"has-fixed-layout\"><tbody><tr><td><strong>ANO<\/strong><\/td><td><strong>DIRETOR(A)<\/strong><\/td><\/tr><tr><td>1991-1993<\/td><td>Eliane Campos Silva <\/td><\/tr><tr><td>1993-1994<\/td><td>Eliany Alvarenga de Ara\u00fajo<\/td><\/tr><tr><td>1994-1997<\/td><td>Maria Elizabeth B. C. Albuquerque<\/td><\/tr><tr><td>1998-2002<\/td><td>Antonio Gen\u00e9sio de Sousa Filho<\/td><\/tr><tr><td>2009-2010<\/td><td>Eliane Campos&nbsp;Silva<\/td><\/tr><tr><td>2011-2012<\/td><td>Antonio Gen\u00e9sio de Sousa Filho<\/td><\/tr><tr><td>2010-2020<\/td><td>Ana Cl\u00e1udia Lopes de Almeida<\/td><\/tr><tr><td>2020-2021<\/td><td>Andr\u00e9 Domingos da Silva Fernandes<\/td><\/tr><tr><td>2022-2023<\/td><td>Katiane da Cunha Souza<\/td><\/tr><tr><td>2023-2024<\/td><td>Ana Cl\u00e1udia Lopes de Almeida<\/td><\/tr><tr><td>2024-<\/td><td>Andr\u00e9 Domingos da Silva Fernandes<\/td><\/tr><\/tbody><\/table><\/figure>\n\n\n\n<h2 class=\"wp-block-heading has-text-align-center\"><div class=\"linha-header\"><strong>Linha do Tempo \u2013 Biblioteca Setorial do CCSA<\/strong><\/div><\/h2>\n\n\n\n<p><\/p>\n\n\n\n<p><strong>1993<\/strong><br>Institucionaliza\u00e7\u00e3o da Biblioteca Setorial do CCSA, em 31 de agosto, como \u00f3rg\u00e3o suplementar do Centro, vinculada \u00e0 Coordena\u00e7\u00e3o do Curso de Biblioteconomia (Resolu\u00e7\u00e3o n\u00ba 01\/93). Presidente do Conselho: R\u00f4mulo Soares Polari.<\/p>\n\n\n\n<p><strong>1993\u20131994<\/strong><br>Desenvolvimento do Projeto de Reestrutura\u00e7\u00e3o da Biblioteca Setorial do CCSA.<\/p>\n\n\n\n<p><strong>1998<\/strong><br>Ant\u00f4nio Gen\u00e9sio assume a coordena\u00e7\u00e3o da Biblioteca Setorial (Portaria n\u00ba 026\/98-CCSA, de 03 set. 1998).<\/p>\n\n\n\n<p><strong>2011<\/strong><br>Ant\u00f4nio Gen\u00e9sio \u00e9 reconduzido \u00e0 coordena\u00e7\u00e3o da Biblioteca Setorial (Portaria n\u00ba 021\/2011-CCSA, de 25 maio 2011).<\/p>\n\n\n\n<p><strong>2011<\/strong><br>In\u00edcio do processo de automa\u00e7\u00e3o do acervo (Ortodocs).<\/p>\n\n\n\n<p><strong>2012<\/strong><br>Ana Cl\u00e1udia Lopes assume a coordena\u00e7\u00e3o da Biblioteca Setorial (Portaria n\u00ba 007\/12-CCSA, de 28 mar. 2012).<\/p>\n\n\n\n<p><strong>2012<\/strong><br>In\u00edcio do recebimento de TCCs em formato digital (CD-ROM, arquivo PDF), referente ao per\u00edodo 2011.1, conforme Memo Circular n\u00ba 001\/12 \u2013 BS\/CCSA (03 out. 2012).<\/p>\n\n\n\n<p><strong>2012<\/strong><br>Migra\u00e7\u00e3o do sistema de automa\u00e7\u00e3o Ortodocs para o SIGAA \u2013 M\u00f3dulo Biblioteca.<\/p>\n\n\n\n<p><strong>2012<\/strong><br>In\u00edcio da automa\u00e7\u00e3o dos servi\u00e7os de empr\u00e9stimo e cadastro de usu\u00e1rios.<\/p>\n\n\n\n<p><strong>2012<\/strong><br>Inaugura\u00e7\u00e3o do pr\u00e9dio atual da biblioteca.<\/p>\n\n\n\n<p><strong>2013<\/strong><br>In\u00edcio das atividades no pr\u00e9dio atual da biblioteca, a partir de 18 de fevereiro, com funcionamento inicial para devolu\u00e7\u00e3o de livros e emiss\u00e3o de nada consta, conforme comunicado \u00e0 Biblioteca Central.<\/p>\n\n\n\n<p><strong>2017<\/strong><br>Instala\u00e7\u00e3o do sistema de seguran\u00e7a da biblioteca.<\/p>\n\n\n\n<p><strong>2022<\/strong><br>Katiane da Cunha assume a coordena\u00e7\u00e3o da Biblioteca Setorial (Portaria n\u00ba 733\/2022 \u2013 PROGEP\/SCRF, de 13 maio 2022).<\/p>\n\n\n\n<p><strong>2024<\/strong><br>Andr\u00e9 Domingos da Silva Fernandes assume a coordena\u00e7\u00e3o da Biblioteca Setorial (Portaria n\u00ba 13\/2024 \u2013 CCSA\/DC, de 17 jul. 2024).<\/p>\n\n\n\n<h2 class=\"wp-block-heading has-text-align-center\"><div class=\"linha-header\">Registros fotogr\u00e1ficos &#8220;Mem\u00f3ria da Biblioteca Setorial Berilo Borba&#8221;<\/div><\/h2>\n\n\n\n<div class=\"wp-block-columns is-layout-flex wp-container-core-columns-is-layout-9d6595d7 wp-block-columns-is-layout-flex\">\n<div class=\"wp-block-column is-vertically-aligned-center is-layout-flow wp-block-column-is-layout-flow\" style=\"flex-basis:33.33%\">\n<figure class=\"wp-block-image size-large\"><img loading=\"lazy\" decoding=\"async\" width=\"1024\" height=\"1024\" src=\"https:\/\/www.ccsa.ufpb.br\/bsccsa\/wp-content\/uploads\/sites\/179\/sites\/248\/2025\/02\/memorias-1024x1024.jpeg\" alt=\"\" class=\"wp-image-30\" srcset=\"https:\/\/www.ccsa.ufpb.br\/bsccsa\/wp-content\/uploads\/sites\/179\/sites\/248\/2025\/02\/memorias-1024x1024.jpeg 1024w, https:\/\/www.ccsa.ufpb.br\/bsccsa\/wp-content\/uploads\/sites\/179\/sites\/248\/2025\/02\/memorias-300x300.jpeg 300w, https:\/\/www.ccsa.ufpb.br\/bsccsa\/wp-content\/uploads\/sites\/179\/sites\/248\/2025\/02\/memorias-150x150.jpeg 150w, https:\/\/www.ccsa.ufpb.br\/bsccsa\/wp-content\/uploads\/sites\/179\/sites\/248\/2025\/02\/memorias-768x768.jpeg 768w, https:\/\/www.ccsa.ufpb.br\/bsccsa\/wp-content\/uploads\/sites\/179\/sites\/248\/2025\/02\/memorias.jpeg 1080w\" sizes=\"auto, (max-width: 1024px) 100vw, 1024px\" \/><\/figure>\n<\/div>\n\n\n\n<div class=\"wp-block-column is-layout-flow wp-block-column-is-layout-flow\" style=\"flex-basis:66.66%\">\n<p>Antes de ser transferida para o Bloco B, a Biblioteca Setorial Berilo Borba funcionava em um pr\u00e9dio localizado em frente \u00e0 Coordena\u00e7\u00e3o do Curso de Biblioteconomia. Atualmente, esse espa\u00e7o abriga as Coordena\u00e7\u00f5es de Arquivologia e Ci\u00eancias Atuariais, al\u00e9m da Biblioteca Escola.<\/p>\n\n\n\n<p>O antigo pr\u00e9dio, com ampla estrutura envidra\u00e7ada, atendia inicialmente aos cursos de Administra\u00e7\u00e3o, Biblioteconomia, Ci\u00eancias Cont\u00e1beis e Ci\u00eancias Econ\u00f4micas. No entanto, com a expans\u00e3o do CCSA e a chegada de novos cursos, a demanda por espa\u00e7o para o acervo e para estudos aumentou significativamente. Para atender melhor a comunidade acad\u00eamica, foi constru\u00eddo um novo edif\u00edcio, maior e com infraestrutura aprimorada, garantindo melhores condi\u00e7\u00f5es de atendimento aos usu\u00e1rios.<\/p>\n<\/div>\n<\/div>\n\n\n\n<div class=\"wp-block-columns is-layout-flex wp-container-core-columns-is-layout-9d6595d7 wp-block-columns-is-layout-flex\">\n<div class=\"wp-block-column is-layout-flow wp-block-column-is-layout-flow\" style=\"flex-basis:66.66%\">\n<p>Na foto \u00e0 direita, temos o cat\u00e1logo de fichas da Biblioteca Setorial Berilo Borba, amplamente consultado at\u00e9 o final da d\u00e9cada de 1990. Esse cat\u00e1logo permitia a busca por obras dispon\u00edveis na biblioteca, organizadas por <strong>autor, t\u00edtulo e assunto<\/strong>.<\/p>\n\n\n\n<p>O funcionamento era simples: se algu\u00e9m buscava um livro sobre economia regional, por exemplo, bastava ir at\u00e9 a se\u00e7\u00e3o de <strong>ASSUNTO<\/strong> e verificar as fichas, que estavam organizadas alfabeticamente. Em cada ficha, abaixo do assunto, era poss\u00edvel encontrar a refer\u00eancia da obra e sua localiza\u00e7\u00e3o na estante. Ao identificar um livro de interesse, o usu\u00e1rio anotava o t\u00edtulo e a localiza\u00e7\u00e3o informada na ficha antes de se dirigir \u00e0 estante para encontr\u00e1-lo.<\/p>\n\n\n\n<p>O cat\u00e1logo de fichas \u00e9 um m\u00f3vel de madeira, composto por <strong>18 gavetas e um compartimento inferior<\/strong>, projetado e doado por <strong>Elizabeth Baltar<\/strong>, ent\u00e3o coordenadora do Curso de Biblioteconomia e da Biblioteca. Todas as fichas eram preenchidas manualmente, e grande parte delas foi escrita pela pr\u00f3pria professora Elizabeth, como relatado por ela em entrevista \u00e0 BSBB.<\/p>\n<\/div>\n\n\n\n<div class=\"wp-block-column is-vertically-aligned-center is-layout-flow wp-block-column-is-layout-flow\" style=\"flex-basis:33.33%\">\n<figure class=\"wp-block-image size-full\"><img loading=\"lazy\" decoding=\"async\" width=\"800\" height=\"800\" src=\"https:\/\/www.ccsa.ufpb.br\/bsccsa\/wp-content\/uploads\/sites\/179\/sites\/248\/2025\/02\/memorias2.jpeg\" alt=\"\" class=\"wp-image-31\" srcset=\"https:\/\/www.ccsa.ufpb.br\/bsccsa\/wp-content\/uploads\/sites\/179\/sites\/248\/2025\/02\/memorias2.jpeg 800w, https:\/\/www.ccsa.ufpb.br\/bsccsa\/wp-content\/uploads\/sites\/179\/sites\/248\/2025\/02\/memorias2-300x300.jpeg 300w, https:\/\/www.ccsa.ufpb.br\/bsccsa\/wp-content\/uploads\/sites\/179\/sites\/248\/2025\/02\/memorias2-150x150.jpeg 150w, https:\/\/www.ccsa.ufpb.br\/bsccsa\/wp-content\/uploads\/sites\/179\/sites\/248\/2025\/02\/memorias2-768x768.jpeg 768w\" sizes=\"auto, (max-width: 800px) 100vw, 800px\" \/><\/figure>\n<\/div>\n<\/div>\n\n\n\n<div class=\"wp-block-columns is-layout-flex wp-container-core-columns-is-layout-9d6595d7 wp-block-columns-is-layout-flex\">\n<div class=\"wp-block-column is-layout-flow wp-block-column-is-layout-flow\" style=\"flex-basis:33.33%\">\n<figure class=\"wp-block-image size-large\"><img loading=\"lazy\" decoding=\"async\" width=\"768\" height=\"1024\" src=\"https:\/\/www.ccsa.ufpb.br\/bsccsa\/wp-content\/uploads\/sites\/179\/sites\/248\/2025\/02\/memorias4-768x1024.jpeg\" alt=\"\" class=\"wp-image-32\" srcset=\"https:\/\/www.ccsa.ufpb.br\/bsccsa\/wp-content\/uploads\/sites\/179\/sites\/248\/2025\/02\/memorias4-768x1024.jpeg 768w, https:\/\/www.ccsa.ufpb.br\/bsccsa\/wp-content\/uploads\/sites\/179\/sites\/248\/2025\/02\/memorias4-225x300.jpeg 225w, https:\/\/www.ccsa.ufpb.br\/bsccsa\/wp-content\/uploads\/sites\/179\/sites\/248\/2025\/02\/memorias4.jpeg 774w\" sizes=\"auto, (max-width: 768px) 100vw, 768px\" \/><\/figure>\n<\/div>\n\n\n\n<div class=\"wp-block-column is-vertically-aligned-center is-layout-flow wp-block-column-is-layout-flow\" style=\"flex-basis:66.66%\">\n<p>Atualmente, a consulta ao acervo da Biblioteca pode ser feita de qualquer lugar, por qualquer pessoa, por meio do <strong>cat\u00e1logo online<\/strong>. Nele, \u00e9 poss\u00edvel pesquisar obras por <strong>autor, t\u00edtulo, assunto, editora, biblioteca, cole\u00e7\u00e3o<\/strong>, entre diversas outras op\u00e7\u00f5es.<\/p>\n\n\n\n<p>Al\u00e9m disso, o sistema permite verificar o <strong>quantitativo de exemplares dispon\u00edveis<\/strong>, as <strong>bibliotecas que possuem a obra<\/strong>, o <strong>status do livro<\/strong> (se est\u00e1 emprestado ou dispon\u00edvel) e ainda pode <strong>gerar automaticamente a refer\u00eancia<\/strong> do material consultado.<\/p>\n\n\n\n<p>&nbsp;<\/p>\n<\/div>\n<\/div>\n\n\n\n<div class=\"wp-block-columns is-layout-flex wp-container-core-columns-is-layout-9d6595d7 wp-block-columns-is-layout-flex\">\n<div class=\"wp-block-column is-layout-flow wp-block-column-is-layout-flow\" style=\"flex-basis:66.66%\">\n<p>Este \u00e9 o nosso <strong>Fich\u00e1rio Cardex<\/strong>, onde eram armazenadas, em ordem alfab\u00e9tica por t\u00edtulo, as fichas com os registros de todos os <strong>t\u00edtulos e fasc\u00edculos dos peri\u00f3dicos impressos<\/strong> dispon\u00edveis na Biblioteca.<\/p>\n\n\n\n<p>Quando um pesquisador precisava de um artigo, ele recorria ao setor de peri\u00f3dicos j\u00e1 com a refer\u00eancia em m\u00e3os (nome da revista, volume, n\u00famero, ano, autor e t\u00edtulo do artigo). O bibliotec\u00e1rio, ent\u00e3o, consultava o <strong>Fich\u00e1rio Cardex<\/strong> para verificar se a Biblioteca possu\u00eda aquele t\u00edtulo e fasc\u00edculo. Caso positivo, localizava o material na estante e o entregava ao pesquisador, que podia consult\u00e1-lo no pr\u00f3prio espa\u00e7o da Biblioteca ou solicitar uma c\u00f3pia.<\/p>\n<\/div>\n\n\n\n<div class=\"wp-block-column is-vertically-aligned-center is-layout-flow wp-block-column-is-layout-flow\" style=\"flex-basis:33.33%\">\n<figure class=\"wp-block-image size-large\"><img loading=\"lazy\" decoding=\"async\" width=\"1024\" height=\"1024\" src=\"https:\/\/www.ccsa.ufpb.br\/bsccsa\/wp-content\/uploads\/sites\/179\/sites\/248\/2025\/02\/memorias5-1024x1024.jpeg\" alt=\"\" class=\"wp-image-33\" srcset=\"https:\/\/www.ccsa.ufpb.br\/bsccsa\/wp-content\/uploads\/sites\/179\/sites\/248\/2025\/02\/memorias5-1024x1024.jpeg 1024w, https:\/\/www.ccsa.ufpb.br\/bsccsa\/wp-content\/uploads\/sites\/179\/sites\/248\/2025\/02\/memorias5-300x300.jpeg 300w, https:\/\/www.ccsa.ufpb.br\/bsccsa\/wp-content\/uploads\/sites\/179\/sites\/248\/2025\/02\/memorias5-150x150.jpeg 150w, https:\/\/www.ccsa.ufpb.br\/bsccsa\/wp-content\/uploads\/sites\/179\/sites\/248\/2025\/02\/memorias5-768x768.jpeg 768w, https:\/\/www.ccsa.ufpb.br\/bsccsa\/wp-content\/uploads\/sites\/179\/sites\/248\/2025\/02\/memorias5.jpeg 1080w\" sizes=\"auto, (max-width: 1024px) 100vw, 1024px\" \/><\/figure>\n<\/div>\n<\/div>\n\n\n\n<div class=\"wp-block-columns is-layout-flex wp-container-core-columns-is-layout-9d6595d7 wp-block-columns-is-layout-flex\">\n<div class=\"wp-block-column is-vertically-aligned-center is-layout-flow wp-block-column-is-layout-flow\" style=\"flex-basis:33.33%\">\n<figure class=\"wp-block-image size-large\"><img loading=\"lazy\" decoding=\"async\" width=\"768\" height=\"1024\" src=\"https:\/\/www.ccsa.ufpb.br\/bsccsa\/wp-content\/uploads\/sites\/179\/sites\/248\/2025\/02\/memorias6-768x1024.jpeg\" alt=\"\" class=\"wp-image-35\" srcset=\"https:\/\/www.ccsa.ufpb.br\/bsccsa\/wp-content\/uploads\/sites\/179\/sites\/248\/2025\/02\/memorias6-768x1024.jpeg 768w, https:\/\/www.ccsa.ufpb.br\/bsccsa\/wp-content\/uploads\/sites\/179\/sites\/248\/2025\/02\/memorias6-225x300.jpeg 225w, https:\/\/www.ccsa.ufpb.br\/bsccsa\/wp-content\/uploads\/sites\/179\/sites\/248\/2025\/02\/memorias6.jpeg 774w\" sizes=\"auto, (max-width: 768px) 100vw, 768px\" \/><\/figure>\n<\/div>\n\n\n\n<div class=\"wp-block-column is-layout-flow wp-block-column-is-layout-flow\" style=\"flex-basis:66.66%\">\n<p>Caso o pesquisador n\u00e3o soubesse onde encontrar determinado assunto, ele era encaminhado ao <strong>setor de refer\u00eancia da Biblioteca Central<\/strong>. L\u00e1, podia consultar a cole\u00e7\u00e3o de <strong>obras de refer\u00eancia<\/strong>, incluindo a <strong>bibliografia especializada<\/strong> \u2014 um comp\u00eandio de refer\u00eancias de obras publicadas em determinados per\u00edodos e \u00e1reas do conhecimento. Com a refer\u00eancia em m\u00e3os, o pesquisador seguia para o setor de peri\u00f3dicos para localizar o material desejado.<\/p>\n\n\n\n<p>Mas e se a Biblioteca n\u00e3o possu\u00edsse o t\u00edtulo ou fasc\u00edculo necess\u00e1rio? Nesses casos, o pesquisador podia recorrer ao <strong>servi\u00e7o de Comuta\u00e7\u00e3o Bibliogr\u00e1fica (Comut) do Ibict<\/strong>, amplamente utilizado na d\u00e9cada de 1990 e in\u00edcio dos anos 2000. O procedimento ent\u00e3o mudava: o pesquisador era direcionado ao <strong>setor de Documenta\u00e7\u00e3o da Biblioteca Central<\/strong>, onde, mediante o pagamento de uma taxa, o pedido era formalizado.<\/p>\n\n\n\n<p>O tempo de espera variava conforme a tecnologia da \u00e9poca. Inicialmente, a c\u00f3pia do artigo era enviada pelos Correios, com um prazo m\u00e9dio de <strong>20 dias<\/strong> para entrega. Posteriormente, com o advento do e-mail, esse tempo foi reduzido para aproximadamente <strong>7 dias<\/strong>, tornando o acesso \u00e0 informa\u00e7\u00e3o mais \u00e1gil e eficiente.<\/p>\n<\/div>\n<\/div>\n\n\n\n<div class=\"wp-block-columns is-layout-flex wp-container-core-columns-is-layout-9d6595d7 wp-block-columns-is-layout-flex\">\n<div class=\"wp-block-column is-vertically-aligned-center is-layout-flow wp-block-column-is-layout-flow\" style=\"flex-basis:66.66%\">\n<p>O <strong>Portal de Peri\u00f3dicos da Capes<\/strong> representou um grande marco na democratiza\u00e7\u00e3o do acesso \u00e0 informa\u00e7\u00e3o cient\u00edfica nas universidades. Hoje, com apenas um clique, qualquer pessoa pode acessar um vasto universo de fontes de informa\u00e7\u00e3o cient\u00edfica \u2014 um avan\u00e7o tamb\u00e9m impulsionado pelo movimento <strong>Ci\u00eancia Aberta<\/strong>.<\/p>\n\n\n\n<p>Na <strong>UFPB<\/strong>, a comunidade acad\u00eamica pode usufruir desse recurso por meio do <strong>usu\u00e1rio e senha do SIGAA<\/strong>, garantindo acesso a milhares de obras cient\u00edficas de grandes editoras internacionais, com conte\u00fados de alta qualidade. Tudo isso na palma da m\u00e3o, a qualquer momento e de qualquer lugar.<\/p>\n\n\n\n<p><strong>Um salve \u00e0 tecnologia! E um salve \u00e0 nossa mem\u00f3ria!<\/strong><\/p>\n\n\n\n<p>\ud83d\udd0e <em>P.S.: Um fich\u00e1rio como esse pesa, em m\u00e9dia, 40 kg!<\/em><\/p>\n<\/div>\n\n\n\n<div class=\"wp-block-column is-vertically-aligned-center is-layout-flow wp-block-column-is-layout-flow\" style=\"flex-basis:33.33%\">\n<figure class=\"wp-block-image size-large\"><img loading=\"lazy\" decoding=\"async\" width=\"768\" height=\"1024\" src=\"http:\/\/www.ccsa.ufpb.br\/bsccsa\/wp-content\/uploads\/sites\/179\/sites\/248\/2025\/02\/memorisa7-768x1024.jpeg\" alt=\"\" class=\"wp-image-34\" srcset=\"https:\/\/www.ccsa.ufpb.br\/bsccsa\/wp-content\/uploads\/sites\/179\/sites\/248\/2025\/02\/memorisa7-768x1024.jpeg 768w, https:\/\/www.ccsa.ufpb.br\/bsccsa\/wp-content\/uploads\/sites\/179\/sites\/248\/2025\/02\/memorisa7-225x300.jpeg 225w, https:\/\/www.ccsa.ufpb.br\/bsccsa\/wp-content\/uploads\/sites\/179\/sites\/248\/2025\/02\/memorisa7.jpeg 774w\" sizes=\"auto, (max-width: 768px) 100vw, 768px\" \/><\/figure>\n<\/div>\n<\/div>\n\n\n\n<p><\/p>\n","protected":false},"excerpt":{"rendered":"<p>A Biblioteca Setorial Berilo Borba (BSBB), tamb\u00e9m conhecida como Biblioteca Setorial do CCSA, foi institu\u00edda [&hellip;]<\/p>\n","protected":false},"author":63,"featured_media":0,"parent":0,"menu_order":0,"comment_status":"closed","ping_status":"closed","template":"","meta":{"footnotes":""},"class_list":["post-29","page","type-page","status-publish","hentry"],"_links":{"self":[{"href":"https:\/\/www.ccsa.ufpb.br\/bsccsa\/wp-json\/wp\/v2\/pages\/29","targetHints":{"allow":["GET"]}}],"collection":[{"href":"https:\/\/www.ccsa.ufpb.br\/bsccsa\/wp-json\/wp\/v2\/pages"}],"about":[{"href":"https:\/\/www.ccsa.ufpb.br\/bsccsa\/wp-json\/wp\/v2\/types\/page"}],"author":[{"embeddable":true,"href":"https:\/\/www.ccsa.ufpb.br\/bsccsa\/wp-json\/wp\/v2\/users\/63"}],"replies":[{"embeddable":true,"href":"https:\/\/www.ccsa.ufpb.br\/bsccsa\/wp-json\/wp\/v2\/comments?post=29"}],"version-history":[{"count":21,"href":"https:\/\/www.ccsa.ufpb.br\/bsccsa\/wp-json\/wp\/v2\/pages\/29\/revisions"}],"predecessor-version":[{"id":1033,"href":"https:\/\/www.ccsa.ufpb.br\/bsccsa\/wp-json\/wp\/v2\/pages\/29\/revisions\/1033"}],"wp:attachment":[{"href":"https:\/\/www.ccsa.ufpb.br\/bsccsa\/wp-json\/wp\/v2\/media?parent=29"}],"curies":[{"name":"wp","href":"https:\/\/api.w.org\/{rel}","templated":true}]}}