{"id":560,"date":"2025-06-25T19:38:26","date_gmt":"2025-06-25T19:38:26","guid":{"rendered":"https:\/\/www.ccsa.ufpb.br\/bsccsa\/?page_id=560"},"modified":"2025-11-17T13:14:54","modified_gmt":"2025-11-17T13:14:54","slug":"ebooks-editora-ufpb","status":"publish","type":"page","link":"https:\/\/www.ccsa.ufpb.br\/bsccsa\/ebooks-editora-ufpb\/","title":{"rendered":"Ebooks Editora UFPB"},"content":{"rendered":"\n<p>A Editora Universit\u00e1ria da UFPB \u00e9 um dos selos editoriais acad\u00eamicos mais antigos e importantes do pa\u00eds. Criada em 1962 como Imprensa Universit\u00e1ria, tem como objetivo divulgar o conhecimento cient\u00edfico, t\u00e9cnico, art\u00edstico e cultural produzido pela comunidade universit\u00e1ria e por autores comprometidos com o pensamento cr\u00edtico e transformador.<br>Com mais de 60 anos de hist\u00f3ria, tornou-se refer\u00eancia nacional na valoriza\u00e7\u00e3o da produ\u00e7\u00e3o acad\u00eamica, aprimorando constantemente seus processos e ampliando o acesso \u00e0s suas publica\u00e7\u00f5es. Atua como elo entre universidade e sociedade, reafirmando seu compromisso p\u00fablico com o saber.<\/p>\n\n\n\n<p><sub><sup>[texto retirado do site da Editora da UFPB]<\/sup><\/sub><\/p>\n\n\n\n<p>Abaixo segue link com o cat\u00e1logo dos livros e ebooks da Editora da UFPB<\/p>\n\n\n\n<p><a href=\"https:\/\/www.editora.ufpb.br\/press5\/index.php\/UFPB\/catalog\/\" target=\"_blank\" rel=\"noreferrer noopener\">Ebooks Editora UFPB<\/a><\/p>\n\n\n\n<p><\/p>\n","protected":false},"excerpt":{"rendered":"<p>A Editora Universit\u00e1ria da UFPB \u00e9 um dos selos editoriais acad\u00eamicos mais antigos e importantes [&hellip;]<\/p>\n","protected":false},"author":200,"featured_media":0,"parent":0,"menu_order":0,"comment_status":"closed","ping_status":"closed","template":"","meta":{"footnotes":""},"class_list":["post-560","page","type-page","status-publish","hentry"],"_links":{"self":[{"href":"https:\/\/www.ccsa.ufpb.br\/bsccsa\/wp-json\/wp\/v2\/pages\/560","targetHints":{"allow":["GET"]}}],"collection":[{"href":"https:\/\/www.ccsa.ufpb.br\/bsccsa\/wp-json\/wp\/v2\/pages"}],"about":[{"href":"https:\/\/www.ccsa.ufpb.br\/bsccsa\/wp-json\/wp\/v2\/types\/page"}],"author":[{"embeddable":true,"href":"https:\/\/www.ccsa.ufpb.br\/bsccsa\/wp-json\/wp\/v2\/users\/200"}],"replies":[{"embeddable":true,"href":"https:\/\/www.ccsa.ufpb.br\/bsccsa\/wp-json\/wp\/v2\/comments?post=560"}],"version-history":[{"count":3,"href":"https:\/\/www.ccsa.ufpb.br\/bsccsa\/wp-json\/wp\/v2\/pages\/560\/revisions"}],"predecessor-version":[{"id":999,"href":"https:\/\/www.ccsa.ufpb.br\/bsccsa\/wp-json\/wp\/v2\/pages\/560\/revisions\/999"}],"wp:attachment":[{"href":"https:\/\/www.ccsa.ufpb.br\/bsccsa\/wp-json\/wp\/v2\/media?parent=560"}],"curies":[{"name":"wp","href":"https:\/\/api.w.org\/{rel}","templated":true}]}}