{"id":82,"date":"2025-02-04T20:56:52","date_gmt":"2025-02-04T20:56:52","guid":{"rendered":"https:\/\/www.ccsa.ufpb.br\/bsccsa2\/?page_id=82"},"modified":"2025-11-13T21:43:39","modified_gmt":"2025-11-13T21:43:39","slug":"documentos-para-download","status":"publish","type":"page","link":"https:\/\/www.ccsa.ufpb.br\/bsccsa\/documentos-para-download\/","title":{"rendered":"Documentos"},"content":{"rendered":"\n<h2 class=\"wp-block-heading\"><div class=\"linha-header\"><strong>DOCUMENTOS INSTIT<\/strong>UCIONAIS<\/div><\/h2>\n\n\n\n<figure class=\"wp-block-table\"><table class=\"has-fixed-layout\"><tbody><tr><td><a href=\"https:\/\/drive.google.com\/file\/d\/1b-gm-PGvrl0Jl1THDhAWZLTgfkVEM84e\/view?usp=sharing\" target=\"_blank\" rel=\"noreferrer noopener\">Folder da Biblioteca<\/a><\/td><\/tr><tr><td><a href=\"http:\/\/plone.ufpb.br\/bsccsa\/contents\/documentos\/termo-de-doacao-_-universidade-federal-da-paraiba.docx\" target=\"_blank\" rel=\"noreferrer noopener\">Termo de doa\u00e7\u00e3o<\/a><\/td><\/tr><tr><td><a href=\"https:\/\/drive.google.com\/file\/d\/1nfDFp59W5iE18FWj7wUYVfqlA4wZJjJj\/view?usp=drive_link\">Termo de autoriza\u00e7\u00e3o de publica\u00e7\u00e3o para o RI<\/a><\/td><\/tr><tr><td><a href=\"http:\/\/plone.ufpb.br\/bsccsa\/contents\/documentos\/normas-de-circulacao-2019-1.pdf\" target=\"_blank\" rel=\"noreferrer noopener\">Normas de Circula\u00e7\u00e3o<\/a><\/td><\/tr><tr><td><a href=\"https:\/\/docs.google.com\/document\/d\/1uV4UQpzRGWK2cmiZsKc4rjGo43ZuRNIyAJ2OMpLZvH4\/edit?usp=sharing\" data-type=\"link\" data-id=\"https:\/\/docs.google.com\/document\/d\/1uV4UQpzRGWK2cmiZsKc4rjGo43ZuRNIyAJ2OMpLZvH4\/edit?usp=sharing\" target=\"_blank\" rel=\"noreferrer noopener\">Template TCC<\/a><\/td><\/tr><tr><td><a href=\"https:\/\/docs.google.com\/document\/d\/e\/2PACX-1vSm9I-GIJMyBKFVXArjeubqRlS11hKy0Pt9apFMn75aWZ-_lZw6A7SmhcgGH25y3iCnspnR_dDoIaoV\/pub\" target=\"_blank\" rel=\"noreferrer noopener\">Regimento da BSBB<\/a><\/td><\/tr><tr><td><a href=\"http:\/\/plone.ufpb.br\/bsccsa\/contents\/documentos\/regimento-sistemoteca.pdf\" target=\"_blank\" rel=\"noreferrer noopener\">Regimento do Sistemoteca<\/a><\/td><\/tr><tr><td><a href=\"https:\/\/drive.google.com\/file\/d\/1OYPGEty--PSOyiYLVp8Uc_h-4wucV_lD\/view?usp=sharing\" target=\"_blank\" rel=\"noreferrer noopener\">Regimento do CCSA<\/a><\/td><\/tr><tr><td><a href=\"https:\/\/drive.google.com\/file\/d\/1dAa6p0p_le5cjpndqk-vNQMTTqe_zOX2\/view?usp=sharing\">PDI 2024-2028<\/a><\/td><\/tr><tr><td><a href=\"https:\/\/drive.google.com\/file\/d\/1qooXZaqUbYoa6DXyrVq2reTvxtWO9BQS\/view\">Plano de Conting\u00eamcia<\/a><\/td><\/tr><tr><td><a href=\"https:\/\/drive.google.com\/file\/d\/1M_6qanlQj21PGNhDMj9E3Rp6e-TwOznT\/view?usp=sharing\">Mapa CCSA<\/a><\/td><\/tr><tr><td><a href=\"https:\/\/drive.google.com\/file\/d\/1FvnIabz6OSydOZjJeSzMli4ngRVKyYBP\/view?usp=sharing\">Mapa CCSA e Central de aulas<\/a><\/td><\/tr><\/tbody><\/table><\/figure>\n\n\n\n<h2 class=\"wp-block-heading\"><div class=\"linha-header\"><strong>RELAT\u00d3RIOS DE GEST\u00c3O<\/strong><\/div><\/h2>\n\n\n\n<figure class=\"wp-block-table\"><table class=\"has-fixed-layout\"><tbody><tr><td><a href=\"http:\/\/plone.ufpb.br\/bsccsa\/contents\/documentos\/relatorio-2020_biblioteca-setorial-ccsa.pdf\">Relat\u00f3rio de Gest\u00e3o 2020<\/a><\/td><\/tr><tr><td><a href=\"http:\/\/plone.ufpb.br\/bsccsa\/contents\/documentos\/relatorio-2021_biblioteca-setorial-ccsa.pdf\">Relat\u00f3rio de Gest\u00e3o 2021<\/a><\/td><\/tr><tr><td><a href=\"http:\/\/plone.ufpb.br\/bsccsa\/contents\/documentos\/relatorio-2022_biblioteca-setorial-ccsa.pdf\">Relat\u00f3rio de Gest\u00e3o 2022<\/a><\/td><\/tr><tr><td><a href=\"http:\/\/plone.ufpb.br\/bsccsa\/contents\/documentos\/relatorio-2023_biblioteca-setorial-ccsa.pdf\">Relat\u00f3rio de Gest\u00e3o 2023<\/a><\/td><\/tr><tr><td><a href=\"https:\/\/drive.google.com\/file\/d\/117SxowV17lMB0JcWb8WGsC0La9n--B-_\/view\">Relat\u00f3rio de Gest\u00e3o 2024<\/a><\/td><\/tr><\/tbody><\/table><\/figure>\n\n\n\n<h2 class=\"wp-block-heading\"><div class=\"linha-header\"><strong>MANUAIS E TUTORIAIS&nbsp;<\/strong><\/div><\/h2>\n\n\n\n<figure class=\"wp-block-table\"><table class=\"has-fixed-layout\"><tbody><tr><td><a href=\"https:\/\/plataforma.bvirtual.com.br\/Manual\" target=\"_blank\" rel=\"noreferrer noopener\">Tutorial Biblioteca Virtual Pearson<\/a><\/td><\/tr><tr><td><a href=\"https:\/\/www.youtube.com\/watch?v=4XyqCab4a_w&amp;ab_channel=TargetGEDWeb\">Treinamento da Target IA para Usu\u00e1rios e Supervisores do GEDWeb<\/a><\/td><\/tr><tr><td><a href=\"http:\/\/www-periodicos-capes-gov-br.ez15.periodicos.capes.gov.br\/images\/documents\/Guia%20r%C3%A1pido%20do%20Novo%20Portal%20de%20Peri%C3%B3dicosv2.pdf\" target=\"_blank\" rel=\"noreferrer noopener\">Peri\u00f3dicos da Capes- Guia de uso<\/a><\/td><\/tr><tr><td><a href=\"https:\/\/www-periodicos-capes-gov-br.ez15.periodicos.capes.gov.br\/images\/documents\/Tutorial%20de%20Inscri%C3%A7%C3%A3o%20no%20Treinamento%20_GERAL_VF.pdf\">Tutorial de Inscri\u00e7\u00e3o no Treinamento Peri\u00f3dicos da Capes<\/a><\/td><\/tr><tr><td><a href=\"https:\/\/www.sti.ufpb.br\/ftp\/wifi\/Tutorial-Wifi-UfpbSemFios.pdf\"><\/a><a href=\"https:\/\/www.sti.ufpb.br\/ftp\/wifi\/Tutorial-Wifi-UfpbSemFios.pdf\" target=\"_blank\" rel=\"noreferrer noopener\">Tutorial Wi-fi UFPB sem fios<\/a><\/td><\/tr><tr><td><a href=\"http:\/\/Wi-Fi eduroam\"><\/a><a href=\"https:\/\/www.sti.ufpb.br\/ftp\/wifi\/Tutorial-Wifi-Eduroam.pdf\" target=\"_blank\" rel=\"noreferrer noopener\">Tutorial Wi-fi Eduroam<\/a><\/td><\/tr><tr><td><a href=\"http:\/\/www.sti.ufpb.br\/ftp\/wifi\/eduroam.mp4\" target=\"_blank\" rel=\"noreferrer noopener\">Tutorial-Wi-fi-Eduroam-VIDEO.html<\/a><\/td><\/tr><tr><td><a href=\"https:\/\/www.sti.ufpb.br\/firefox-ufpb\/\" target=\"_blank\" rel=\"noreferrer noopener\">Firefox UFPB<\/a><\/td><\/tr><tr><td><a href=\"https:\/\/www.gedweb.com.br\/media\/manual_usuario\/10\/index.html\" target=\"_blank\" rel=\"noreferrer noopener\">Manual do Usu\u00e1rio &#8211; Target GEDWeb<\/a><\/td><\/tr><tr><td><a href=\"https:\/\/www-periodicos-capes-gov-br.ez15.periodicos.capes.gov.br\/images\/documents\/Acesso%20CAFe%20_guia.pdf\" target=\"_blank\" rel=\"noreferrer noopener\">Acesso CAFe &#8211; guia r\u00e1pido<\/a><\/td><\/tr><\/tbody><\/table><\/figure>\n\n\n\n<p><\/p>\n","protected":false},"excerpt":{"rendered":"<p>DOCUMENTOS INSTITUCIONAIS Folder da Biblioteca Termo de doa\u00e7\u00e3o Termo de autoriza\u00e7\u00e3o de publica\u00e7\u00e3o para o [&hellip;]<\/p>\n","protected":false},"author":63,"featured_media":0,"parent":0,"menu_order":0,"comment_status":"closed","ping_status":"closed","template":"","meta":{"footnotes":""},"class_list":["post-82","page","type-page","status-publish","hentry"],"_links":{"self":[{"href":"https:\/\/www.ccsa.ufpb.br\/bsccsa\/wp-json\/wp\/v2\/pages\/82","targetHints":{"allow":["GET"]}}],"collection":[{"href":"https:\/\/www.ccsa.ufpb.br\/bsccsa\/wp-json\/wp\/v2\/pages"}],"about":[{"href":"https:\/\/www.ccsa.ufpb.br\/bsccsa\/wp-json\/wp\/v2\/types\/page"}],"author":[{"embeddable":true,"href":"https:\/\/www.ccsa.ufpb.br\/bsccsa\/wp-json\/wp\/v2\/users\/63"}],"replies":[{"embeddable":true,"href":"https:\/\/www.ccsa.ufpb.br\/bsccsa\/wp-json\/wp\/v2\/comments?post=82"}],"version-history":[{"count":21,"href":"https:\/\/www.ccsa.ufpb.br\/bsccsa\/wp-json\/wp\/v2\/pages\/82\/revisions"}],"predecessor-version":[{"id":983,"href":"https:\/\/www.ccsa.ufpb.br\/bsccsa\/wp-json\/wp\/v2\/pages\/82\/revisions\/983"}],"wp:attachment":[{"href":"https:\/\/www.ccsa.ufpb.br\/bsccsa\/wp-json\/wp\/v2\/media?parent=82"}],"curies":[{"name":"wp","href":"https:\/\/api.w.org\/{rel}","templated":true}]}}