{"id":100,"date":"2025-08-29T09:52:11","date_gmt":"2025-08-29T12:52:11","guid":{"rendered":"https:\/\/www.ccsa.ufpb.br\/cccc\/?page_id=100"},"modified":"2025-08-29T09:59:27","modified_gmt":"2025-08-29T12:59:27","slug":"equipe","status":"publish","type":"page","link":"https:\/\/www.ccsa.ufpb.br\/cccc\/equipe\/","title":{"rendered":"Equipe"},"content":{"rendered":"\n<p><strong>Coordenador:<\/strong><\/p>\n\n\n\n<p><a href=\"https:\/\/sigaa.ufpb.br\/sigaa\/public\/docente\/portal.jsf?siape=2368304\" target=\"_blank\" rel=\"noreferrer noopener\">Prof. Dr. Rob\u00e9rio Dantas de Fran\u00e7a<\/a><\/p>\n\n\n\n<p><strong>Vice-Coordenadora:<\/strong><\/p>\n\n\n\n<p><a href=\"https:\/\/sigaa.ufpb.br\/sigaa\/public\/docente\/portal.jsf?siape=1859411\" target=\"_blank\" rel=\"noreferrer noopener\">&nbsp;<\/a><a href=\"https:\/\/sigaa.ufpb.br\/sigaa\/public\/docente\/portal.jsf?siape=3226799\" target=\"_blank\" rel=\"noreferrer noopener\">Prof.\u00aa Dr.\u00aa Karla Katiuscia N\u00f3brega de Almeida<\/a>&nbsp;<a href=\"https:\/\/sigaa.ufpb.br\/sigaa\/public\/docente\/portal.jsf?siape=1859411\" target=\"_blank\" rel=\"noreferrer noopener\"><\/a><\/p>\n\n\n\n<p><strong>T\u00e9cnicos-Administrativos:<\/strong><\/p>\n\n\n\n<p>Alex de Souza Alves<\/p>\n\n\n\n<p>Ant\u00f4nio Carlos Barbosa<\/p>\n\n\n\n<p>\u00c9rika Maria Magalh\u00e3es \u00c1vila de Ara\u00fajo<\/p>\n\n\n\n<p>Jos\u00e9 R\u00f4mulo Batista Xavier J\u00fanior<\/p>\n\n\n\n<p><strong>Hor\u00e1rio de Funcionamento (atendimento presencial e por telefone):<\/strong><br>Segunda-feira a sexta-feira: 8h \u00e0s 21h<\/p>\n\n\n\n<p><strong>Hor\u00e1rios de Atendimento Presencial do Coordenador do Curso:<\/strong><\/p>\n\n\n\n<p>Segunda-feira a sexta-feira: 8h \u00e0s 12h e das 14h \u00e0s 17h<\/p>\n\n\n\n<p>Poder\u00e1 haver atendimento em outros hor\u00e1rios mediante combina\u00e7\u00e3o pr\u00e9via.<\/p>\n\n\n\n<p>Recomenda-se a confirma\u00e7\u00e3o via contato telef\u00f4nico de disponibilidade de atendimento.<\/p>\n\n\n\n<p><strong>Contatos:<\/strong><\/p>\n\n\n\n<p>Telefone: +55 (83) 3216-7457<\/p>\n\n\n\n<p><em>E-mail<\/em>: contabeis@academico.ufpb.br<\/p>\n\n\n\n<p><\/p>\n","protected":false},"excerpt":{"rendered":"<p>Coordenador: Prof. Dr. Rob\u00e9rio Dantas de Fran\u00e7a Vice-Coordenadora: &nbsp;Prof.\u00aa Dr.\u00aa Karla Katiuscia N\u00f3brega de Almeida&nbsp; [&hellip;]<\/p>\n","protected":false},"author":47,"featured_media":0,"parent":0,"menu_order":0,"comment_status":"closed","ping_status":"closed","template":"","meta":{"footnotes":""},"class_list":["post-100","page","type-page","status-publish","hentry"],"_links":{"self":[{"href":"https:\/\/www.ccsa.ufpb.br\/cccc\/wp-json\/wp\/v2\/pages\/100","targetHints":{"allow":["GET"]}}],"collection":[{"href":"https:\/\/www.ccsa.ufpb.br\/cccc\/wp-json\/wp\/v2\/pages"}],"about":[{"href":"https:\/\/www.ccsa.ufpb.br\/cccc\/wp-json\/wp\/v2\/types\/page"}],"author":[{"embeddable":true,"href":"https:\/\/www.ccsa.ufpb.br\/cccc\/wp-json\/wp\/v2\/users\/47"}],"replies":[{"embeddable":true,"href":"https:\/\/www.ccsa.ufpb.br\/cccc\/wp-json\/wp\/v2\/comments?post=100"}],"version-history":[{"count":2,"href":"https:\/\/www.ccsa.ufpb.br\/cccc\/wp-json\/wp\/v2\/pages\/100\/revisions"}],"predecessor-version":[{"id":103,"href":"https:\/\/www.ccsa.ufpb.br\/cccc\/wp-json\/wp\/v2\/pages\/100\/revisions\/103"}],"wp:attachment":[{"href":"https:\/\/www.ccsa.ufpb.br\/cccc\/wp-json\/wp\/v2\/media?parent=100"}],"curies":[{"name":"wp","href":"https:\/\/api.w.org\/{rel}","templated":true}]}}