{"id":53,"date":"2025-08-29T09:33:35","date_gmt":"2025-08-29T12:33:35","guid":{"rendered":"https:\/\/www.ccsa.ufpb.br\/cccc\/?page_id=53"},"modified":"2025-08-29T09:59:27","modified_gmt":"2025-08-29T12:59:27","slug":"formularios","status":"publish","type":"page","link":"https:\/\/www.ccsa.ufpb.br\/cccc\/formularios\/","title":{"rendered":"Formul\u00e1rios"},"content":{"rendered":"\n<p><strong>REQUERIMENTOS<\/strong><\/p>\n\n\n\n<p><a href=\"http:\/\/plone.ufpb.br\/cccc\/contents\/documentos\/formulario_aproveitamento_experiencia_profissional.pdf\">Formul\u00e1rio de Aproveitamento de Experi\u00eancia Profissional para Est\u00e1gio Supervisionado<\/a><\/p>\n\n\n\n<p><a href=\"http:\/\/plone.ufpb.br\/cccc\/contents\/documentos\/formulario_frequencia_estagio_supervisionado.pdf\">Formul\u00e1rio de Frequ\u00eancia do Est\u00e1gio Supervisionado<\/a><\/p>\n\n\n\n<p><a href=\"http:\/\/plone.ufpb.br\/cccc\/contents\/documentos\/plano_estudos_reingresso.pdf\">Plano de Estudos &#8211; Reingresso<\/a><\/p>\n\n\n\n<p><a href=\"http:\/\/plone.ufpb.br\/cccc\/contents\/documentos\/requerimento_geral.pdf\">Requerimento Geral<\/a><\/p>\n\n\n\n<p><a href=\"http:\/\/plone.ufpb.br\/cccc\/contents\/documentos\/requerimento_abono_faltas.pdf\">Requerimento de Abono de Faltas<\/a><\/p>\n\n\n\n<p><a href=\"http:\/\/plone.ufpb.br\/cccc\/contents\/documentos\/requerimento_atividade_complementar_flexivel.pdf\">Requerimento de Aproveitamento de Atividades Complementares Flex\u00edveis<\/a><\/p>\n\n\n\n<p><a href=\"http:\/\/plone.ufpb.br\/cccc\/contents\/documentos\/requerimento_disciplina_optativa_livre_escolha.pdf\">Requerimento de Aproveitamento de Disciplina Optativa de Livre Escolha<\/a><\/p>\n\n\n\n<p><a href=\"http:\/\/plone.ufpb.br\/cccc\/contents\/documentos\/requerimento_estagio_supervisionado.pdf\">Requerimento de Aproveitamento de Est\u00e1gio Supervisionado<\/a><\/p>\n\n\n\n<p><a href=\"http:\/\/plone.ufpb.br\/cccc\/contents\/documentos\/requerimento-dispensa-disciplinas.pdf\">Requerimento de Aproveitamento de Estudos e Dispensa de Disciplinas<\/a><\/p>\n\n\n\n<p><a href=\"http:\/\/plone.ufpb.br\/cccc\/contents\/documentos\/requerimento_aproveitamento_tcc.pdf\">Requerimento de Aproveitamento de Trabalho de Conclus\u00e3o de Curso<\/a><\/p>\n\n\n\n<p><a href=\"http:\/\/www.prg.ufpb.br\/prg\/codesc\/documentos\/formularios\/formulario-atualizacao-de-dados-cadastrais-1.pdf\/view\" target=\"_blank\" rel=\"noreferrer noopener\">Requerimento de Atualiza\u00e7\u00e3o de Dados Cadastrais<\/a><\/p>\n\n\n\n<p><a href=\"http:\/\/www.prg.ufpb.br\/prg\/codesc\/documentos\/formularios\/requerimento-cancelamento.pdf\/view\" target=\"_blank\" rel=\"noreferrer noopener\">Requerimento de Cancelamento de V\u00ednculo<\/a><\/p>\n\n\n\n<p><a href=\"http:\/\/plone.ufpb.br\/cccc\/contents\/documentos\/requerimento_colacao_grau_separado.pdf\">Requerimento de Cola\u00e7\u00e3o de Grau em Separado<\/a><\/p>\n\n\n\n<p><a href=\"http:\/\/plone.ufpb.br\/cccc\/contents\/documentos\/requerimento_dilatacao_prazo_conclusao_curso.pdf\">Requerimento de Dilata\u00e7\u00e3o de Prazo para Conclus\u00e3o do Curso<\/a><\/p>\n\n\n\n<p><a href=\"http:\/\/www.prg.ufpb.br\/prg\/codesc\/documentos\/formularios\/requerimento-de-1o-via-de-diploma.pdf\/view\" target=\"_blank\" rel=\"noreferrer noopener\">Requerimento de Diploma &#8211; 1\u00aa via<\/a><\/p>\n\n\n\n<p><a href=\"http:\/\/www.prg.ufpb.br\/prg\/codesc\/documentos\/diplomas\/requerimento-de-diploma-2a-via.pdf\" target=\"_blank\" rel=\"noreferrer noopener\">Requerimento de Diploma &#8211; 2\u00aa via<\/a><\/p>\n\n\n\n<p><a href=\"http:\/\/plone.ufpb.br\/cccc\/contents\/documentos\/requerimento_regime_exercicios_domiciliares.pdf\">Requerimento de Inser\u00e7\u00e3o em Regime de Exerc\u00edcios Domiciliares<\/a><\/p>\n\n\n\n<p><a href=\"http:\/\/plone.ufpb.br\/cccc\/contents\/documentos\/requerimento_matricula_turma_ferias_2021-4.pdf\">Requerimento de Matr\u00edcula em Turma de F\u00e9rias do Per\u00edodo Letivo 2021.4<\/a><\/p>\n\n\n\n<p><a href=\"http:\/\/www.prg.ufpb.br\/prg\/codesc\/documentos\/formularios\/anexo-1-requerimento.pdf\/view\" target=\"_blank\" rel=\"noreferrer noopener\">Requerimento de Mobilidade Estudantil<\/a><\/p>\n\n\n\n<p><a href=\"http:\/\/plone.ufpb.br\/cccc\/contents\/documentos\/requerimento_mudanca_turno.pdf\">Requerimento de Mudan\u00e7a de Turno<\/a><\/p>\n\n\n\n<p><a href=\"http:\/\/plone.ufpb.br\/cccc\/contents\/documentos\/recurso_prg.pdf\">Requerimento de Recurso \u00e0 Pr\u00f3-Reitoria de Gradua\u00e7\u00e3o<\/a><\/p>\n\n\n\n<p><a href=\"http:\/\/plone.ufpb.br\/cccc\/contents\/documentos\/recurso_colegiado_curso.pdf\">Requerimento de Recurso ao Colegiado do Curso<\/a><\/p>\n\n\n\n<p><a href=\"http:\/\/www.prg.ufpb.br\/prg\/codesc\/documentos\/formularios\/recurso-ao-consepe-formulario-padrao.pdf\/view\" target=\"_blank\" rel=\"noreferrer noopener\">Requerimento de Recurso ao CONSEPE<\/a><\/p>\n\n\n\n<p><a href=\"http:\/\/plone.ufpb.br\/cccc\/contents\/documentos\/recurso_departamento.pdf\">Requerimento de Recurso ao Departamento<\/a><\/p>\n\n\n\n<p><a href=\"http:\/\/www.prg.ufpb.br\/prg\/codesc\/documentos\/formularios\/formulario-reingresso.pdf\/view\" target=\"_blank\" rel=\"noreferrer noopener\">Requerimento de Reingresso<\/a><\/p>\n\n\n\n<p><a href=\"http:\/\/plone.ufpb.br\/cccc\/contents\/documentos\/requerimento_revisao_avaliacao_aprendizagem.pdf\">Requerimento de Revis\u00e3o da Avalia\u00e7\u00e3o de Aprendizagem<\/a><\/p>\n\n\n\n<p><strong>TRABALHO DE CONCLUS\u00c3O DE CURSO<\/strong><\/p>\n\n\n\n<p><a href=\"http:\/\/plone.ufpb.br\/cccc\/contents\/documentos\/formulario_avaliacao_tcc-i.pdf\">Formul\u00e1rio de Avalia\u00e7\u00e3o do Trabalho de Conclus\u00e3o de Curso I<\/a><\/p>\n\n\n\n<p><a href=\"http:\/\/plone.ufpb.br\/cccc\/contents\/documentos\/formulario_cadastro_banca_defesa_tcc_i_tcc_ii.docx\">Formul\u00e1rio de Cadastro de Banca de Defesa do Trabalho de Conclus\u00e3o de Curso I e II<\/a><\/p>\n\n\n\n<p><a href=\"http:\/\/plone.ufpb.br\/cccc\/contents\/documentos\/formulario_parecer_banca_examinadora_tcc.pdf\">Formul\u00e1rio de Parecer da Banca Examinadora de Trabalho de Conclus\u00e3o de Curso<\/a><\/p>\n\n\n\n<p><a href=\"http:\/\/plone.ufpb.br\/cccc\/contents\/documentos\/formulario_participacao_defesa_publica.pdf\">Formul\u00e1rio de Participa\u00e7\u00e3o em Defesa P\u00fablica<\/a><\/p>\n\n\n\n<p><a href=\"http:\/\/plone.ufpb.br\/cccc\/contents\/documentos\/lista_presenca_defesa_tcc.pdf\">Lista de Presen\u00e7a em Defesa de Trabalho de Conclus\u00e3o de Curso<\/a><\/p>\n\n\n\n<p><a href=\"http:\/\/plone.ufpb.br\/cccc\/contents\/documentos\/requerimento_matricula_trabalho_conclusao_curso.pdf\">Requerimento de Matr\u00edcula em Trabalho de Conclus\u00e3o de Curso I e II<\/a><\/p>\n\n\n\n<p><a href=\"http:\/\/www.ccsa.ufpb.br\/bsccsa\/contents\/documentos\/termo-de-autorizacao-para-publicacao-eletronica-no-repositorio-institucional-da-ufpb.pdf\" target=\"_blank\" rel=\"noreferrer noopener\">Termo de Autoriza\u00e7\u00e3o para Publica\u00e7\u00e3o no Reposit\u00f3rio Institucional da UFPB<\/a><\/p>\n\n\n\n<p><a href=\"http:\/\/plone.ufpb.br\/cccc\/contents\/documentos\/termo_compromisso_orientacao_tcc.pdf\">Termo de Compromisso para Orienta\u00e7\u00e3o de Trabalho de Conclus\u00e3o de Curso<\/a><\/p>\n","protected":false},"excerpt":{"rendered":"<p>REQUERIMENTOS Formul\u00e1rio de Aproveitamento de Experi\u00eancia Profissional para Est\u00e1gio Supervisionado Formul\u00e1rio de Frequ\u00eancia do Est\u00e1gio [&hellip;]<\/p>\n","protected":false},"author":47,"featured_media":0,"parent":0,"menu_order":0,"comment_status":"closed","ping_status":"closed","template":"","meta":{"footnotes":""},"class_list":["post-53","page","type-page","status-publish","hentry"],"_links":{"self":[{"href":"https:\/\/www.ccsa.ufpb.br\/cccc\/wp-json\/wp\/v2\/pages\/53","targetHints":{"allow":["GET"]}}],"collection":[{"href":"https:\/\/www.ccsa.ufpb.br\/cccc\/wp-json\/wp\/v2\/pages"}],"about":[{"href":"https:\/\/www.ccsa.ufpb.br\/cccc\/wp-json\/wp\/v2\/types\/page"}],"author":[{"embeddable":true,"href":"https:\/\/www.ccsa.ufpb.br\/cccc\/wp-json\/wp\/v2\/users\/47"}],"replies":[{"embeddable":true,"href":"https:\/\/www.ccsa.ufpb.br\/cccc\/wp-json\/wp\/v2\/comments?post=53"}],"version-history":[{"count":1,"href":"https:\/\/www.ccsa.ufpb.br\/cccc\/wp-json\/wp\/v2\/pages\/53\/revisions"}],"predecessor-version":[{"id":54,"href":"https:\/\/www.ccsa.ufpb.br\/cccc\/wp-json\/wp\/v2\/pages\/53\/revisions\/54"}],"wp:attachment":[{"href":"https:\/\/www.ccsa.ufpb.br\/cccc\/wp-json\/wp\/v2\/media?parent=53"}],"curies":[{"name":"wp","href":"https:\/\/api.w.org\/{rel}","templated":true}]}}