{"id":57,"date":"2025-08-29T09:34:28","date_gmt":"2025-08-29T12:34:28","guid":{"rendered":"https:\/\/www.ccsa.ufpb.br\/cccc\/?page_id=57"},"modified":"2025-08-29T09:59:27","modified_gmt":"2025-08-29T12:59:27","slug":"infraestrutura-do-curso","status":"publish","type":"page","link":"https:\/\/www.ccsa.ufpb.br\/cccc\/infraestrutura-do-curso\/","title":{"rendered":"Infraestrutura do Curso"},"content":{"rendered":"\n<p>A administra\u00e7\u00e3o central da <a href=\"https:\/\/www.ufpb.br\/\" target=\"_blank\" rel=\"noreferrer noopener\">UFPB <\/a>encontra-se na Reitoria, onde os discentes contam com toda infraestrutura de atendimento \u00e0s demandas de ensino, pesquisa e extens\u00e3o.<\/p>\n\n\n\n<p>O <a href=\"http:\/\/ccsa.ufpb.br\/\" target=\"_blank\" rel=\"noreferrer noopener\">Centro de Ci\u00eancias Sociais Aplicadas<\/a> (CCSA) conta com espa\u00e7os administrativos para a Dire\u00e7\u00e3o e setores a ela subordinados (Assessoria Administrativa, Assessoria de Extens\u00e3o, Assessoria de Inform\u00e1tica, Setor de Gest\u00e3o de Pessoas, Arquivo Setorial, Sala de Reuni\u00f5es,&nbsp;Almoxarifado, Copas dos Servidores), Departamentos, Coordena\u00e7\u00f5es de Cursos de Gradua\u00e7\u00e3o, Especializa\u00e7\u00e3o e P\u00f3s-Gradua\u00e7\u00e3o, e Centros Acad\u00eamicos.&nbsp;O <a href=\"http:\/\/www.ccsa.ufpb.br\/cccc\/contents\/menu\/departamento-de-financas-e-contabilidade\" target=\"_blank\" rel=\"noreferrer noopener\">Departamento de Finan\u00e7as e Contabilidade<\/a> (DFC), respons\u00e1vel pelo Curso de Ci\u00eancias Cont\u00e1beis, conta com uma&nbsp;Secretaria de Atendimento, sala de reuni\u00e3o dos docentes e uma sala para a Chefia.&nbsp;A Coordena\u00e7\u00e3o do Curso de Ci\u00eancias Cont\u00e1beis (CCCC) conta com uma Secretaria de Atendimento e uma sala para o Coordenador e Vice-Coordenador.<\/p>\n\n\n\n<p>O CCSA possui os seguintes espa\u00e7os que s\u00e3o compartilhados com todos os cursos:<\/p>\n\n\n\n<ul class=\"wp-block-list\">\n<li><strong>Ambiente dos Professores<\/strong>: gabinetes dispon\u00edveis para os professores realizarem suas atividades extra-classe de ensino, pesquisa e extens\u00e3o;<\/li>\n\n\n\n<li><strong>Audit\u00f3rio Azul<\/strong>: com capacidade para 50 pessoas, equipado com computador e projetor multim\u00eddia, utilizado para atividades de ensino, extens\u00e3o e pesquisa, mediante reserva pr\u00e9via;<\/li>\n\n\n\n<li><strong>Audit\u00f3rio 211<\/strong>: com capacidade para 200 pessoas,\u00a0equipado projetor multim\u00eddia, sistema de \u00e1udio e som,\u00a0utilizado para atividades de ensino, extens\u00e3o e pesquisa, mediante reserva pr\u00e9via;<\/li>\n\n\n\n<li><strong><a href=\"http:\/\/www.ccsa.ufpb.br\/bsccsa\" target=\"_blank\" rel=\"noreferrer noopener\">Biblioteca Setorial<\/a><\/strong>: possui espa\u00e7o para realiza\u00e7\u00e3o de estudo e atividades acad\u00eamicas, acesso ao acervo f\u00edsico e digital, conta com livros, peri\u00f3dicos e obras de refer\u00eancia, al\u00e9m de<a href=\"https:\/\/biblioteca.ufpb.br\/biblioteca\/contents\/menu\/biblioteca-1\/portais-de-pesquisa-e-bases-de-dados\" target=\"_blank\" rel=\"noreferrer noopener\"> portais de pesquisa e base de dados<\/a>. Mais informa\u00e7\u00f5es no menu <a href=\"http:\/\/www.ccsa.ufpb.br\/cccc\/contents\/menu\/biblioteca-1\" target=\"_blank\" rel=\"noreferrer noopener\">Biblioteca<\/a>;<\/li>\n\n\n\n<li><strong>Centros Acad\u00eamicos<\/strong>: espa\u00e7os dos representantes estudantis, incluindo o <a href=\"http:\/\/www.ccsa.ufpb.br\/cccc\/contents\/menu\/centro-academico-de-ciencias-contabeis\" target=\"_blank\" rel=\"noreferrer noopener\">Centro Acad\u00eamico de Ci\u00eancias Cont\u00e1beis<\/a> (CACiC);<\/li>\n\n\n\n<li><strong>Laborat\u00f3rio de Inclus\u00e3o Digital<\/strong>: equipado com computadores com acesso \u00e0 Internet, nos quais os alunos podem realizar trabalhos acad\u00eamicos e pesquisas;<\/li>\n\n\n\n<li><strong>Laborat\u00f3rio de Inform\u00e1tica I e Laborat\u00f3rio de Inform\u00e1tica II<\/strong>:\u00a0equipados com computadores com acesso \u00e0 Internet, que s\u00e3o utilizados para atividades de ensino, extens\u00e3o e pesquisa, mediante reserva pr\u00e9via;<\/li>\n\n\n\n<li><strong>Pra\u00e7a de Conviv\u00eancia<\/strong>: local de conviv\u00eancia entre todos os usu\u00e1rios do CCSA, sendo tamb\u00e9m utilizado para eventos;<\/li>\n\n\n\n<li><strong>Sala de V\u00eddeo-Confer\u00eancia<\/strong>:\u00a0com capacidade para 30 pessoas, devidamente equipada para realiza\u00e7\u00e3o de v\u00eddeo-confer\u00eancia;<\/li>\n\n\n\n<li><strong>Sala Multim\u00eddia<\/strong>:\u00a0com capacidade para 40 pessoas, equipado computador e projetor multim\u00eddia,\u00a0utilizada para atividades de ensino, extens\u00e3o e pesquisa, mediante reserva pr\u00e9via;<\/li>\n\n\n\n<li><strong>Salas de Aula<\/strong>: 27 salas para os cursos de gradua\u00e7\u00e3o com capacidade para at\u00e9 50 alunos;<\/li>\n\n\n\n<li><strong>Blocos das P\u00f3s-Gradua\u00e7\u00f5es<\/strong>: conta com espa\u00e7os administrativos, salas de aula, laborat\u00f3rios de ensino e pesquisa, e audit\u00f3rio, que podem ser utilizados mediante reserva pr\u00e9via.<\/li>\n<\/ul>\n\n\n\n<p>O Departamento de Finan\u00e7as e Contabilidade (DFC) possui um N\u00facleo de Contabilidade Aplicada, o qual \u00e9 composto por uma Secretaria de Atendimento e pelos&nbsp;<strong>Laborat\u00f3rio de Contabilidade I e Laborat\u00f3rio de Contabilidade&nbsp;II<\/strong>, com capacidade para 50 alunos cada um,&nbsp;equipados com computadores com acesso \u00e0 Internet e com <em>softwares<\/em> da \u00e1rea cont\u00e1bil, os quais s\u00e3o utilizados para atividades de ensino, extens\u00e3o e pesquisa.<\/p>\n\n\n\n<p>Todo o CCSA conta com acesso \u00e0 Internet via Wi-Fi e nos computadores instalados na rede f\u00edsica.&nbsp;O CCSA disponibiliza acesso \u00e0s bases de dados<a href=\"https:\/\/economatica.com\/\" target=\"_blank\" rel=\"noreferrer noopener\"> Economatica<\/a>, com livre acesso na rede do CCSA, e <a href=\"https:\/\/www.thomsonreuters.com.br\/\" target=\"_blank\" rel=\"noreferrer noopener\">Thomson Reuters<\/a>, com acesso supervisionado pelo <a href=\"http:\/\/www.ccsa.ufpb.br\/ppgcc\/\" target=\"_blank\" rel=\"noreferrer noopener\">Programa de P\u00f3s-Gradua\u00e7\u00e3o em Ci\u00eancias Cont\u00e1beis<\/a>.<\/p>\n\n\n\n<p>A UFPB disponibiliza a todos os discentes espa\u00e7os como a&nbsp;<a href=\"https:\/\/biblioteca.ufpb.br\/\" target=\"_blank\" rel=\"noreferrer noopener\">Biblioteca Central<\/a>, <a href=\"https:\/\/www.ufpb.br\/prape\/colecoes\/restaurante-universitario\" target=\"_blank\" rel=\"noreferrer noopener\">Restaurante Universit\u00e1rio<\/a>, <a href=\"https:\/\/www.ufpb.br\/prape\/colecoes\/residencia-universitaria\" target=\"_blank\" rel=\"noreferrer noopener\">Resid\u00eancia Universit\u00e1ria<\/a>, <a href=\"http:\/\/www2.ebserh.gov.br\/web\/hulw-ufpb\" target=\"_blank\" rel=\"noreferrer noopener\">Hospital Universit\u00e1rio Lauro Wanderley<\/a>, <a href=\"https:\/\/www.ufpb.br\/cras\" target=\"_blank\" rel=\"noreferrer noopener\">Centro de Refer\u00eancia em Aten\u00e7\u00e3o \u00e0 Sa\u00fade<\/a>, Centro de Viv\u00eancias e diversos outros espa\u00e7os e estruturas de uso coletivo.<\/p>\n","protected":false},"excerpt":{"rendered":"<p>A administra\u00e7\u00e3o central da UFPB encontra-se na Reitoria, onde os discentes contam com toda infraestrutura [&hellip;]<\/p>\n","protected":false},"author":47,"featured_media":0,"parent":0,"menu_order":0,"comment_status":"closed","ping_status":"closed","template":"","meta":{"footnotes":""},"class_list":["post-57","page","type-page","status-publish","hentry"],"_links":{"self":[{"href":"https:\/\/www.ccsa.ufpb.br\/cccc\/wp-json\/wp\/v2\/pages\/57","targetHints":{"allow":["GET"]}}],"collection":[{"href":"https:\/\/www.ccsa.ufpb.br\/cccc\/wp-json\/wp\/v2\/pages"}],"about":[{"href":"https:\/\/www.ccsa.ufpb.br\/cccc\/wp-json\/wp\/v2\/types\/page"}],"author":[{"embeddable":true,"href":"https:\/\/www.ccsa.ufpb.br\/cccc\/wp-json\/wp\/v2\/users\/47"}],"replies":[{"embeddable":true,"href":"https:\/\/www.ccsa.ufpb.br\/cccc\/wp-json\/wp\/v2\/comments?post=57"}],"version-history":[{"count":1,"href":"https:\/\/www.ccsa.ufpb.br\/cccc\/wp-json\/wp\/v2\/pages\/57\/revisions"}],"predecessor-version":[{"id":58,"href":"https:\/\/www.ccsa.ufpb.br\/cccc\/wp-json\/wp\/v2\/pages\/57\/revisions\/58"}],"wp:attachment":[{"href":"https:\/\/www.ccsa.ufpb.br\/cccc\/wp-json\/wp\/v2\/media?parent=57"}],"curies":[{"name":"wp","href":"https:\/\/api.w.org\/{rel}","templated":true}]}}