{"id":78,"date":"2025-08-29T09:43:26","date_gmt":"2025-08-29T12:43:26","guid":{"rendered":"https:\/\/www.ccsa.ufpb.br\/cccc\/?page_id=78"},"modified":"2025-08-29T09:43:26","modified_gmt":"2025-08-29T12:43:26","slug":"projeto-pedagogico-do-curso","status":"publish","type":"page","link":"https:\/\/www.ccsa.ufpb.br\/cccc\/projeto-pedagogico-do-curso\/","title":{"rendered":"Projeto Pedag\u00f3gico do Curso"},"content":{"rendered":"\n<p><a href=\"http:\/\/plone.ufpb.br\/cccc\/contents\/documentos\/ppc_cc_ufpb_nde_2015_final.pdf\" target=\"_blank\" rel=\"noreferrer noopener\">Projeto Pedag\u00f3gico do Curso<\/a><\/p>\n\n\n\n<p><a href=\"http:\/\/plone.ufpb.br\/cccc\/contents\/documentos\/resolucao_37_2016_consepe_ppc.pdf\" target=\"_blank\" rel=\"noreferrer noopener\">Resolu\u00e7\u00e3o CONSEPE n.\u00ba 37\/2016<\/a>&nbsp;&#8211; Aprova o Projeto Pol\u00edtico-Pedag\u00f3gico do Curso<\/p>\n\n\n\n<p><a href=\"http:\/\/www.ccsa.ufpb.br\/cccc\/contents\/documentos\/portaria_prg_g_16_2019_autoriza_alteracao_ppc_ciencias_contabeis.pdf\" target=\"_blank\" rel=\"noreferrer noopener\"><\/a><a href=\"http:\/\/www.ccsa.ufpb.br\/cccc\/contents\/documentos\/portaria_prg_g_16_2019_autoriza_alteracao_ppc_ciencias_contabeis.pdf\" target=\"_blank\" rel=\"noreferrer noopener\">Portaria PRG\/G\/N\u00ba 16\/2019<\/a>&nbsp;&#8211; Altera\u00e7\u00f5es no Projeto Pedag\u00f3gico do Curso<\/p>\n\n\n\n<p><a href=\"http:\/\/www.ccsa.ufpb.br\/cccc\/contents\/documentos\/resolucao_21-2020_consepe_alteracao_ppc.pdf\" target=\"_blank\" rel=\"noreferrer noopener\">Resolu\u00e7\u00e3o n.\u00ba 21\/2020\/CONSEPE<\/a>&nbsp;&#8211;&nbsp;Altera\u00e7\u00f5es no Projeto Pedag\u00f3gico do Curso<\/p>\n\n\n\n<p><a href=\"http:\/\/plone.ufpb.br\/cccc\/contents\/documentos\/fluxograma_2016_alterado_pela_portaria_prg_g_n_16-2019.pdf\">Fluxograma do Curso de Ci\u00eancias Cont\u00e1beis &#8211; Estrutura Curricular 2016<\/a><\/p>\n","protected":false},"excerpt":{"rendered":"<p>Projeto Pedag\u00f3gico do Curso Resolu\u00e7\u00e3o CONSEPE n.\u00ba 37\/2016&nbsp;&#8211; Aprova o Projeto Pol\u00edtico-Pedag\u00f3gico do Curso Portaria [&hellip;]<\/p>\n","protected":false},"author":47,"featured_media":0,"parent":0,"menu_order":0,"comment_status":"closed","ping_status":"closed","template":"","meta":{"footnotes":""},"class_list":["post-78","page","type-page","status-publish","hentry"],"_links":{"self":[{"href":"https:\/\/www.ccsa.ufpb.br\/cccc\/wp-json\/wp\/v2\/pages\/78","targetHints":{"allow":["GET"]}}],"collection":[{"href":"https:\/\/www.ccsa.ufpb.br\/cccc\/wp-json\/wp\/v2\/pages"}],"about":[{"href":"https:\/\/www.ccsa.ufpb.br\/cccc\/wp-json\/wp\/v2\/types\/page"}],"author":[{"embeddable":true,"href":"https:\/\/www.ccsa.ufpb.br\/cccc\/wp-json\/wp\/v2\/users\/47"}],"replies":[{"embeddable":true,"href":"https:\/\/www.ccsa.ufpb.br\/cccc\/wp-json\/wp\/v2\/comments?post=78"}],"version-history":[{"count":1,"href":"https:\/\/www.ccsa.ufpb.br\/cccc\/wp-json\/wp\/v2\/pages\/78\/revisions"}],"predecessor-version":[{"id":79,"href":"https:\/\/www.ccsa.ufpb.br\/cccc\/wp-json\/wp\/v2\/pages\/78\/revisions\/79"}],"wp:attachment":[{"href":"https:\/\/www.ccsa.ufpb.br\/cccc\/wp-json\/wp\/v2\/media?parent=78"}],"curies":[{"name":"wp","href":"https:\/\/api.w.org\/{rel}","templated":true}]}}