{"id":217,"date":"2026-02-12T11:17:58","date_gmt":"2026-02-12T14:17:58","guid":{"rendered":"https:\/\/www.ccsa.ufpb.br\/cce\/?page_id=217"},"modified":"2026-03-07T12:43:20","modified_gmt":"2026-03-07T15:43:20","slug":"contato","status":"publish","type":"page","link":"https:\/\/www.ccsa.ufpb.br\/cce\/contato\/","title":{"rendered":"Contato"},"content":{"rendered":"\n<p><strong>E-mail:<\/strong>&nbsp;cge@ccsa.ufpb.br<\/p>\n\n\n\n<p><strong>Telefone:<\/strong>&nbsp;(83) 3216-7287<\/p>\n\n\n\n<p><strong>Hor\u00e1rio de funcionamento:<\/strong>&nbsp;07h \u00e0s 21h.<\/p>\n\n\n\n<p><strong>Servidores:<\/strong><\/p>\n\n\n\n<p>Ant\u00f4nio Pinheiro<\/p>\n\n\n\n<p>Artur Neves<\/p>\n\n\n\n<p>\u00c0lvaro Neto<\/p>\n\n\n\n<p>Juliete Ferreira<\/p>\n\n\n\n<p><strong>Coordenadora: <\/strong><\/p>\n\n\n\n<p>Dra. Gabriela Bezerra de Medeiros<\/p>\n\n\n\n<p><strong>Vice Coordenador: <\/strong><\/p>\n\n\n\n<p>Dr. H\u00e9lio Ramos<\/p>\n","protected":false},"excerpt":{"rendered":"<p>E-mail:&nbsp;cge@ccsa.ufpb.br Telefone:&nbsp;(83) 3216-7287 Hor\u00e1rio de funcionamento:&nbsp;07h \u00e0s 21h. Servidores: Ant\u00f4nio Pinheiro Artur Neves \u00c0lvaro Neto [&hellip;]<\/p>\n","protected":false},"author":484,"featured_media":0,"parent":0,"menu_order":0,"comment_status":"closed","ping_status":"closed","template":"","meta":{"footnotes":""},"class_list":["post-217","page","type-page","status-publish","hentry"],"_links":{"self":[{"href":"https:\/\/www.ccsa.ufpb.br\/cce\/wp-json\/wp\/v2\/pages\/217","targetHints":{"allow":["GET"]}}],"collection":[{"href":"https:\/\/www.ccsa.ufpb.br\/cce\/wp-json\/wp\/v2\/pages"}],"about":[{"href":"https:\/\/www.ccsa.ufpb.br\/cce\/wp-json\/wp\/v2\/types\/page"}],"author":[{"embeddable":true,"href":"https:\/\/www.ccsa.ufpb.br\/cce\/wp-json\/wp\/v2\/users\/484"}],"replies":[{"embeddable":true,"href":"https:\/\/www.ccsa.ufpb.br\/cce\/wp-json\/wp\/v2\/comments?post=217"}],"version-history":[{"count":2,"href":"https:\/\/www.ccsa.ufpb.br\/cce\/wp-json\/wp\/v2\/pages\/217\/revisions"}],"predecessor-version":[{"id":230,"href":"https:\/\/www.ccsa.ufpb.br\/cce\/wp-json\/wp\/v2\/pages\/217\/revisions\/230"}],"wp:attachment":[{"href":"https:\/\/www.ccsa.ufpb.br\/cce\/wp-json\/wp\/v2\/media?parent=217"}],"curies":[{"name":"wp","href":"https:\/\/api.w.org\/{rel}","templated":true}]}}