{"id":221,"date":"2026-03-05T10:17:48","date_gmt":"2026-03-05T13:17:48","guid":{"rendered":"https:\/\/www.ccsa.ufpb.br\/cce\/?page_id=221"},"modified":"2026-03-10T11:04:11","modified_gmt":"2026-03-10T14:04:11","slug":"diploma","status":"publish","type":"page","link":"https:\/\/www.ccsa.ufpb.br\/cce\/diploma\/","title":{"rendered":"Diploma"},"content":{"rendered":"\n<p><\/p>\n\n\n\n<h1 class=\"wp-block-heading\"><strong>Consulta de Registros de Diplomas da Gradua\u00e7\u00e3o<\/strong><\/h1>\n\n\n\n<p><a href=\"https:\/\/sigaa.ufpb.br\/sigaa\/public\/diplomas\/busca_registros.jsf\">Acesso a \u00e1rea do Sistema<\/a><\/p>\n\n\n\n<h2 class=\"wp-block-heading\"><div class=\"linha-header\"><strong>Legisla\u00e7\u00e3o e Normas sobre Diplomas<\/strong><\/div><\/h2>\n\n\n\n<p><img loading=\"lazy\" decoding=\"async\" width=\"32\" height=\"32\" src=\"http:\/\/www.prg.ufpb.br\/wp-content\/uploads\/sites\/302\/sites\/302\/2025\/09\/instrucao.png\" alt=\"\">&nbsp;<strong><a href=\"https:\/\/drive.ufpb.br\/s\/B6XZEybArX32Cga\">Instru\u00e7\u00e3o Normativa Sobre L\u00e1urea Acad\u00eamica<\/a><\/strong>&nbsp;<img loading=\"lazy\" decoding=\"async\" width=\"16\" height=\"16\" src=\"http:\/\/www.prg.ufpb.br\/wp-content\/uploads\/sites\/302\/sites\/302\/2025\/09\/up-right-arrow1.png\" alt=\"\"><\/p>\n\n\n\n<p><img loading=\"lazy\" decoding=\"async\" width=\"32\" height=\"32\" src=\"http:\/\/www.prg.ufpb.br\/wp-content\/uploads\/sites\/302\/sites\/302\/2025\/09\/instrucao.png\" alt=\"\">&nbsp;<strong><a href=\"https:\/\/drive.ufpb.br\/s\/ADX4Ex2eJ7HbLiL\">Instru\u00e7\u00e3o Normativa sobre Emiss\u00e3o de Diploma Digital<\/a><\/strong>&nbsp;<img loading=\"lazy\" decoding=\"async\" width=\"16\" height=\"16\" src=\"http:\/\/www.prg.ufpb.br\/wp-content\/uploads\/sites\/302\/sites\/302\/2025\/09\/up-right-arrow1.png\" alt=\"\"><\/p>\n\n\n\n<h2 class=\"wp-block-heading\"><div class=\"linha-header\"><strong>Requerimento de via de Diploma<\/strong><\/div><\/h2>\n\n\n\n<p><img loading=\"lazy\" decoding=\"async\" width=\"32\" height=\"32\" src=\"http:\/\/www.prg.ufpb.br\/wp-content\/uploads\/sites\/302\/sites\/302\/2025\/09\/requerimento.png\" alt=\"\">&nbsp;<strong><a href=\"https:\/\/drive.ufpb.br\/s\/aRoYw6jtaaNDL6K\">Requerimento de 1\u00aa via de Diploma<\/a><\/strong>&nbsp;<img loading=\"lazy\" decoding=\"async\" width=\"16\" height=\"16\" src=\"http:\/\/www.prg.ufpb.br\/wp-content\/uploads\/sites\/302\/sites\/302\/2025\/09\/up-right-arrow1.png\" alt=\"\"><\/p>\n\n\n\n<p><img loading=\"lazy\" decoding=\"async\" width=\"32\" height=\"32\" src=\"http:\/\/www.prg.ufpb.br\/wp-content\/uploads\/sites\/302\/sites\/302\/2025\/09\/livro-digital.png\" alt=\"\">&nbsp;<strong><a href=\"https:\/\/drive.ufpb.br\/s\/bRe8P3B6BntAfES\">Requerimento de 2\u00aa via de Diploma (PRIMEIRA VIA DIGITAL)<\/a><\/strong>&nbsp;<img loading=\"lazy\" decoding=\"async\" width=\"16\" height=\"16\" src=\"http:\/\/www.prg.ufpb.br\/wp-content\/uploads\/sites\/302\/sites\/302\/2025\/09\/up-right-arrow1.png\" alt=\"\">&nbsp;Formul\u00e1rio a ser utilizado pelos egressos cuja primeira via foi emitida pela UFPB no formato digital.<\/p>\n\n\n\n<p><img loading=\"lazy\" decoding=\"async\" width=\"32\" height=\"32\" src=\"http:\/\/www.prg.ufpb.br\/wp-content\/uploads\/sites\/302\/sites\/302\/2025\/09\/rolagem.png\" alt=\"\"><strong><a href=\"https:\/\/drive.ufpb.br\/s\/CFEbdWQWZoAtmGA\">Requerimento de 2\u00aa via de Diploma (PRIMEIRA VIA F\u00cdSICA)<\/a><\/strong>&nbsp;<img loading=\"lazy\" decoding=\"async\" width=\"16\" height=\"16\" src=\"http:\/\/www.prg.ufpb.br\/wp-content\/uploads\/sites\/302\/sites\/302\/2025\/09\/up-right-arrow1.png\" alt=\"\">&nbsp;Formul\u00e1rio a ser utilizado pelos egressos cuja primeira via foi emitida pela UFPB no formato impresso f\u00edsico.<\/p>\n\n\n\n<h2 class=\"wp-block-heading\"><div class=\"linha-header\"><img loading=\"lazy\" decoding=\"async\" width=\"32\" height=\"32\" src=\"http:\/\/www.prg.ufpb.br\/wp-content\/uploads\/sites\/302\/sites\/302\/2025\/09\/verifica.png\" alt=\"\">&nbsp;<strong>Revalida\u00e7\u00e3o de Diplomas<\/strong><\/div><\/h2>\n\n\n\n<p>A Universidade Federal da Para\u00edba realiza o procedimento de revalida\u00e7\u00e3o de diplomas de gradua\u00e7\u00e3o emitidos por institui\u00e7\u00f5es estrangeiras exclusivamente atrav\u00e9s da&nbsp;<strong><a href=\"https:\/\/plataformacarolinabori.mec.gov.br\/usuario\/acesso\">Plataforma Carolina Bori<\/a><\/strong>&nbsp;<img loading=\"lazy\" decoding=\"async\" width=\"16\" height=\"16\" src=\"http:\/\/www.prg.ufpb.br\/wp-content\/uploads\/sites\/302\/sites\/302\/2025\/09\/up-right-arrow1.png\" alt=\"\">,&nbsp;<strong><mark>com a exce\u00e7\u00e3o dos diplomas de medicina.<\/mark><\/strong><\/p>\n\n\n\n<p><img loading=\"lazy\" decoding=\"async\" width=\"32\" height=\"32\" src=\"http:\/\/www.prg.ufpb.br\/wp-content\/uploads\/sites\/302\/sites\/302\/2025\/09\/pasta.png\" alt=\"\">&nbsp;<strong><a href=\"https:\/\/www.prg.ufpb.br\/revalidacao-de-diplomas-de-medicina\/\">Revalida\u00e7\u00e3o de Diplomas de Medicina<\/a><\/strong>&nbsp;<img loading=\"lazy\" decoding=\"async\" width=\"16\" height=\"16\" src=\"http:\/\/www.prg.ufpb.br\/wp-content\/uploads\/sites\/302\/sites\/302\/2025\/09\/up-right-arrow1.png\" alt=\"\"><\/p>\n","protected":false},"excerpt":{"rendered":"<p>Consulta de Registros de Diplomas da Gradua\u00e7\u00e3o Acesso a \u00e1rea do Sistema Legisla\u00e7\u00e3o e Normas [&hellip;]<\/p>\n","protected":false},"author":484,"featured_media":0,"parent":0,"menu_order":0,"comment_status":"closed","ping_status":"closed","template":"","meta":{"footnotes":""},"class_list":["post-221","page","type-page","status-publish","hentry"],"_links":{"self":[{"href":"https:\/\/www.ccsa.ufpb.br\/cce\/wp-json\/wp\/v2\/pages\/221","targetHints":{"allow":["GET"]}}],"collection":[{"href":"https:\/\/www.ccsa.ufpb.br\/cce\/wp-json\/wp\/v2\/pages"}],"about":[{"href":"https:\/\/www.ccsa.ufpb.br\/cce\/wp-json\/wp\/v2\/types\/page"}],"author":[{"embeddable":true,"href":"https:\/\/www.ccsa.ufpb.br\/cce\/wp-json\/wp\/v2\/users\/484"}],"replies":[{"embeddable":true,"href":"https:\/\/www.ccsa.ufpb.br\/cce\/wp-json\/wp\/v2\/comments?post=221"}],"version-history":[{"count":2,"href":"https:\/\/www.ccsa.ufpb.br\/cce\/wp-json\/wp\/v2\/pages\/221\/revisions"}],"predecessor-version":[{"id":231,"href":"https:\/\/www.ccsa.ufpb.br\/cce\/wp-json\/wp\/v2\/pages\/221\/revisions\/231"}],"wp:attachment":[{"href":"https:\/\/www.ccsa.ufpb.br\/cce\/wp-json\/wp\/v2\/media?parent=221"}],"curies":[{"name":"wp","href":"https:\/\/api.w.org\/{rel}","templated":true}]}}