{"id":255,"date":"2026-04-17T11:57:31","date_gmt":"2026-04-17T14:57:31","guid":{"rendered":"https:\/\/www.ccsa.ufpb.br\/cce\/?page_id=255"},"modified":"2026-04-17T11:57:31","modified_gmt":"2026-04-17T14:57:31","slug":"relatorio-laurea-academica-2025-2","status":"publish","type":"page","link":"https:\/\/www.ccsa.ufpb.br\/cce\/relatorio-laurea-academica-2025-2\/","title":{"rendered":"RELAT\u00d3RIO L\u00c1UREA ACAD\u00caMICA 2025.2"},"content":{"rendered":"\n<p>Comiss\u00e3o Avaliadora para o pr\u00eamio \u201cL\u00e1urea Acad\u00eamica Destaque da Gradua\u00e7\u00e3o\u201d, bi\u00eanio 2025.2\/2027.1, constitu\u00edda em 14 de abril de 2026\u00e9 formada pela Coordenadora, Profa. GABRIELA BEZERRA DE MEDEIROS&nbsp;&nbsp;(Presidente) e os t\u00e9cnico-administrativos&nbsp;JULIETE ALVES FERREIRA e \u00c1LVARO RODRIGUES DE SOUSA NETTO,&nbsp;vem apresentar abaixo as indica\u00e7\u00f5es relativas ao&nbsp;per\u00edodo 2025.2, de acordo com a&nbsp;Resolu\u00e7\u00e3o CONSUNI 06\/2022 e a Instru\u00e7\u00e3o Normativa PRG n\u00ba 2\/2025.<\/p>\n\n\n\n<p><strong>DIURNO:<\/strong><\/p>\n\n\n\n<p><strong>Nome&nbsp; &nbsp; &nbsp; &nbsp; &nbsp; &nbsp; &nbsp; &nbsp; &nbsp; &nbsp; &nbsp; &nbsp; &nbsp; &nbsp; &nbsp; &nbsp; &nbsp; &nbsp; &nbsp; &nbsp; &nbsp; &nbsp; &nbsp; &nbsp; &nbsp; &nbsp; &nbsp; &nbsp; &nbsp; &nbsp; &nbsp; &nbsp; &nbsp; &nbsp; &nbsp; CRA&nbsp; &nbsp; &nbsp; &nbsp; &nbsp; &nbsp; &nbsp; &nbsp; &nbsp; &nbsp; &nbsp; Matr\u00edcula<\/strong><\/p>\n\n\n\n<p>MARIA CLARA DOS SANTOS ALVES&nbsp; &nbsp; &nbsp; &nbsp; &nbsp; &nbsp; &nbsp; 9.37 &nbsp; &nbsp; &nbsp; &nbsp; &nbsp; &nbsp; &nbsp; &nbsp; &nbsp; &nbsp; 20220074027<\/p>\n\n\n\n<p><strong>NOTURNO:<\/strong><\/p>\n\n\n\n<p><strong>Nome&nbsp; &nbsp; &nbsp; &nbsp; &nbsp; &nbsp; &nbsp; &nbsp; &nbsp; &nbsp; &nbsp; &nbsp; &nbsp; &nbsp; &nbsp; &nbsp; &nbsp; &nbsp; &nbsp; &nbsp; &nbsp; &nbsp; &nbsp; &nbsp; &nbsp; &nbsp; &nbsp; &nbsp; &nbsp; &nbsp; &nbsp; &nbsp; &nbsp; &nbsp; &nbsp; CRA&nbsp; &nbsp; &nbsp; &nbsp; &nbsp; &nbsp; &nbsp; &nbsp; &nbsp; &nbsp; &nbsp; &nbsp; Matr\u00edcula<\/strong><\/p>\n\n\n\n<p>BRUNO DE BRITO CASTRO&nbsp; &nbsp; &nbsp; &nbsp; &nbsp; &nbsp; &nbsp; &nbsp; &nbsp; &nbsp; &nbsp; &nbsp; &nbsp; &nbsp; &nbsp; &nbsp;8.14&nbsp; &nbsp; &nbsp; &nbsp; &nbsp; &nbsp; &nbsp; &nbsp; &nbsp; &nbsp; 20190080199<\/p>\n\n\n\n<p><\/p>\n\n\n\n<p><\/p>\n\n\n\n<p><\/p>\n","protected":false},"excerpt":{"rendered":"<p>Comiss\u00e3o Avaliadora para o pr\u00eamio \u201cL\u00e1urea Acad\u00eamica Destaque da Gradua\u00e7\u00e3o\u201d, bi\u00eanio 2025.2\/2027.1, constitu\u00edda em 14 [&hellip;]<\/p>\n","protected":false},"author":484,"featured_media":0,"parent":0,"menu_order":0,"comment_status":"closed","ping_status":"closed","template":"","meta":{"footnotes":""},"class_list":["post-255","page","type-page","status-publish","hentry"],"_links":{"self":[{"href":"https:\/\/www.ccsa.ufpb.br\/cce\/wp-json\/wp\/v2\/pages\/255","targetHints":{"allow":["GET"]}}],"collection":[{"href":"https:\/\/www.ccsa.ufpb.br\/cce\/wp-json\/wp\/v2\/pages"}],"about":[{"href":"https:\/\/www.ccsa.ufpb.br\/cce\/wp-json\/wp\/v2\/types\/page"}],"author":[{"embeddable":true,"href":"https:\/\/www.ccsa.ufpb.br\/cce\/wp-json\/wp\/v2\/users\/484"}],"replies":[{"embeddable":true,"href":"https:\/\/www.ccsa.ufpb.br\/cce\/wp-json\/wp\/v2\/comments?post=255"}],"version-history":[{"count":1,"href":"https:\/\/www.ccsa.ufpb.br\/cce\/wp-json\/wp\/v2\/pages\/255\/revisions"}],"predecessor-version":[{"id":256,"href":"https:\/\/www.ccsa.ufpb.br\/cce\/wp-json\/wp\/v2\/pages\/255\/revisions\/256"}],"wp:attachment":[{"href":"https:\/\/www.ccsa.ufpb.br\/cce\/wp-json\/wp\/v2\/media?parent=255"}],"curies":[{"name":"wp","href":"https:\/\/api.w.org\/{rel}","templated":true}]}}

RELATÓRIO LÁUREA ACADÊMICA 2025.2

<p>Comissão Avaliadora para o prêmio “Láurea Acadêmica Destaque da Graduação”, biênio 2025.2/2027.1, constituída em 14 de abril de 2026é formada pela Coordenadora, Profa. GABRIELA BEZERRA DE MEDEIROS&nbsp;&nbsp;(Presidente) e os técnico-administrativos&nbsp;JULIETE ALVES FERREIRA e ÁLVARO RODRIGUES DE SOUSA NETTO,&nbsp;vem apresentar abaixo as indicações relativas ao&nbsp;período 2025.2, de acordo com a&nbsp;Resolução CONSUNI 06/2022 e a Instrução Normativa PRG nº 2/2025.</p>



<p><strong>DIURNO:</strong></p>



<p><strong>Nome&nbsp; &nbsp; &nbsp; &nbsp; &nbsp; &nbsp; &nbsp; &nbsp; &nbsp; &nbsp; &nbsp; &nbsp; &nbsp; &nbsp; &nbsp; &nbsp; &nbsp; &nbsp; &nbsp; &nbsp; &nbsp; &nbsp; &nbsp; &nbsp; &nbsp; &nbsp; &nbsp; &nbsp; &nbsp; &nbsp; &nbsp; &nbsp; &nbsp; &nbsp; &nbsp; CRA&nbsp; &nbsp; &nbsp; &nbsp; &nbsp; &nbsp; &nbsp; &nbsp; &nbsp; &nbsp; &nbsp; Matrícula</strong></p>



<p>MARIA CLARA DOS SANTOS ALVES&nbsp; &nbsp; &nbsp; &nbsp; &nbsp; &nbsp; &nbsp; 9.37 &nbsp; &nbsp; &nbsp; &nbsp; &nbsp; &nbsp; &nbsp; &nbsp; &nbsp; &nbsp; 20220074027</p>



<p><strong>NOTURNO:</strong></p>



<p><strong>Nome&nbsp; &nbsp; &nbsp; &nbsp; &nbsp; &nbsp; &nbsp; &nbsp; &nbsp; &nbsp; &nbsp; &nbsp; &nbsp; &nbsp; &nbsp; &nbsp; &nbsp; &nbsp; &nbsp; &nbsp; &nbsp; &nbsp; &nbsp; &nbsp; &nbsp; &nbsp; &nbsp; &nbsp; &nbsp; &nbsp; &nbsp; &nbsp; &nbsp; &nbsp; &nbsp; CRA&nbsp; &nbsp; &nbsp; &nbsp; &nbsp; &nbsp; &nbsp; &nbsp; &nbsp; &nbsp; &nbsp; &nbsp; Matrícula</strong></p>



<p>BRUNO DE BRITO CASTRO&nbsp; &nbsp; &nbsp; &nbsp; &nbsp; &nbsp; &nbsp; &nbsp; &nbsp; &nbsp; &nbsp; &nbsp; &nbsp; &nbsp; &nbsp; &nbsp;8.14&nbsp; &nbsp; &nbsp; &nbsp; &nbsp; &nbsp; &nbsp; &nbsp; &nbsp; &nbsp; 20190080199</p>



<p></p>



<p></p>



<p></p>

<p>Comissão Avaliadora para o prêmio “Láurea Acadêmica Destaque da Graduação”, biênio 2025.2/2027.1, constituída em 14 [&hellip;]</p>
