{"id":37,"date":"2025-12-15T20:34:29","date_gmt":"2025-12-15T23:34:29","guid":{"rendered":"https:\/\/www.ccsa.ufpb.br\/cce\/?page_id=37"},"modified":"2026-01-29T10:30:59","modified_gmt":"2026-01-29T13:30:59","slug":"formularios","status":"publish","type":"page","link":"https:\/\/www.ccsa.ufpb.br\/cce\/formularios\/","title":{"rendered":"Formul\u00e1rios"},"content":{"rendered":"\n<p><strong>Formul\u00e1rios\/Orienta\u00e7\u00f5es<\/strong><\/p>\n\n\n\n<p><strong><a href=\"https:\/\/www.gov.br\/governodigital\/pt-br\/identidade\/assinatura-eletronica\" target=\"_blank\" rel=\"noreferrer noopener\">Assinatura Digital<\/a><\/strong><\/p>\n\n\n\n<div class=\"wp-block-file\"><a id=\"wp-block-file--media-fdd58227-eb41-4d45-b0b8-56c32e970c27\" href=\"https:\/\/www.ccsa.ufpb.br\/cce\/wp-content\/uploads\/sites\/179\/sites\/420\/2026\/01\/REQUERIMENTO-GERAL-5.docx\">REQUERIMENTO GERAL<\/a><a href=\"https:\/\/www.ccsa.ufpb.br\/cce\/wp-content\/uploads\/sites\/179\/sites\/420\/2026\/01\/REQUERIMENTO-GERAL-5.docx\" class=\"wp-block-file__button wp-element-button\" download aria-describedby=\"wp-block-file--media-fdd58227-eb41-4d45-b0b8-56c32e970c27\">Baixar<\/a><\/div>\n\n\n\n<div class=\"wp-block-file\"><a id=\"wp-block-file--media-3109cb3f-636a-48f6-bc87-5ad12685c2b7\" href=\"https:\/\/www.ccsa.ufpb.br\/cce\/wp-content\/uploads\/sites\/179\/sites\/420\/2026\/01\/Formulario-Cancelamento-de-Vinculo.docx\">Formul\u00e1rio &#8211; Cancelamento de V\u00ednculo<\/a><a href=\"https:\/\/www.ccsa.ufpb.br\/cce\/wp-content\/uploads\/sites\/179\/sites\/420\/2026\/01\/Formulario-Cancelamento-de-Vinculo.docx\" class=\"wp-block-file__button wp-element-button\" download aria-describedby=\"wp-block-file--media-3109cb3f-636a-48f6-bc87-5ad12685c2b7\">Baixar<\/a><\/div>\n\n\n\n<div class=\"wp-block-file\"><a id=\"wp-block-file--media-dda473c1-8611-4641-b4c3-a386c847fbbe\" href=\"https:\/\/www.ccsa.ufpb.br\/cce\/wp-content\/uploads\/sites\/179\/sites\/420\/2026\/01\/Formulario-1a-via-Emisao-de-Diploma.docx\">Formul\u00e1rio &#8211; 1\u00aa via Emis\u00e3o de Diploma<\/a><a href=\"https:\/\/www.ccsa.ufpb.br\/cce\/wp-content\/uploads\/sites\/179\/sites\/420\/2026\/01\/Formulario-1a-via-Emisao-de-Diploma.docx\" class=\"wp-block-file__button wp-element-button\" download aria-describedby=\"wp-block-file--media-dda473c1-8611-4641-b4c3-a386c847fbbe\">Baixar<\/a><\/div>\n\n\n\n<div class=\"wp-block-file\"><a id=\"wp-block-file--media-331a28a3-d5b9-401a-9131-a514734b2bee\" href=\"https:\/\/www.ccsa.ufpb.br\/cce\/wp-content\/uploads\/sites\/179\/sites\/420\/2026\/01\/Formulario-Mudanca-de-turno-1.docx\">Formul\u00e1rio  &#8211; Mudan\u00e7a de turno<\/a><a href=\"https:\/\/www.ccsa.ufpb.br\/cce\/wp-content\/uploads\/sites\/179\/sites\/420\/2026\/01\/Formulario-Mudanca-de-turno-1.docx\" class=\"wp-block-file__button wp-element-button\" download aria-describedby=\"wp-block-file--media-331a28a3-d5b9-401a-9131-a514734b2bee\">Baixar<\/a><\/div>\n\n\n\n<div class=\"wp-block-file\"><a id=\"wp-block-file--media-93cb7408-3d16-49f9-9a65-e8cbd79d4461\" href=\"https:\/\/www.ccsa.ufpb.br\/cce\/wp-content\/uploads\/sites\/179\/sites\/420\/2026\/01\/Formulario-Atualizacao-de-Dados-Cadastrais.doc\">Formul\u00e1rio &#8211; Atualiza\u00e7\u00e3o de Dados Cadastrais<\/a><a href=\"https:\/\/www.ccsa.ufpb.br\/cce\/wp-content\/uploads\/sites\/179\/sites\/420\/2026\/01\/Formulario-Atualizacao-de-Dados-Cadastrais.doc\" class=\"wp-block-file__button wp-element-button\" download aria-describedby=\"wp-block-file--media-93cb7408-3d16-49f9-9a65-e8cbd79d4461\">Baixar<\/a><\/div>\n\n\n\n<div class=\"wp-block-file\"><a id=\"wp-block-file--media-6bfeb560-6cbc-4d34-8f90-7a88e59c5896\" href=\"https:\/\/www.ccsa.ufpb.br\/cce\/wp-content\/uploads\/sites\/179\/sites\/420\/2026\/01\/Formulario-Aproveitamento-de-Estudos-e-Dispensa-de-Disciplinas.doc\">Formul\u00e1rio  &#8211; Aproveitamento de Estudos e Dispensa de Disciplinas<\/a><a href=\"https:\/\/www.ccsa.ufpb.br\/cce\/wp-content\/uploads\/sites\/179\/sites\/420\/2026\/01\/Formulario-Aproveitamento-de-Estudos-e-Dispensa-de-Disciplinas.doc\" class=\"wp-block-file__button wp-element-button\" download aria-describedby=\"wp-block-file--media-6bfeb560-6cbc-4d34-8f90-7a88e59c5896\">Baixar<\/a><\/div>\n\n\n\n<div class=\"wp-block-file\"><a id=\"wp-block-file--media-81ae2886-d556-42b9-9fb6-77f5ad898e4f\" href=\"https:\/\/www.ccsa.ufpb.br\/cce\/wp-content\/uploads\/sites\/179\/sites\/420\/2026\/01\/Formulario-Optativa-de-Livre-Escolha-1.doc\">Formul\u00e1rio &#8211; Optativa de Livre Escolha<\/a><a href=\"https:\/\/www.ccsa.ufpb.br\/cce\/wp-content\/uploads\/sites\/179\/sites\/420\/2026\/01\/Formulario-Optativa-de-Livre-Escolha-1.doc\" class=\"wp-block-file__button wp-element-button\" download aria-describedby=\"wp-block-file--media-81ae2886-d556-42b9-9fb6-77f5ad898e4f\">Baixar<\/a><\/div>\n\n\n\n<div class=\"wp-block-file\"><a id=\"wp-block-file--media-bc098386-5db6-45ab-8b07-30261f94343f\" href=\"https:\/\/www.ccsa.ufpb.br\/cce\/wp-content\/uploads\/sites\/179\/sites\/420\/2026\/01\/Formulario-Conteudo-Complementar-Flexivel.doc\">Formul\u00e1rio  &#8211; Conte\u00fado Complementar Flex\u00edvel<\/a><a href=\"https:\/\/www.ccsa.ufpb.br\/cce\/wp-content\/uploads\/sites\/179\/sites\/420\/2026\/01\/Formulario-Conteudo-Complementar-Flexivel.doc\" class=\"wp-block-file__button wp-element-button\" download aria-describedby=\"wp-block-file--media-bc098386-5db6-45ab-8b07-30261f94343f\">Baixar<\/a><\/div>\n\n\n\n<div class=\"wp-block-file\"><a id=\"wp-block-file--media-f57c5270-8f2c-4ebb-a014-742f74ecb446\" href=\"https:\/\/www.ccsa.ufpb.br\/cce\/wp-content\/uploads\/sites\/179\/sites\/420\/2026\/01\/Formulario-Recurso-ao-Consepe.docx\">Formul\u00e1rio &#8211; Recurso ao Consepe<\/a><a href=\"https:\/\/www.ccsa.ufpb.br\/cce\/wp-content\/uploads\/sites\/179\/sites\/420\/2026\/01\/Formulario-Recurso-ao-Consepe.docx\" class=\"wp-block-file__button wp-element-button\" download aria-describedby=\"wp-block-file--media-f57c5270-8f2c-4ebb-a014-742f74ecb446\">Baixar<\/a><\/div>\n\n\n\n<div class=\"wp-block-file\"><a id=\"wp-block-file--media-992273a4-86ab-4599-a448-4ca4bef70e4f\" href=\"https:\/\/www.ccsa.ufpb.br\/cce\/wp-content\/uploads\/sites\/179\/sites\/420\/2026\/01\/Formulario-Migracao-PPC-2025.docx\">Formul\u00e1rio &#8211; Migra\u00e7\u00e3o PPC 2025<\/a><a href=\"https:\/\/www.ccsa.ufpb.br\/cce\/wp-content\/uploads\/sites\/179\/sites\/420\/2026\/01\/Formulario-Migracao-PPC-2025.docx\" class=\"wp-block-file__button wp-element-button\" download aria-describedby=\"wp-block-file--media-992273a4-86ab-4599-a448-4ca4bef70e4f\">Baixar<\/a><\/div>\n\n\n\n<div class=\"wp-block-file\"><a id=\"wp-block-file--media-815fe251-abbc-4f25-bb74-c35e3916c0dd\" href=\"https:\/\/www.ccsa.ufpb.br\/cce\/wp-content\/uploads\/sites\/179\/sites\/420\/2026\/01\/Formulario-Abono-de-faltas.docx\">Formul\u00e1rio &#8211; Abono de faltas<\/a><a href=\"https:\/\/www.ccsa.ufpb.br\/cce\/wp-content\/uploads\/sites\/179\/sites\/420\/2026\/01\/Formulario-Abono-de-faltas.docx\" class=\"wp-block-file__button wp-element-button\" download aria-describedby=\"wp-block-file--media-815fe251-abbc-4f25-bb74-c35e3916c0dd\">Baixar<\/a><\/div>\n\n\n\n<div class=\"wp-block-file\"><a id=\"wp-block-file--media-6c01642f-2fa2-477d-a9b3-fc2edbf1e924\" href=\"https:\/\/www.ccsa.ufpb.br\/cce\/wp-content\/uploads\/sites\/179\/sites\/420\/2026\/01\/Formulario-Turma-especifica.docx\">Formul\u00e1rio &#8211; Turma espec\u00edfica<\/a><a href=\"https:\/\/www.ccsa.ufpb.br\/cce\/wp-content\/uploads\/sites\/179\/sites\/420\/2026\/01\/Formulario-Turma-especifica.docx\" class=\"wp-block-file__button wp-element-button\" download aria-describedby=\"wp-block-file--media-6c01642f-2fa2-477d-a9b3-fc2edbf1e924\">Baixar<\/a><\/div>\n\n\n\n<div class=\"wp-block-file\"><a id=\"wp-block-file--media-abafa599-3624-4971-8649-0f6797942df4\" href=\"http:\/\/www.ccsa.ufpb.br\/cce\/wp-content\/uploads\/sites\/179\/sites\/420\/2026\/01\/Formulario-Reingresso-1.docx\">Formul\u00e1rio &#8211; Reingresso<\/a><a href=\"http:\/\/www.ccsa.ufpb.br\/cce\/wp-content\/uploads\/sites\/179\/sites\/420\/2026\/01\/Formulario-Reingresso-1.docx\" class=\"wp-block-file__button wp-element-button\" download aria-describedby=\"wp-block-file--media-abafa599-3624-4971-8649-0f6797942df4\">Baixar<\/a><\/div>\n\n\n\n<div class=\"wp-block-file\"><a id=\"wp-block-file--media-e018a753-761d-4653-87ae-e7111b0d4bb8\" href=\"https:\/\/www.ccsa.ufpb.br\/cce\/wp-content\/uploads\/sites\/179\/sites\/420\/2026\/01\/Formulario-Dilatacao-de-prazo.docx\">Formul\u00e1rio &#8211; Dilata\u00e7\u00e3o de prazo<\/a><a href=\"https:\/\/www.ccsa.ufpb.br\/cce\/wp-content\/uploads\/sites\/179\/sites\/420\/2026\/01\/Formulario-Dilatacao-de-prazo.docx\" class=\"wp-block-file__button wp-element-button\" download aria-describedby=\"wp-block-file--media-e018a753-761d-4653-87ae-e7111b0d4bb8\">Baixar<\/a><\/div>\n\n\n\n<div class=\"wp-block-file\"><a id=\"wp-block-file--media-77e5ded1-24a9-40ca-af63-2e80bd1c7334\" href=\"https:\/\/www.ccsa.ufpb.br\/cce\/wp-content\/uploads\/sites\/179\/sites\/420\/2026\/01\/Formulario-Exercicio-de-regimes-domiciliares.doc\">Formul\u00e1rio &#8211; Exerc\u00edcio de regimes domiciliares<\/a><a href=\"https:\/\/www.ccsa.ufpb.br\/cce\/wp-content\/uploads\/sites\/179\/sites\/420\/2026\/01\/Formulario-Exercicio-de-regimes-domiciliares.doc\" class=\"wp-block-file__button wp-element-button\" download aria-describedby=\"wp-block-file--media-77e5ded1-24a9-40ca-af63-2e80bd1c7334\">Baixar<\/a><\/div>\n\n\n\n<div class=\"wp-block-file\"><a id=\"wp-block-file--media-78843cff-a10a-4538-8ecd-7fe5a5cc4538\" href=\"https:\/\/www.ccsa.ufpb.br\/cce\/wp-content\/uploads\/sites\/179\/sites\/420\/2026\/01\/Formulario-Cancelamento-de-matricula-em-componente-curricular.docx\">Formul\u00e1rio &#8211; Cancelamento de matricula em componente curricular<\/a><a href=\"https:\/\/www.ccsa.ufpb.br\/cce\/wp-content\/uploads\/sites\/179\/sites\/420\/2026\/01\/Formulario-Cancelamento-de-matricula-em-componente-curricular.docx\" class=\"wp-block-file__button wp-element-button\" download aria-describedby=\"wp-block-file--media-78843cff-a10a-4538-8ecd-7fe5a5cc4538\">Baixar<\/a><\/div>\n\n\n\n<p><\/p>\n","protected":false},"excerpt":{"rendered":"<p>Formul\u00e1rios\/Orienta\u00e7\u00f5es Assinatura Digital<\/p>\n","protected":false},"author":47,"featured_media":0,"parent":0,"menu_order":0,"comment_status":"closed","ping_status":"closed","template":"","meta":{"footnotes":""},"class_list":["post-37","page","type-page","status-publish","hentry"],"_links":{"self":[{"href":"https:\/\/www.ccsa.ufpb.br\/cce\/wp-json\/wp\/v2\/pages\/37","targetHints":{"allow":["GET"]}}],"collection":[{"href":"https:\/\/www.ccsa.ufpb.br\/cce\/wp-json\/wp\/v2\/pages"}],"about":[{"href":"https:\/\/www.ccsa.ufpb.br\/cce\/wp-json\/wp\/v2\/types\/page"}],"author":[{"embeddable":true,"href":"https:\/\/www.ccsa.ufpb.br\/cce\/wp-json\/wp\/v2\/users\/47"}],"replies":[{"embeddable":true,"href":"https:\/\/www.ccsa.ufpb.br\/cce\/wp-json\/wp\/v2\/comments?post=37"}],"version-history":[{"count":15,"href":"https:\/\/www.ccsa.ufpb.br\/cce\/wp-json\/wp\/v2\/pages\/37\/revisions"}],"predecessor-version":[{"id":176,"href":"https:\/\/www.ccsa.ufpb.br\/cce\/wp-json\/wp\/v2\/pages\/37\/revisions\/176"}],"wp:attachment":[{"href":"https:\/\/www.ccsa.ufpb.br\/cce\/wp-json\/wp\/v2\/media?parent=37"}],"curies":[{"name":"wp","href":"https:\/\/api.w.org\/{rel}","templated":true}]}}