{"id":111,"date":"2025-11-27T10:11:59","date_gmt":"2025-11-27T13:11:59","guid":{"rendered":"https:\/\/www.ccsa.ufpb.br\/cgp\/?page_id=111"},"modified":"2026-03-06T13:53:39","modified_gmt":"2026-03-06T16:53:39","slug":"estagio-supervisionado","status":"publish","type":"page","link":"https:\/\/www.ccsa.ufpb.br\/cgp\/estagio-supervisionado\/","title":{"rendered":"Est\u00e1gio Supervisionado"},"content":{"rendered":"\n<p><\/p>\n\n\n\n<h2 class=\"wp-block-heading\"><div class=\"linha-header\">1. O que \u00e9 o Est\u00e1gio Supervisionado<\/div><\/h2>\n\n\n\n<ul class=\"wp-block-list\">\n<li>\u00c9 um <strong>componente curricular obrigat\u00f3rio<\/strong>, dividido em <strong>dois m\u00f3dulos de 150h<\/strong>.<\/li>\n\n\n\n<li>Tem como finalidade integrar <strong>teoria e pr\u00e1tica<\/strong>, permitindo ao aluno vivenciar a realidade das organiza\u00e7\u00f5es.<\/li>\n\n\n\n<li>A matr\u00edcula deve ser solicitada \u00e0 Coordena\u00e7\u00e3o quando o aluno j\u00e1 estiver estagiando ou iniciar est\u00e1gio no semestre, a fim de que os(as) discentes possam integralizar a carga hor\u00e1ria.<\/li>\n\n\n\n<li>As atividades de est\u00e1gio s\u00e3o regidas pelo <a href=\"https:\/\/sig-arq.ufpb.br\/arquivos\/2020189051e2be2611980cbe468246287\/Resp29.20.pdf\">Regulamento Geral da Gradua\u00e7\u00e3o da UFPB<\/a>, bem como pelo <a href=\"https:\/\/sig-arq.ufpb.br\/arquivos\/2026092215dcd68539457a2c245b58f67\/Res._n._79.2025_Consepe_PPC_Gesto_Pblica.pdf\">Projeto Pedag\u00f3gico do Curso<\/a> e <a href=\"https:\/\/sig-arq.ufpb.br\/arquivos\/202320024903295481757aa6069a1bcaf\/Resoluo_de_Estgio_Supervisionado_02-2023.pdf\">RESOLU\u00c7\u00c3O CGGP N\u00ba 02\/2023<\/a>.<\/li>\n<\/ul>\n\n\n\n<h2 class=\"wp-block-heading\"><div class=\"linha-header\">2. Objetivos do Est\u00e1gio<\/div><\/h2>\n\n\n\n<ul class=\"wp-block-list\">\n<li>Desenvolver compet\u00eancias profissionais na \u00e1rea de Gest\u00e3o P\u00fablica.<\/li>\n\n\n\n<li>Aplicar conhecimentos do curso em situa\u00e7\u00f5es reais.<\/li>\n\n\n\n<li>Compreender o funcionamento das organiza\u00e7\u00f5es e seus processos decis\u00f3rios.<\/li>\n<\/ul>\n\n\n\n<h2 class=\"wp-block-heading\"><div class=\"linha-header\">3. Passo a passo para o discente<\/div><\/h2>\n\n\n\n<ol class=\"wp-block-list\">\n<li><strong>Conseguir est\u00e1gio<\/strong> em \u00f3rg\u00e3o p\u00fablico ou institui\u00e7\u00e3o conveniada.<\/li>\n\n\n\n<li>Registrar e acompanhar o processo no <strong>SIGAA \u2013 M\u00f3dulo Est\u00e1gio<\/strong> (<a href=\"https:\/\/www.prg.ufpb.br\/prg\/cem\/estagio\/documentos\/passo-a-passo_discente-04-09-17.pdf\">tutorial aqui<\/a>).<\/li>\n\n\n\n<li><strong>Escolher orientador<\/strong> entre os docentes aptos.<\/li>\n\n\n\n<li>Entregar o <strong><a href=\"https:\/\/docs.google.com\/document\/d\/1BWIju9Hqt9lDnI7S1XQXbA2lmFP7IyExK5X3O4JsZhs\/edit?tab=t.0\">termo de compromisso de orienta\u00e7\u00e3o de est\u00e1gio<\/a><\/strong> assinado \u00e0 Coordena\u00e7\u00e3o, atrav\u00e9s do e-mail <a href=\"mailto:ccgp@ccsa.ufpb.br\">ccgp@ccsa.ufpb.br<\/a>, e solicitar a matr\u00edcula em Est\u00e1gio Supervisionado I ou II.<\/li>\n\n\n\n<li>Cumprir a carga hor\u00e1ria prevista de acordo com Termo de Compromisso de Est\u00e1gio assinado.<\/li>\n\n\n\n<li>Produzir e entregar o Relat\u00f3rio parcial e final via SIGAA &#8211; m\u00f3dulo Est\u00e1gio.<\/li>\n\n\n\n<li>Produzir e entregar o <strong><a href=\"https:\/\/docs.google.com\/document\/d\/1yolh0wtc7OZnYbDch_r2Ywdmqe-ohPT7ifl2m2CD1GI\/edit?tab=t.0\">relat\u00f3rio final de est\u00e1gio (modelo do curso)<\/a> para o orientador.<\/strong><\/li>\n\n\n\n<li>Aguardar avalia\u00e7\u00e3o e registro da nota no SIGAA.<\/li>\n<\/ol>\n\n\n\n<h2 class=\"wp-block-heading\"><div class=\"linha-header\">4. Dispensa de Est\u00e1gio Supervisionado<\/div><\/h2>\n\n\n\n<p>O aproveitamento da experi\u00eancia profissional para dispensa de Est\u00e1gio Supervisionado obedecer\u00e1 ao disposto nos artigos 202 e 203 do <a href=\"https:\/\/sig-arq.ufpb.br\/arquivos\/2020189051e2be2611980cbe468246287\/Resp29.20.pdf\">Regulamento Geral de Gradua\u00e7\u00e3o da Universidade Federal da Para\u00edba<\/a> e <a href=\"https:\/\/sig-arq.ufpb.br\/arquivos\/202320024903295481757aa6069a1bcaf\/Resoluo_de_Estgio_Supervisionado_02-2023.pdf\">RESOLU\u00c7\u00c3O CGGP N\u00ba 02\/2023<\/a>.<\/p>\n\n\n\n<p>Para efeito de comprova\u00e7\u00e3o, o discente dever\u00e1 <strong>apresentar carteira profissional ou contrato de presta\u00e7\u00e3o de servi\u00e7os ou comprobat\u00f3rios legais<\/strong> que comprovem a realiza\u00e7\u00e3o de sua experi\u00eancia profissional, al\u00e9m do <a href=\"https:\/\/docs.google.com\/document\/d\/19fRE81B9kYqcibqdKf7mE4Dch2x9vBTTpNjt3otWd68\/edit?tab=t.0\"><strong>Relat\u00f3rio de Est\u00e1gio Supervisionado<\/strong> &#8211; aproveitamento (modelo do curso)<\/a>.<\/p>\n\n\n\n<p>A solicita\u00e7\u00e3o da dispensa dever\u00e1 ser requerida \u00e0 Coordena\u00e7\u00e3o de curso, atrav\u00e9s do e-mail <br><a href=\"mailto:ccgp@ccsa.ufpb.br\">ccgp@ccsa.ufpb.br<\/a>, com o envio do <a href=\"https:\/\/docs.google.com\/document\/d\/1x8E6O0BkodRmSIKoqkM4sQE8Q1RmtkEG7VuXxQlldXc\/edit?tab=t.0\">formul\u00e1rio pr\u00f3prio<\/a>, documentos comprobat\u00f3rios da experi\u00eancia profissional e Relat\u00f3rio de Est\u00e1gio. O Colegiado do Curso de Gradua\u00e7\u00e3o em Gest\u00e3o P\u00fablica \u00e9 respons\u00e1vel pela an\u00e1lise do requerimento.<\/p>\n\n\n\n<h2 class=\"wp-block-heading\"><div class=\"linha-header\">5. Documentos importantes<\/div><\/h2>\n\n\n\n<ul class=\"wp-block-list\">\n<li><a href=\"https:\/\/www.ccsa.ufpb.br\/cgp\/formularios\/\">Formul\u00e1rios de Est\u00e1gio<\/a><\/li>\n\n\n\n<li><a href=\"https:\/\/docs.google.com\/document\/d\/1yolh0wtc7OZnYbDch_r2Ywdmqe-ohPT7ifl2m2CD1GI\/edit?tab=t.0\">Modelo de Relat\u00f3rio de Est\u00e1gio Supervisionado<\/a><\/li>\n\n\n\n<li><a href=\"https:\/\/docs.google.com\/document\/d\/19fRE81B9kYqcibqdKf7mE4Dch2x9vBTTpNjt3otWd68\/edit?tab=t.0\">Modelo de Relat\u00f3rio de Aproveitamento de Experi\u00eancia Profissional para Est\u00e1gio Supervisionado<\/a><\/li>\n\n\n\n<li><a href=\"https:\/\/www.ccsa.ufpb.br\/cgp\/manuais\/\">Manual de Est\u00e1gio Supervisionado &#8211; CGP<\/a><\/li>\n\n\n\n<li><a href=\"https:\/\/drive.ufpb.br\/s\/jGSn3p4brn5z5fY\">Cartilha de Est\u00e1gio &#8211; Guia do Estudante UFPB<\/a><\/li>\n\n\n\n<li><a href=\"https:\/\/sig-arq.ufpb.br\/arquivos\/2020189051e2be2611980cbe468246287\/Resp29.20.pdf\">Resolu\u00e7\u00e3o CONSEPE 29\/2020<\/a><\/li>\n\n\n\n<li><a href=\"https:\/\/sig-arq.ufpb.br\/arquivos\/202320024903295481757aa6069a1bcaf\/Resoluo_de_Estgio_Supervisionado_02-2023.pdf\">Resolu\u00e7\u00e3o CGGP 02\/2023<\/a><\/li>\n\n\n\n<li><a href=\"https:\/\/www.prg.ufpb.br\/prg\/cem\">Lei 11.788\/2008 e INs<\/a><\/li>\n<\/ul>\n\n\n\n<h2 class=\"wp-block-heading\"><div class=\"linha-header\">6. D<strong>\u00favidas frequentes<\/strong><\/div><\/h2>\n\n\n\n<p><strong>1. O registro do est\u00e1gio no SIGAA gera matr\u00edcula autom\u00e1tica nos componentes curriculares Est\u00e1gio Supervisionado I ou II?<\/strong><\/p>\n\n\n\n<p>N\u00e3o. A matr\u00edcula em Est\u00e1gio Supervisionado I ou II deve ser solicitada para a secretaria do curso, atrav\u00e9s do envio, para o e-mail <a href=\"mailto:ccgp@ccsa.ufpb.br\" target=\"_blank\" rel=\"noreferrer noopener\">ccgp@ccsa.ufpb.br<\/a>, do <a href=\"https:\/\/docs.google.com\/document\/d\/1BWIju9Hqt9lDnI7S1XQXbA2lmFP7IyExK5X3O4JsZhs\/edit?tab=t.0\">Termo de aceite de orienta\u00e7\u00e3o de est\u00e1gio supervisionado obrigat\u00f3rio<\/a> (n\u00e3o confundir com o Termo de Compromisso de Est\u00e1gio) devidamente preenchido e assinado pelo discente e pelo orientador de est\u00e1gio.<\/p>\n\n\n\n<p><strong>2. Meu contrato de Est\u00e1gio ser\u00e1 renovado. Como proceder?<\/strong><\/p>\n\n\n\n<p>Antes do t\u00e9rmino da vig\u00eancia inicialmente cadastrada para o est\u00e1gio no SIGAA, deve-se informar para a secretaria do Curso, via e-mail (<a href=\"mailto:ccgp@ccsa.ufpb.br\" target=\"_blank\" rel=\"noreferrer noopener\">ccgp@ccsa.ufpb.br<\/a>), a nova data final do est\u00e1gio. A secretaria registrar\u00e1 a nova data final do est\u00e1gio no sistema e encaminhar\u00e1 o Termo Aditivo ao discente, o qual dever\u00e1 ser assinado pelas partes e enviado via SIGAA pelo discente.<\/p>\n\n\n\n<p><strong>3. Meu contrato de est\u00e1gio encerrou. O que fazer?<\/strong><\/p>\n\n\n\n<p>Encaminhar o relat\u00f3rio final via SIGAA.<\/p>\n\n\n\n<p><strong>4. O envio do relat\u00f3rio final via SIGAA finaliza automaticamente a disciplina Est\u00e1gio Supervisionado I ou II?<\/strong><\/p>\n\n\n\n<p>N\u00e3o. O lan\u00e7amento da nota \u00e9 realizado ap\u00f3s o discente enviar, por e-mail, o <a href=\"https:\/\/docs.google.com\/document\/d\/1yolh0wtc7OZnYbDch_r2Ywdmqe-ohPT7ifl2m2CD1GI\/edit?tab=t.0\">Relat\u00f3rio Final de Est\u00e1gio &#8211; Modelo Coordena\u00e7\u00e3o de Gest\u00e3o P\u00fablica <\/a>para o orientador do est\u00e1gio, que avaliar\u00e1 e enviar\u00e1 a nota para a secretaria do curso registrar no sistema.<\/p>\n\n\n\n<p><strong>5. Onde encontro as informa\u00e7\u00f5es e documentos referentes ao Est\u00e1gio Supervisionado?<\/strong><\/p>\n\n\n\n<p>Todas as informa\u00e7\u00f5es e links para documentos encontram-se no <a href=\"https:\/\/www.ccsa.ufpb.br\/cgp\/documentos\/manuais\/\">MANUAL DE EST\u00c1GIO SUPERVISIONADO OBRIGAT\u00d3RIO<\/a> que \u00e9 atualizado a cada per\u00edodo letivo e fica dispon\u00edvel no site do curso.<\/p>\n\n\n\n<p><strong>6. Qual o PASSO A PASSO RESUMIDO para fins de matr\u00edcula nas disciplinas de Est\u00e1gio Supervisionado?<\/strong><\/p>\n\n\n\n<p>1. Discente: Enviar o termo <a href=\"https:\/\/docs.google.com\/document\/d\/1BWIju9Hqt9lDnI7S1XQXbA2lmFP7IyExK5X3O4JsZhs\/edit?tab=t.0\">Termo de aceite de orienta\u00e7\u00e3o de est\u00e1gio supervisionado obrigat\u00f3rio<\/a> devidamente preenchido e assinado para <a href=\"mailto:ccgp@ccsa.ufpb.br\" target=\"_blank\" rel=\"noreferrer noopener\">ccgp@ccsa.ufpb.br<\/a>;<\/p>\n\n\n\n<p>2. Coordena\u00e7\u00e3o: realizar a matr\u00edcula em Est\u00e1gio Supervisionado no SIGAA;<\/p>\n\n\n\n<p>3. Discente: Realizar o est\u00e1gio de acordo o contrato assinado;<\/p>\n\n\n\n<p>4. Discente: Elaborar o <a href=\"https:\/\/docs.google.com\/document\/d\/1yolh0wtc7OZnYbDch_r2Ywdmqe-ohPT7ifl2m2CD1GI\/edit?tab=t.0\">relat\u00f3rio final do est\u00e1gio<\/a> e envi\u00e1-lo ao orientador<\/p>\n\n\n\n<p>5. Orientador: Analisar o relat\u00f3rio, preencher a <a href=\"https:\/\/docs.google.com\/document\/d\/101XHyxq21YAtMIac5Szb_OXo9ArZ2XUTPuMkydbBOyw\/edit?tab=t.0\">Ficha de avalia\u00e7\u00e3o de est\u00e1gio<\/a> e envi\u00e1-la para <a href=\"mailto:ccgp@ccsa.ufpb.br\" target=\"_blank\" rel=\"noreferrer noopener\">ccgp@ccsa.ufpb.br<\/a><\/p>\n\n\n\n<p>6. Coordena\u00e7\u00e3o: registrar a nota no SIGAA<\/p>\n\n\n\n<p><\/p>\n","protected":false},"excerpt":{"rendered":"<p>1. O que \u00e9 o Est\u00e1gio Supervisionado 2. Objetivos do Est\u00e1gio 3. Passo a passo [&hellip;]<\/p>\n","protected":false},"author":440,"featured_media":0,"parent":0,"menu_order":0,"comment_status":"closed","ping_status":"closed","template":"","meta":{"footnotes":""},"class_list":["post-111","page","type-page","status-publish","hentry"],"_links":{"self":[{"href":"https:\/\/www.ccsa.ufpb.br\/cgp\/wp-json\/wp\/v2\/pages\/111","targetHints":{"allow":["GET"]}}],"collection":[{"href":"https:\/\/www.ccsa.ufpb.br\/cgp\/wp-json\/wp\/v2\/pages"}],"about":[{"href":"https:\/\/www.ccsa.ufpb.br\/cgp\/wp-json\/wp\/v2\/types\/page"}],"author":[{"embeddable":true,"href":"https:\/\/www.ccsa.ufpb.br\/cgp\/wp-json\/wp\/v2\/users\/440"}],"replies":[{"embeddable":true,"href":"https:\/\/www.ccsa.ufpb.br\/cgp\/wp-json\/wp\/v2\/comments?post=111"}],"version-history":[{"count":15,"href":"https:\/\/www.ccsa.ufpb.br\/cgp\/wp-json\/wp\/v2\/pages\/111\/revisions"}],"predecessor-version":[{"id":222,"href":"https:\/\/www.ccsa.ufpb.br\/cgp\/wp-json\/wp\/v2\/pages\/111\/revisions\/222"}],"wp:attachment":[{"href":"https:\/\/www.ccsa.ufpb.br\/cgp\/wp-json\/wp\/v2\/media?parent=111"}],"curies":[{"name":"wp","href":"https:\/\/api.w.org\/{rel}","templated":true}]}}