{"id":16,"date":"2025-10-03T10:13:39","date_gmt":"2025-10-03T13:13:39","guid":{"rendered":"https:\/\/www.ccsa.ufpb.br\/cgp\/?page_id=16"},"modified":"2026-02-06T09:03:43","modified_gmt":"2026-02-06T12:03:43","slug":"contato","status":"publish","type":"page","link":"https:\/\/www.ccsa.ufpb.br\/cgp\/contato\/","title":{"rendered":"Contato"},"content":{"rendered":"\n<h2 class=\"wp-block-heading\"><div class=\"linha-header\"><strong>Atendimento<\/strong> <strong>ao p\u00fablico<\/strong><\/div><\/h2>\n\n\n\n<p class=\" \"><strong>Dias:<\/strong> Segunda a sexta-feira<\/p>\n\n\n\n<p class=\" \"><strong>Hor\u00e1rios:<\/strong> 10:00hs \u00e0s 17:00hs<\/p>\n\n\n\n<p class=\" \"><strong>Telefone:<\/strong> (83) 3216-7927<\/p>\n\n\n\n<p class=\" \"><strong>Correio eletr\u00f4nico:<\/strong> ccgp@ccsa.ufpb.br<\/p>\n\n\n\n<p class=\" \"><strong>Website:\u00a0<\/strong><a href=\"https:\/\/www.ccsa.ufpb.br\/cgp\/\">https:\/\/www.ccsa.ufpb.br\/cgp\/<\/a><\/p>\n\n\n\n<p><\/p>\n\n\n\n<h2 class=\"wp-block-heading\"><div class=\"linha-header\"><strong>Equipe<\/strong><\/div><\/h2>\n\n\n\n<p class=\" \"><strong>Secretaria<\/strong><\/p>\n\n\n\n<p class=\" \">Jully Cristina Sobesak Teles&nbsp;<\/p>\n\n\n\n<p class=\" \">Yluska Magalh\u00e3es Guedes Brito Almeida<\/p>\n\n\n\n<p><\/p>\n\n\n\n<p class=\" \"><strong>Coordenadora<\/strong><\/p>\n\n\n\n<p>Sabrina de Melo Cabral (sabrina.melo.cabral@academico.ufpb.br)<\/p>\n\n\n\n<p>Sobre:&nbsp;<a href=\"https:\/\/sigaa.ufpb.br\/sigaa\/public\/docente\/portal.jsf?siape=1573322\" target=\"_blank\" rel=\"noreferrer noopener\">https:\/\/sigaa.ufpb.br\/sigaa\/public\/docente\/portal.jsf?siape=1573322<\/a><\/p>\n\n\n\n<p class=\" \">\u00a0<strong><a href=\"https:\/\/sig-arq.ufpb.br\/arquivos\/2024009117257c66877955f39e7f0b5cf\/PORTARIA_397_2024_PROGEP-SCRF8653923778307818259.pdf\" target=\"_blank\" rel=\"noreferrer noopener\">&#8211; Portaria de designa\u00e7\u00e3o de Coordenadora\u00a0 BGP (2024-2026)<\/a><\/strong><\/p>\n\n\n\n<p><\/p>\n\n\n\n<p class=\" \"><strong>Vice-coordenadora<\/strong><\/p>\n\n\n\n<p>Joyce Am\u00e3ncio de Aquino Alves (joyce.amancio@academico.ufpb.br)<\/p>\n\n\n\n<p>Sobre: <a href=\"https:\/\/sigaa.ufpb.br\/sigaa\/public\/docente\/portal.jsf?siape=1064711\" target=\"_blank\" rel=\"noreferrer noopener\">https:\/\/sigaa.ufpb.br\/sigaa\/public\/docente\/portal.jsf?siape=1064711<\/a><\/p>\n\n\n\n<p class=\" \">\u00a0<strong><a href=\"https:\/\/sig-arq.ufpb.br\/arquivos\/2024059190f6d8668779862755e372975\/PORTARIA_398_2024_PROGEP-SCRF7021384684283380522.pdf\" target=\"_blank\" rel=\"noreferrer noopener\">&#8211; Portaria de designa\u00e7\u00e3o de Vice-Coordenadora BGP (2024-2026)<\/a><\/strong><\/p>\n\n\n\n<p class=\" \"><\/p>\n\n\n\n<p class=\" \"><\/p>\n","protected":false},"excerpt":{"rendered":"<p>Atendimento ao p\u00fablico Dias: Segunda a sexta-feira Hor\u00e1rios: 10:00hs \u00e0s 17:00hs Telefone: (83) 3216-7927 Correio [&hellip;]<\/p>\n","protected":false},"author":47,"featured_media":0,"parent":0,"menu_order":0,"comment_status":"closed","ping_status":"closed","template":"","meta":{"footnotes":""},"class_list":["post-16","page","type-page","status-publish","hentry"],"_links":{"self":[{"href":"https:\/\/www.ccsa.ufpb.br\/cgp\/wp-json\/wp\/v2\/pages\/16","targetHints":{"allow":["GET"]}}],"collection":[{"href":"https:\/\/www.ccsa.ufpb.br\/cgp\/wp-json\/wp\/v2\/pages"}],"about":[{"href":"https:\/\/www.ccsa.ufpb.br\/cgp\/wp-json\/wp\/v2\/types\/page"}],"author":[{"embeddable":true,"href":"https:\/\/www.ccsa.ufpb.br\/cgp\/wp-json\/wp\/v2\/users\/47"}],"replies":[{"embeddable":true,"href":"https:\/\/www.ccsa.ufpb.br\/cgp\/wp-json\/wp\/v2\/comments?post=16"}],"version-history":[{"count":7,"href":"https:\/\/www.ccsa.ufpb.br\/cgp\/wp-json\/wp\/v2\/pages\/16\/revisions"}],"predecessor-version":[{"id":197,"href":"https:\/\/www.ccsa.ufpb.br\/cgp\/wp-json\/wp\/v2\/pages\/16\/revisions\/197"}],"wp:attachment":[{"href":"https:\/\/www.ccsa.ufpb.br\/cgp\/wp-json\/wp\/v2\/media?parent=16"}],"curies":[{"name":"wp","href":"https:\/\/api.w.org\/{rel}","templated":true}]}}

<h2 class="wp-block-heading"><div class="linha-header"><strong>Atendimento</strong> <strong>ao público</strong></div></h2>



<p class=" "><strong>Dias:</strong> Segunda a sexta-feira</p>



<p class=" "><strong>Horários:</strong> 10:00hs às 17:00hs</p>



<p class=" "><strong>Telefone:</strong> (83) 3216-7927</p>



<p class=" "><strong>Correio eletrônico:</strong> ccgp@ccsa.ufpb.br</p>



<p class=" "><strong>Website: </strong><a href="https://www.ccsa.ufpb.br/cgp/">https://www.ccsa.ufpb.br/cgp/</a></p>



<p></p>



<h2 class="wp-block-heading"><div class="linha-header"><strong>Equipe</strong></div></h2>



<p class=" "><strong>Secretaria</strong></p>



<p class=" ">Jully Cristina Sobesak Teles&nbsp;</p>



<p class=" ">Yluska Magalhães Guedes Brito Almeida</p>



<p></p>



<p class=" "><strong>Coordenadora</strong></p>



<p>Sabrina de Melo Cabral (sabrina.melo.cabral@academico.ufpb.br)</p>



<p>Sobre:&nbsp;<a href="https://sigaa.ufpb.br/sigaa/public/docente/portal.jsf?siape=1573322" target="_blank" rel="noreferrer noopener">https://sigaa.ufpb.br/sigaa/public/docente/portal.jsf?siape=1573322</a></p>



<p class=" "> <strong><a href="https://sig-arq.ufpb.br/arquivos/2024009117257c66877955f39e7f0b5cf/PORTARIA_397_2024_PROGEP-SCRF8653923778307818259.pdf" target="_blank" rel="noreferrer noopener">&#8211; Portaria de designação de Coordenadora  BGP (2024-2026)</a></strong></p>



<p></p>



<p class=" "><strong>Vice-coordenadora</strong></p>



<p>Joyce Amãncio de Aquino Alves (joyce.amancio@academico.ufpb.br)</p>



<p>Sobre: <a href="https://sigaa.ufpb.br/sigaa/public/docente/portal.jsf?siape=1064711" target="_blank" rel="noreferrer noopener">https://sigaa.ufpb.br/sigaa/public/docente/portal.jsf?siape=1064711</a></p>



<p class=" "> <strong><a href="https://sig-arq.ufpb.br/arquivos/2024059190f6d8668779862755e372975/PORTARIA_398_2024_PROGEP-SCRF7021384684283380522.pdf" target="_blank" rel="noreferrer noopener">&#8211; Portaria de designação de Vice-Coordenadora BGP (2024-2026)</a></strong></p>



<p class=" "></p>



<p class=" "></p>

<p>Atendimento ao público Dias: Segunda a sexta-feira Horários: 10:00hs às 17:00hs Telefone: (83) 3216-7927 Correio [&hellip;]</p>
