{"id":52,"date":"2025-10-04T21:41:58","date_gmt":"2025-10-05T00:41:58","guid":{"rendered":"https:\/\/www.ccsa.ufpb.br\/cgp\/?page_id=52"},"modified":"2026-03-02T15:57:29","modified_gmt":"2026-03-02T18:57:29","slug":"nucleo-docente-estruturante-nde","status":"publish","type":"page","link":"https:\/\/www.ccsa.ufpb.br\/cgp\/nucleo-docente-estruturante-nde\/","title":{"rendered":"N\u00facleo Docente Estruturante &#8211; NDE"},"content":{"rendered":"\n<p>Formado por docentes com atribui\u00e7\u00f5es acad\u00eamicas de acompanhamento, de acordo com Resolu\u00e7\u00e3o CONAES No 01, de 17 de junho de 2010, e atua no processo de concep\u00e7\u00e3o, consolida\u00e7\u00e3o e cont\u00ednua atualiza\u00e7\u00e3o do PPC.<\/p>\n\n\n\n<p><strong>Atribui\u00e7\u00f5es<\/strong><\/p>\n\n\n\n<ul class=\"wp-block-list\">\n<li>Contribuir para a defini\u00e7\u00e3o do perfil profissional do egresso do curso<\/li>\n\n\n\n<li>Zelar pela integra\u00e7\u00e3o curricular interdisciplinar entre as diferentes atividades de ensino constantes no curr\u00edculo<\/li>\n\n\n\n<li>Indicar formas de incentivo ao desenvolvimento de linhas de pesquisa e de extens\u00e3o, oriundas de necessidades da gradua\u00e7\u00e3o, de exig\u00eancias do mercado de trabalho e afinadas com as pol\u00edticas p\u00fablicas relativas \u00e0 \u00e1rea de conhecimento do curso<\/li>\n\n\n\n<li>Zelar pelo cumprimento das Diretrizes Curriculares Nacionais (DCNs) para os Cursos de Gradua\u00e7\u00e3o<\/li>\n<\/ul>\n\n\n\n<p><\/p>\n\n\n\n<h2 class=\"wp-block-heading\"><div class=\"linha-header\"><strong>Membros do N\u00facleo Docente Estruturante<\/strong><\/div><\/h2>\n\n\n\n<p class=\" \"><a href=\"https:\/\/sigaa.ufpb.br\/sigaa\/public\/docente\/portal.jsf?siape=1573322\">Profa. Dra. Sabrina de Melo Cabral<\/a> (Presidente e membro nato)<\/p>\n\n\n\n<p class=\" \"><a href=\"https:\/\/sigaa.ufpb.br\/sigaa\/public\/docente\/portal.jsf?siape=1064711\">Profa. Dra. Joyce Am\u00e2ncio de Aquino Alves<\/a> (membro nato)<\/p>\n\n\n\n<p>Profa. Maria Daniella de Oliveira Pereira da Silva<\/p>\n\n\n\n<p>Prof. Vanderson Gon\u00e7alves Carneiro<\/p>\n\n\n\n<p>Prof. Vico D\u00eanis Sousa de Melo<\/p>\n\n\n\n<p><\/p>\n\n\n\n<p class=\" \"><strong>Mandato: <\/strong>10\/07\/2027 \u00e0 09\/07\/2026<\/p>\n\n\n\n<p><\/p>\n\n\n\n<p class=\" \"><strong>Portaria de nomea\u00e7\u00e3o:<\/strong> <a href=\"https:\/\/drive.google.com\/file\/d\/1EBb4zFSNkE_9kc8w93YjVZ8O5riLVKHb\/view?usp=sharing\">PORTARIA N\u00ba 64\/2024 &#8211; DGP\/CCSA\/UFPB, DE 09 DE AGOSTO DE 2024<\/a><\/p>\n\n\n\n<p><\/p>\n\n\n\n<p class=\" \">&nbsp;<\/p>\n","protected":false},"excerpt":{"rendered":"<p>Formado por docentes com atribui\u00e7\u00f5es acad\u00eamicas de acompanhamento, de acordo com Resolu\u00e7\u00e3o CONAES No 01, [&hellip;]<\/p>\n","protected":false},"author":47,"featured_media":0,"parent":0,"menu_order":0,"comment_status":"closed","ping_status":"closed","template":"","meta":{"footnotes":""},"class_list":["post-52","page","type-page","status-publish","hentry"],"_links":{"self":[{"href":"https:\/\/www.ccsa.ufpb.br\/cgp\/wp-json\/wp\/v2\/pages\/52","targetHints":{"allow":["GET"]}}],"collection":[{"href":"https:\/\/www.ccsa.ufpb.br\/cgp\/wp-json\/wp\/v2\/pages"}],"about":[{"href":"https:\/\/www.ccsa.ufpb.br\/cgp\/wp-json\/wp\/v2\/types\/page"}],"author":[{"embeddable":true,"href":"https:\/\/www.ccsa.ufpb.br\/cgp\/wp-json\/wp\/v2\/users\/47"}],"replies":[{"embeddable":true,"href":"https:\/\/www.ccsa.ufpb.br\/cgp\/wp-json\/wp\/v2\/comments?post=52"}],"version-history":[{"count":6,"href":"https:\/\/www.ccsa.ufpb.br\/cgp\/wp-json\/wp\/v2\/pages\/52\/revisions"}],"predecessor-version":[{"id":219,"href":"https:\/\/www.ccsa.ufpb.br\/cgp\/wp-json\/wp\/v2\/pages\/52\/revisions\/219"}],"wp:attachment":[{"href":"https:\/\/www.ccsa.ufpb.br\/cgp\/wp-json\/wp\/v2\/media?parent=52"}],"curies":[{"name":"wp","href":"https:\/\/api.w.org\/{rel}","templated":true}]}}

Núcleo Docente Estruturante &#8211; NDE

<p>Formado por docentes com atribuições acadêmicas de acompanhamento, de acordo com Resolução CONAES No 01, de 17 de junho de 2010, e atua no processo de concepção, consolidação e contínua atualização do PPC.</p>



<p><strong>Atribuições</strong></p>



<ul class="wp-block-list">
<li>Contribuir para a definição do perfil profissional do egresso do curso</li>



<li>Zelar pela integração curricular interdisciplinar entre as diferentes atividades de ensino constantes no currículo</li>



<li>Indicar formas de incentivo ao desenvolvimento de linhas de pesquisa e de extensão, oriundas de necessidades da graduação, de exigências do mercado de trabalho e afinadas com as políticas públicas relativas à área de conhecimento do curso</li>



<li>Zelar pelo cumprimento das Diretrizes Curriculares Nacionais (DCNs) para os Cursos de Graduação</li>
</ul>



<p></p>



<h2 class="wp-block-heading"><div class="linha-header"><strong>Membros do Núcleo Docente Estruturante</strong></div></h2>



<p class=" "><a href="https://sigaa.ufpb.br/sigaa/public/docente/portal.jsf?siape=1573322">Profa. Dra. Sabrina de Melo Cabral</a> (Presidente e membro nato)</p>



<p class=" "><a href="https://sigaa.ufpb.br/sigaa/public/docente/portal.jsf?siape=1064711">Profa. Dra. Joyce Amâncio de Aquino Alves</a> (membro nato)</p>



<p>Profa. Maria Daniella de Oliveira Pereira da Silva</p>



<p>Prof. Vanderson Gonçalves Carneiro</p>



<p>Prof. Vico Dênis Sousa de Melo</p>



<p></p>



<p class=" "><strong>Mandato: </strong>10/07/2027 à 09/07/2026</p>



<p></p>



<p class=" "><strong>Portaria de nomeação:</strong> <a href="https://drive.google.com/file/d/1EBb4zFSNkE_9kc8w93YjVZ8O5riLVKHb/view?usp=sharing">PORTARIA Nº 64/2024 &#8211; DGP/CCSA/UFPB, DE 09 DE AGOSTO DE 2024</a></p>



<p></p>



<p class=" ">&nbsp;</p>

<p>Formado por docentes com atribuições acadêmicas de acompanhamento, de acordo com Resolução CONAES No 01, [&hellip;]</p>
