{"id":11,"date":"2026-03-16T15:17:21","date_gmt":"2026-03-16T18:17:21","guid":{"rendered":"https:\/\/www.ccsa.ufpb.br\/dadm\/?page_id=11"},"modified":"2026-03-16T15:17:22","modified_gmt":"2026-03-16T18:17:22","slug":"organizacao-interna","status":"publish","type":"page","link":"https:\/\/www.ccsa.ufpb.br\/dadm\/organizacao-interna\/","title":{"rendered":"Organiza\u00e7\u00e3o Interna"},"content":{"rendered":"\n<p>O DADM , enquanto unidade organizacional do CCSA e a UFPB, mant\u00e9m seu funcionamento definido a partir do&nbsp;<a href=\"https:\/\/www.ufpb.br\/sods\/contents\/menu\/estatuto\" target=\"_blank\" rel=\"noreferrer noopener\">Estatuto<\/a>&nbsp;e do&nbsp;<a href=\"https:\/\/www.ufpb.br\/sods\/contents\/menu\/copy_of_regimentos\/regimento-geral\" target=\"_blank\" rel=\"noreferrer noopener\">Regimento Geral<\/a>&nbsp;da UFPB. O funcionamento da unidade est\u00e1 baseado na seguinte organiza\u00e7\u00e3o:<\/p>\n\n\n\n<ul class=\"wp-block-list\">\n<li><strong>Colegiado<\/strong>: unidade que congrega todos os docentes, al\u00e9m de representantes de servidores e discentes, \u00e9 a unidade consultiva, deliberativa e consultiva nos assuntos e decis\u00f5es pertinentes \u00e0 unidade (detalhes\u00a0<a href=\"http:\/\/plone.ufpb.br\/da\/contents\/menu\/institucional\/corpo-docente\">aqui<\/a>);<\/li>\n\n\n\n<li><strong>C\u00e2mara departamental<\/strong>: subconjunto do Colegiado com fun\u00e7\u00f5es definidas no Regimento geral. OBS: a C\u00e2mara do DADM foi institu\u00edda em 2012, encontrando-se inativa, mas n\u00e3o extinta, desde o ano de 2014.<\/li>\n\n\n\n<li><strong>Chefia<\/strong>: lideran\u00e7a institucional composta por um chefe e um vice-chefe, sendo a unidade executiva das decis\u00f5es colegiadas e das defini\u00e7\u00f5es de gest\u00e3o previstas nas regulamenta\u00e7\u00f5es da UFPB. \u00c0 Chefia, do chefe e vice-chefe, ficam vinculados os servidores t\u00e9cnicos-administrativos\u00a0 (detalhes\u00a0<a href=\"http:\/\/plone.ufpb.br\/da\/contents\/menu\/institucional\/lideranca\">aqui<\/a>);<\/li>\n\n\n\n<li><strong>Comiss\u00f5es permanentes<\/strong>: unidades compostas por docentes com finalidades recorrentes do departamento. S\u00e3o tr\u00eas comiss\u00f5es:<\/li>\n<\/ul>\n\n\n\n<ol class=\"wp-block-list\">\n<li>Comiss\u00e3o de Est\u00e1gio Probat\u00f3rio: respons\u00e1vel pelo acompanhamento de docentes em Est\u00e1gio Probat\u00f3rio<\/li>\n\n\n\n<li>Comiss\u00e3o de Progress\u00e3o Funcional: respons\u00e1vel pela avalia\u00e7\u00e3o de pedidos de progress\u00e3o horizontam ou vertical de docentes do Departamento;<\/li>\n\n\n\n<li>Comiss\u00e3o de Encargo Docente: respons\u00e1vel pela aprecia\u00e7\u00e3o e acompanhamento dos Planos Relat\u00f3rios Individuais dos Docentes (PIDs e RIDs).\u00a0 \u00a0<\/li>\n<\/ol>\n\n\n\n<ul class=\"wp-block-list\">\n<li><strong>\u00c1reas departamentais<\/strong>: desde o ano de 2013, o DADM passou a ser organizado em oito \u00e1reas departamentais.<\/li>\n<\/ul>\n","protected":false},"excerpt":{"rendered":"<p>O DADM , enquanto unidade organizacional do CCSA e a UFPB, mant\u00e9m seu funcionamento definido [&hellip;]<\/p>\n","protected":false},"author":47,"featured_media":0,"parent":0,"menu_order":0,"comment_status":"closed","ping_status":"closed","template":"","meta":{"footnotes":""},"class_list":["post-11","page","type-page","status-publish","hentry"],"_links":{"self":[{"href":"https:\/\/www.ccsa.ufpb.br\/dadm\/wp-json\/wp\/v2\/pages\/11","targetHints":{"allow":["GET"]}}],"collection":[{"href":"https:\/\/www.ccsa.ufpb.br\/dadm\/wp-json\/wp\/v2\/pages"}],"about":[{"href":"https:\/\/www.ccsa.ufpb.br\/dadm\/wp-json\/wp\/v2\/types\/page"}],"author":[{"embeddable":true,"href":"https:\/\/www.ccsa.ufpb.br\/dadm\/wp-json\/wp\/v2\/users\/47"}],"replies":[{"embeddable":true,"href":"https:\/\/www.ccsa.ufpb.br\/dadm\/wp-json\/wp\/v2\/comments?post=11"}],"version-history":[{"count":1,"href":"https:\/\/www.ccsa.ufpb.br\/dadm\/wp-json\/wp\/v2\/pages\/11\/revisions"}],"predecessor-version":[{"id":12,"href":"https:\/\/www.ccsa.ufpb.br\/dadm\/wp-json\/wp\/v2\/pages\/11\/revisions\/12"}],"wp:attachment":[{"href":"https:\/\/www.ccsa.ufpb.br\/dadm\/wp-json\/wp\/v2\/media?parent=11"}],"curies":[{"name":"wp","href":"https:\/\/api.w.org\/{rel}","templated":true}]}}