{"id":25,"date":"2026-03-16T15:32:31","date_gmt":"2026-03-16T18:32:31","guid":{"rendered":"https:\/\/www.ccsa.ufpb.br\/dadm\/?page_id=25"},"modified":"2026-03-16T15:32:31","modified_gmt":"2026-03-16T18:32:31","slug":"extensao","status":"publish","type":"page","link":"https:\/\/www.ccsa.ufpb.br\/dadm\/extensao\/","title":{"rendered":"Extens\u00e3o"},"content":{"rendered":"\n<p>Os docentes do DADM desenvolvem a\u00e7\u00f5es de extens\u00e3o em projetos que articulam os tr\u00eas eixos da chamada Terceira Miss\u00e3o da universidade: engajamento social; inova\u00e7\u00e3o e transfer\u00eancia tecnol\u00f3gica; e forma\u00e7\u00e3o continuada.&nbsp;As a\u00e7\u00f5es s\u00e3o desenvolvidas tanto em projetos quanto a partir da integra\u00e7\u00e3o com os componentes de gradua\u00e7\u00e3o, conforme a defini\u00e7\u00e3o institucional e a previs\u00e3o no PPC dos cursos que recepcionam componentes curriculares do DADM.<\/p>\n\n\n\n<p>Uma lista projetos desenvolvidos por docentes do DADM podem ser encontrados neste&nbsp;<a href=\"https:\/\/sigaa.ufpb.br\/sigaa\/public\/departamento\/extensao.jsf?id=1330\" target=\"_blank\" rel=\"noreferrer noopener\">link<\/a>. A lista est\u00e1 definida por ano, e no detalhamento dispon\u00edvel est\u00e1 indicada a equipe e a participa\u00e7\u00e3o dos docentes do Departamento, que podem ser contatados diretamente a partir do contato na na p\u00e1gina de&nbsp;<a href=\"http:\/\/plone.ufpb.br\/da\/contents\/menu\/institucional\/corpo-docente\">Docentes<\/a>&nbsp;deste site.<\/p>\n","protected":false},"excerpt":{"rendered":"<p>Os docentes do DADM desenvolvem a\u00e7\u00f5es de extens\u00e3o em projetos que articulam os tr\u00eas eixos [&hellip;]<\/p>\n","protected":false},"author":47,"featured_media":0,"parent":0,"menu_order":0,"comment_status":"closed","ping_status":"closed","template":"","meta":{"footnotes":""},"class_list":["post-25","page","type-page","status-publish","hentry"],"_links":{"self":[{"href":"https:\/\/www.ccsa.ufpb.br\/dadm\/wp-json\/wp\/v2\/pages\/25","targetHints":{"allow":["GET"]}}],"collection":[{"href":"https:\/\/www.ccsa.ufpb.br\/dadm\/wp-json\/wp\/v2\/pages"}],"about":[{"href":"https:\/\/www.ccsa.ufpb.br\/dadm\/wp-json\/wp\/v2\/types\/page"}],"author":[{"embeddable":true,"href":"https:\/\/www.ccsa.ufpb.br\/dadm\/wp-json\/wp\/v2\/users\/47"}],"replies":[{"embeddable":true,"href":"https:\/\/www.ccsa.ufpb.br\/dadm\/wp-json\/wp\/v2\/comments?post=25"}],"version-history":[{"count":1,"href":"https:\/\/www.ccsa.ufpb.br\/dadm\/wp-json\/wp\/v2\/pages\/25\/revisions"}],"predecessor-version":[{"id":26,"href":"https:\/\/www.ccsa.ufpb.br\/dadm\/wp-json\/wp\/v2\/pages\/25\/revisions\/26"}],"wp:attachment":[{"href":"https:\/\/www.ccsa.ufpb.br\/dadm\/wp-json\/wp\/v2\/media?parent=25"}],"curies":[{"name":"wp","href":"https:\/\/api.w.org\/{rel}","templated":true}]}}