{"id":111,"date":"2025-06-13T17:44:58","date_gmt":"2025-06-13T20:44:58","guid":{"rendered":"https:\/\/www.ccsa.ufpb.br\/dfc\/?page_id=111"},"modified":"2025-06-19T10:14:26","modified_gmt":"2025-06-19T13:14:26","slug":"carta-de-servicos-ao-usuario","status":"publish","type":"page","link":"https:\/\/www.ccsa.ufpb.br\/dfc\/carta-de-servicos-ao-usuario\/","title":{"rendered":"Carta de Servi\u00e7os ao Usu\u00e1rio"},"content":{"rendered":"\n<p><a href=\"https:\/\/www.ufpb.br\/acessoainformacao\/contents\/documentos\/carta-de-servicos-ao-cidadao_ufpb-2.pdf\">Carta de Servi\u00e7os ao Usu\u00e1rio &#8211; UFPB (Geral)<\/a><\/p>\n\n\n\n<p><a href=\"https:\/\/www.ufpb.br\/acessoainformacao\/contents\/paginas\/acoes-e-programas\/cartas-de-servicos\">Cartas de Servi\u00e7os ao Usu\u00e1rio &#8211; UFPB (Espec\u00edficas)<\/a><\/p>\n\n\n\n<p><\/p>\n","protected":false},"excerpt":{"rendered":"<p>Carta de Servi\u00e7os ao Usu\u00e1rio &#8211; UFPB (Geral) Cartas de Servi\u00e7os ao Usu\u00e1rio &#8211; UFPB [&hellip;]<\/p>\n","protected":false},"author":47,"featured_media":0,"parent":0,"menu_order":0,"comment_status":"closed","ping_status":"closed","template":"","meta":{"footnotes":""},"class_list":["post-111","page","type-page","status-publish","hentry"],"_links":{"self":[{"href":"https:\/\/www.ccsa.ufpb.br\/dfc\/wp-json\/wp\/v2\/pages\/111","targetHints":{"allow":["GET"]}}],"collection":[{"href":"https:\/\/www.ccsa.ufpb.br\/dfc\/wp-json\/wp\/v2\/pages"}],"about":[{"href":"https:\/\/www.ccsa.ufpb.br\/dfc\/wp-json\/wp\/v2\/types\/page"}],"author":[{"embeddable":true,"href":"https:\/\/www.ccsa.ufpb.br\/dfc\/wp-json\/wp\/v2\/users\/47"}],"replies":[{"embeddable":true,"href":"https:\/\/www.ccsa.ufpb.br\/dfc\/wp-json\/wp\/v2\/comments?post=111"}],"version-history":[{"count":3,"href":"https:\/\/www.ccsa.ufpb.br\/dfc\/wp-json\/wp\/v2\/pages\/111\/revisions"}],"predecessor-version":[{"id":121,"href":"https:\/\/www.ccsa.ufpb.br\/dfc\/wp-json\/wp\/v2\/pages\/111\/revisions\/121"}],"wp:attachment":[{"href":"https:\/\/www.ccsa.ufpb.br\/dfc\/wp-json\/wp\/v2\/media?parent=111"}],"curies":[{"name":"wp","href":"https:\/\/api.w.org\/{rel}","templated":true}]}}