{"id":90,"date":"2025-06-07T19:19:40","date_gmt":"2025-06-07T22:19:40","guid":{"rendered":"https:\/\/www.ccsa.ufpb.br\/dfc\/?page_id=90"},"modified":"2025-06-27T10:28:21","modified_gmt":"2025-06-27T13:28:21","slug":"aegis-consultoria-empresarial-jr","status":"publish","type":"page","link":"https:\/\/www.ccsa.ufpb.br\/dfc\/aegis-consultoria-empresarial-jr\/","title":{"rendered":"Aegis Consultoria Empresarial Jr."},"content":{"rendered":"\n<p>A Aegis \u00e9 uma empresa j\u00fanior, ou seja, \u00e9 uma associa\u00e7\u00e3o civil sem fins lucrativos e com fins educacionais. Foi criada em 2023 e \u00e9 formada exclusivamente por alunos do curso de Ci\u00eancias Atuariais da UFPB.<br>Resumidamente, a nossa atua\u00e7\u00e3o objetiva:<br>Proporcionar aos alunos, al\u00e9m da op\u00e7\u00e3o de credita\u00e7\u00e3o, a possibilidade de realizar pr\u00e1ticas atuariais ainda durante a gradua\u00e7\u00e3o;<br>Proporcionar aos nossos clientes\/parceiros uma oportunidade \u00fanica para fortalecer a tomada de decis\u00f5es, de forma que se molde um terreno s\u00f3lido para o alcance de seus objetivos.<br>Assim, temos o objetivo de transgredir n\u00fameros e f\u00f3rmulas, de sermos art\u00edfices da confian\u00e7a, especializados na transforma\u00e7\u00e3o da complexidade dos riscos em conselhos pragm\u00e1ticos. Em meio ao vasto cen\u00e1rio de seguros, previd\u00eancia, finan\u00e7as e demais atividades econ\u00f4micas, apresentamo-nos como seus navegadores para orient\u00e1-los, com bastante cautela, a cada onda desafiadora.<\/p>\n\n\n\n<p>Site:\u00a0<a href=\"https:\/\/aegisatuarialjr.wixsite.com\/ufpb\" target=\"_blank\" rel=\"noreferrer noopener\">https:\/\/aegisatuarialjr.wixsite.com\/ufpb<\/a><br>Instagram:\u00a0<a>@aegis_junior<\/a><\/p>\n","protected":false},"excerpt":{"rendered":"<p>A Aegis \u00e9 uma empresa j\u00fanior, ou seja, \u00e9 uma associa\u00e7\u00e3o civil sem fins lucrativos [&hellip;]<\/p>\n","protected":false},"author":47,"featured_media":0,"parent":0,"menu_order":0,"comment_status":"closed","ping_status":"closed","template":"","meta":{"footnotes":""},"class_list":["post-90","page","type-page","status-publish","hentry"],"_links":{"self":[{"href":"https:\/\/www.ccsa.ufpb.br\/dfc\/wp-json\/wp\/v2\/pages\/90","targetHints":{"allow":["GET"]}}],"collection":[{"href":"https:\/\/www.ccsa.ufpb.br\/dfc\/wp-json\/wp\/v2\/pages"}],"about":[{"href":"https:\/\/www.ccsa.ufpb.br\/dfc\/wp-json\/wp\/v2\/types\/page"}],"author":[{"embeddable":true,"href":"https:\/\/www.ccsa.ufpb.br\/dfc\/wp-json\/wp\/v2\/users\/47"}],"replies":[{"embeddable":true,"href":"https:\/\/www.ccsa.ufpb.br\/dfc\/wp-json\/wp\/v2\/comments?post=90"}],"version-history":[{"count":3,"href":"https:\/\/www.ccsa.ufpb.br\/dfc\/wp-json\/wp\/v2\/pages\/90\/revisions"}],"predecessor-version":[{"id":128,"href":"https:\/\/www.ccsa.ufpb.br\/dfc\/wp-json\/wp\/v2\/pages\/90\/revisions\/128"}],"wp:attachment":[{"href":"https:\/\/www.ccsa.ufpb.br\/dfc\/wp-json\/wp\/v2\/media?parent=90"}],"curies":[{"name":"wp","href":"https:\/\/api.w.org\/{rel}","templated":true}]}}