{"id":20,"date":"2024-09-09T13:06:12","date_gmt":"2024-09-09T13:06:12","guid":{"rendered":"https:\/\/www.ccsa.ufpb.br\/egp\/?page_id=20"},"modified":"2026-03-27T13:57:44","modified_gmt":"2026-03-27T13:57:44","slug":"contato","status":"publish","type":"page","link":"https:\/\/www.ccsa.ufpb.br\/egp\/contato\/","title":{"rendered":"Contato"},"content":{"rendered":"\n<p>E-mail: egp@ccsa.ufpb.br <\/p>\n\n\n\n<p>Telefone: (83) 3216-7927<\/p>\n\n\n\n<p>Endere\u00e7o: Superintend\u00eancia de Educa\u00e7\u00e3o a Dist\u00e2ncia da Universidade Federal da Para\u00edba &#8211; SEAD\/UFPB. <em>UFPB Campus I &#8211; 58.051-900 \u2013 Jo\u00e3o Pessoa (PB)<\/em> &#8211; Telefone (83)3216-7257<\/p>\n\n\n\n<p><\/p>\n","protected":false},"excerpt":{"rendered":"<p>E-mail: egp@ccsa.ufpb.br Telefone: (83) 3216-7927 Endere\u00e7o: Superintend\u00eancia de Educa\u00e7\u00e3o a Dist\u00e2ncia da Universidade Federal da Para\u00edba &#8211; SEAD\/UFPB. UFPB Campus I &#8211; 58.051-900 \u2013 Jo\u00e3o Pessoa (PB) &#8211; Telefone (83)3216-7257<\/p>\n","protected":false},"author":47,"featured_media":0,"parent":0,"menu_order":0,"comment_status":"closed","ping_status":"closed","template":"","meta":{"footnotes":""},"class_list":["post-20","page","type-page","status-publish","hentry"],"_links":{"self":[{"href":"https:\/\/www.ccsa.ufpb.br\/egp\/wp-json\/wp\/v2\/pages\/20","targetHints":{"allow":["GET"]}}],"collection":[{"href":"https:\/\/www.ccsa.ufpb.br\/egp\/wp-json\/wp\/v2\/pages"}],"about":[{"href":"https:\/\/www.ccsa.ufpb.br\/egp\/wp-json\/wp\/v2\/types\/page"}],"author":[{"embeddable":true,"href":"https:\/\/www.ccsa.ufpb.br\/egp\/wp-json\/wp\/v2\/users\/47"}],"replies":[{"embeddable":true,"href":"https:\/\/www.ccsa.ufpb.br\/egp\/wp-json\/wp\/v2\/comments?post=20"}],"version-history":[{"count":4,"href":"https:\/\/www.ccsa.ufpb.br\/egp\/wp-json\/wp\/v2\/pages\/20\/revisions"}],"predecessor-version":[{"id":391,"href":"https:\/\/www.ccsa.ufpb.br\/egp\/wp-json\/wp\/v2\/pages\/20\/revisions\/391"}],"wp:attachment":[{"href":"https:\/\/www.ccsa.ufpb.br\/egp\/wp-json\/wp\/v2\/media?parent=20"}],"curies":[{"name":"wp","href":"https:\/\/api.w.org\/{rel}","templated":true}]}}