{"id":132,"date":"2025-06-16T22:35:24","date_gmt":"2025-06-16T22:35:24","guid":{"rendered":"https:\/\/www.ccsa.ufpb.br\/gadm\/?page_id=132"},"modified":"2026-04-30T19:08:43","modified_gmt":"2026-04-30T19:08:43","slug":"normas-e-orientacoes","status":"publish","type":"page","link":"https:\/\/www.ccsa.ufpb.br\/gadm\/tcc-i-e-ii\/normas-e-orientacoes\/","title":{"rendered":"Normas e orienta\u00e7\u00f5es"},"content":{"rendered":"\n<p>As normas do TCC do Curso de Administra\u00e7\u00e3o s\u00e3o aquelas definidas na <a href=\"https:\/\/drive.google.com\/file\/d\/1ASkWV2-OWHqtYobPaojjP2hanf2CECiM\/view?usp=sharing\" data-type=\"page\" data-id=\"34\" target=\"_blank\" rel=\"noreferrer noopener\">Resolu\u00e7\u00e3o N\u00ba 06\/2026- GADM\/CCSA \u2013 Trabalho de Conclus\u00e3o de Curso<\/a>.<\/p>\n\n\n\n<p><\/p>\n","protected":false},"excerpt":{"rendered":"<p>As normas do TCC do Curso de Administra\u00e7\u00e3o s\u00e3o aquelas definidas na Resolu\u00e7\u00e3o N\u00ba 06\/2026- GADM\/CCSA \u2013 Trabalho de Conclus\u00e3o de Curso.<\/p>\n","protected":false},"author":218,"featured_media":0,"parent":118,"menu_order":0,"comment_status":"closed","ping_status":"closed","template":"","meta":{"footnotes":""},"class_list":["post-132","page","type-page","status-publish","hentry"],"_links":{"self":[{"href":"https:\/\/www.ccsa.ufpb.br\/gadm\/wp-json\/wp\/v2\/pages\/132","targetHints":{"allow":["GET"]}}],"collection":[{"href":"https:\/\/www.ccsa.ufpb.br\/gadm\/wp-json\/wp\/v2\/pages"}],"about":[{"href":"https:\/\/www.ccsa.ufpb.br\/gadm\/wp-json\/wp\/v2\/types\/page"}],"author":[{"embeddable":true,"href":"https:\/\/www.ccsa.ufpb.br\/gadm\/wp-json\/wp\/v2\/users\/218"}],"replies":[{"embeddable":true,"href":"https:\/\/www.ccsa.ufpb.br\/gadm\/wp-json\/wp\/v2\/comments?post=132"}],"version-history":[{"count":4,"href":"https:\/\/www.ccsa.ufpb.br\/gadm\/wp-json\/wp\/v2\/pages\/132\/revisions"}],"predecessor-version":[{"id":487,"href":"https:\/\/www.ccsa.ufpb.br\/gadm\/wp-json\/wp\/v2\/pages\/132\/revisions\/487"}],"up":[{"embeddable":true,"href":"https:\/\/www.ccsa.ufpb.br\/gadm\/wp-json\/wp\/v2\/pages\/118"}],"wp:attachment":[{"href":"https:\/\/www.ccsa.ufpb.br\/gadm\/wp-json\/wp\/v2\/media?parent=132"}],"curies":[{"name":"wp","href":"https:\/\/api.w.org\/{rel}","templated":true}]}}