{"id":202,"date":"2025-07-23T23:12:25","date_gmt":"2025-07-23T23:12:25","guid":{"rendered":"https:\/\/www.ccsa.ufpb.br\/gadm\/?page_id=202"},"modified":"2026-04-17T14:08:57","modified_gmt":"2026-04-17T14:08:57","slug":"colacao-de-grau","status":"publish","type":"page","link":"https:\/\/www.ccsa.ufpb.br\/gadm\/contato\/colacao-de-grau\/","title":{"rendered":"Cola\u00e7\u00e3o de Grau"},"content":{"rendered":"\n<p class=\"has-vivid-cyan-blue-color has-text-color has-link-color has-medium-font-size wp-elements-fb8bb379b2ca79eeff3900cedf2cd1ec\"><strong>Informa\u00e7\u00f5es Gerais<\/strong><\/p>\n\n\n\n<p>Nos dias&nbsp;<strong>16 a 17\/04\/2026<\/strong>, todos os discentes que pretendem colar grau em 2025.2, dever\u00e3o enviar \u00e0 coordena\u00e7\u00e3o um e-mail com o assunto COLA\u00c7\u00c3O DE GRAU 2025.2, contendo apenas os seguintes documentos:<\/p>\n\n\n\n<p>1) Nada Consta da Biblioteca;<\/p>\n\n\n\n<p>2) C\u00f3pia do Hist\u00f3rico<\/p>\n\n\n\n<p>3)&nbsp;C\u00f3pia de certificado de reservista ou de dispensa do servi\u00e7o militar (para discentes do sexo masculino<strong>)<\/strong>;<br><\/p>\n\n\n\n<p><strong>Todos os documentos citados acima devem ser enviados em arquivos separados e no formato PDF.<\/strong><\/p>\n\n\n\n<p><\/p>\n\n\n\n<p class=\"has-black-color has-text-color has-link-color has-medium-font-size wp-elements-0b8a36393a2df54487208a387fa84ec1\"><strong><a href=\"https:\/\/docs.google.com\/document\/d\/1A7C7qZV8-WxrDM7dbzqg594-Iq-mZzMH\/edit?rtpof=true&amp;tab=t.0\" data-type=\"link\" data-id=\"https:\/\/docs.google.com\/document\/d\/1A7C7qZV8-WxrDM7dbzqg594-Iq-mZzMH\/edit?rtpof=true&amp;tab=t.0\">Lista de Prov\u00e1veis Concluintes &#8211; 2025.<\/a>2<\/strong><\/p>\n\n\n\n<p><a href=\"https:\/\/drive.google.com\/file\/d\/1vqZOKeq04qDvUaOO3lS9shgGxiiwLGPR\/view?usp=sharing\">INSTRU\u00c7\u00c3O NORMATIVA PRG\/UFPB N\u00ba 2, DE 12 DE MAIO DE 2025<\/a><\/p>\n\n\n\n<p><\/p>\n\n\n\n<p><\/p>\n","protected":false},"excerpt":{"rendered":"<p>Informa\u00e7\u00f5es Gerais Nos dias&nbsp;16 a 17\/04\/2026, todos os discentes que pretendem colar grau em 2025.2, dever\u00e3o enviar \u00e0 coordena\u00e7\u00e3o um e-mail com o assunto COLA\u00c7\u00c3O DE GRAU 2025.2, contendo apenas os seguintes documentos: 1) Nada Consta da Biblioteca; 2) C\u00f3pia do Hist\u00f3rico 3)&nbsp;C\u00f3pia de certificado de reservista ou de dispensa do servi\u00e7o militar (para discentes [&hellip;]<\/p>\n","protected":false},"author":218,"featured_media":0,"parent":27,"menu_order":3,"comment_status":"closed","ping_status":"closed","template":"","meta":{"footnotes":""},"class_list":["post-202","page","type-page","status-publish","hentry"],"_links":{"self":[{"href":"https:\/\/www.ccsa.ufpb.br\/gadm\/wp-json\/wp\/v2\/pages\/202","targetHints":{"allow":["GET"]}}],"collection":[{"href":"https:\/\/www.ccsa.ufpb.br\/gadm\/wp-json\/wp\/v2\/pages"}],"about":[{"href":"https:\/\/www.ccsa.ufpb.br\/gadm\/wp-json\/wp\/v2\/types\/page"}],"author":[{"embeddable":true,"href":"https:\/\/www.ccsa.ufpb.br\/gadm\/wp-json\/wp\/v2\/users\/218"}],"replies":[{"embeddable":true,"href":"https:\/\/www.ccsa.ufpb.br\/gadm\/wp-json\/wp\/v2\/comments?post=202"}],"version-history":[{"count":19,"href":"https:\/\/www.ccsa.ufpb.br\/gadm\/wp-json\/wp\/v2\/pages\/202\/revisions"}],"predecessor-version":[{"id":437,"href":"https:\/\/www.ccsa.ufpb.br\/gadm\/wp-json\/wp\/v2\/pages\/202\/revisions\/437"}],"up":[{"embeddable":true,"href":"https:\/\/www.ccsa.ufpb.br\/gadm\/wp-json\/wp\/v2\/pages\/27"}],"wp:attachment":[{"href":"https:\/\/www.ccsa.ufpb.br\/gadm\/wp-json\/wp\/v2\/media?parent=202"}],"curies":[{"name":"wp","href":"https:\/\/api.w.org\/{rel}","templated":true}]}}