{"id":22,"date":"2024-09-12T12:52:26","date_gmt":"2024-09-12T12:52:26","guid":{"rendered":"https:\/\/www.ccsa.ufpb.br\/gets2\/?page_id=22"},"modified":"2024-09-24T18:34:57","modified_gmt":"2024-09-24T21:34:57","slug":"apresentacao","status":"publish","type":"page","link":"https:\/\/www.ccsa.ufpb.br\/gets\/apresentacao\/","title":{"rendered":"Apresenta\u00e7\u00e3o"},"content":{"rendered":"\n<p class=\" \">O grupo trata de estudos relacionados ao terceiro setor e do trabalho volunt\u00e1rio, seus antecedentes, consequentes, correlatos e temas transversais como a cidadania, a gest\u00e3o de pessoas e de ONGs. As repercuss\u00f5es esperadas referem-se \u00e0 exposi\u00e7\u00e3o das pesquisas do grupo em peri\u00f3dicos cient\u00edficos e a participa\u00e7\u00e3o de seus membros em eventos acad\u00eamicos qualificados tanto no Brasil quanto no exterior. Tamb\u00e9m espera-se auxiliar as ONGs em \u00e2mbito regional no gerenciamento dos seus volunt\u00e1rios.<\/p>\n\n\n\n<h2 class=\"wp-block-heading\">Nosso logotipo<\/h2>\n\n\n\n<p class=\" \">Entendemos a divis\u00e3o da sociedade em tr\u00eas setores: Estado, Mercado e Terceiro Setor. O azul, que significa confian\u00e7a e seguran\u00e7a, representando o Estado. O amarelo, que significa riqueza e otimismo, representa o mercado. E o verde relacionado com a esperan\u00e7a e a liberdade, traduz o Terceiro Setor. Vale salientar que todos apontam na mesma dire\u00e7\u00e3o: a sociedade.<\/p>\n\n\n\n<figure class=\"wp-block-image size-full is-resized\"><img loading=\"lazy\" decoding=\"async\" width=\"320\" height=\"111\" src=\"http:\/\/www.ccsa.ufpb.br\/gets2\/wp-content\/uploads\/sites\/179\/sites\/209\/2024\/09\/cropped-gets_logo-1.jpg\" alt=\"\" class=\"wp-image-7\" style=\"width:444px;height:auto\" srcset=\"https:\/\/www.ccsa.ufpb.br\/gets\/wp-content\/uploads\/sites\/179\/sites\/209\/2024\/09\/cropped-gets_logo-1.jpg 320w, https:\/\/www.ccsa.ufpb.br\/gets\/wp-content\/uploads\/sites\/179\/sites\/209\/2024\/09\/cropped-gets_logo-1-300x104.jpg 300w\" sizes=\"auto, (max-width: 320px) 100vw, 320px\" \/><\/figure>\n","protected":false},"excerpt":{"rendered":"<p>O grupo trata de estudos relacionados ao terceiro setor e do trabalho volunt\u00e1rio, seus antecedentes, consequentes, correlatos e temas transversais como a cidadania, a gest\u00e3o de pessoas e de ONGs. As repercuss\u00f5es esperadas referem-se \u00e0 exposi\u00e7\u00e3o das pesquisas do grupo em peri\u00f3dicos cient\u00edficos e a participa\u00e7\u00e3o de seus membros em eventos acad\u00eamicos qualificados tanto no [&hellip;]<\/p>\n","protected":false},"author":47,"featured_media":0,"parent":0,"menu_order":0,"comment_status":"closed","ping_status":"closed","template":"","meta":{"footnotes":""},"class_list":["post-22","page","type-page","status-publish","hentry"],"_links":{"self":[{"href":"https:\/\/www.ccsa.ufpb.br\/gets\/wp-json\/wp\/v2\/pages\/22","targetHints":{"allow":["GET"]}}],"collection":[{"href":"https:\/\/www.ccsa.ufpb.br\/gets\/wp-json\/wp\/v2\/pages"}],"about":[{"href":"https:\/\/www.ccsa.ufpb.br\/gets\/wp-json\/wp\/v2\/types\/page"}],"author":[{"embeddable":true,"href":"https:\/\/www.ccsa.ufpb.br\/gets\/wp-json\/wp\/v2\/users\/47"}],"replies":[{"embeddable":true,"href":"https:\/\/www.ccsa.ufpb.br\/gets\/wp-json\/wp\/v2\/comments?post=22"}],"version-history":[{"count":3,"href":"https:\/\/www.ccsa.ufpb.br\/gets\/wp-json\/wp\/v2\/pages\/22\/revisions"}],"predecessor-version":[{"id":27,"href":"https:\/\/www.ccsa.ufpb.br\/gets\/wp-json\/wp\/v2\/pages\/22\/revisions\/27"}],"wp:attachment":[{"href":"https:\/\/www.ccsa.ufpb.br\/gets\/wp-json\/wp\/v2\/media?parent=22"}],"curies":[{"name":"wp","href":"https:\/\/api.w.org\/{rel}","templated":true}]}}