{"id":101,"date":"2025-07-12T21:18:50","date_gmt":"2025-07-13T00:18:50","guid":{"rendered":"https:\/\/www.ccsa.ufpb.br\/ppga\/?page_id=101"},"modified":"2025-07-12T21:18:50","modified_gmt":"2025-07-13T00:18:50","slug":"resolucoes-consuni-e-consepe","status":"publish","type":"page","link":"https:\/\/www.ccsa.ufpb.br\/ppga\/resolucoes-consuni-e-consepe\/","title":{"rendered":"Resolu\u00e7\u00f5es CONSUNI e CONSEPE"},"content":{"rendered":"\n<p>Aqui temos algumas resolu\u00e7\u00f5es do Conselho Universit\u00e1rio &#8211; CONSUNI e do Conselho Superior de Ensino, Pesquisa e Extens\u00e3o &#8211; CONSEPE, que cont\u00eam dispositivos institucionais que regem o Programa, afora o&nbsp;<a href=\"http:\/\/www.ccsa.ufpb.br\/ppga\/contents\/menu\/normas-e-formularios\/regulamento\" target=\"_blank\" rel=\"noreferrer noopener\">regulamento<\/a>&nbsp;do PPGA, que \u00e9 resolu\u00e7\u00e3o CONSEPE, mas que optamos por posicionar em outra parte desse site.<\/p>\n\n\n\n<p><a href=\"http:\/\/plone.ufpb.br\/ppga\/contents\/arquivos\/legislacao\/estatuto-geral-ufpb.pdf\">Estatuto da UFPB &#8211; Resolu\u00e7\u00e3o CONSUNI 07\/2002<\/a><\/p>\n\n\n\n<p><a href=\"http:\/\/plone.ufpb.br\/ppga\/contents\/arquivos\/legislacao\/regimento-geral-ufpb.pdf\">Regimento Geral da UFPB<\/a><\/p>\n\n\n\n<p><a href=\"http:\/\/plone.ufpb.br\/ppga\/contents\/arquivos\/legislacao\/resolucao-54-2024-consepe.pdf\">Regulamento Geral da P\u00f3s-Gradua\u00e7\u00e3o &#8211; Resolu\u00e7\u00e3o CONSEPE 54\/2024 (revoga as resolu\u00e7\u00f5es 79\/2013 e 34\/2014)<\/a><\/p>\n\n\n\n<p><a href=\"http:\/\/plone.ufpb.br\/ppga\/contents\/arquivos\/legislacao\/regulamento-geral-da-pos-resolucao-no-79-de-2013.pdf\">Regulamento Geral da P\u00f3s-gradua\u00e7\u00e3o &#8211; Resolu\u00e7\u00e3o CONSEPE 79\/2013<\/a><\/p>\n\n\n\n<p><a href=\"http:\/\/plone.ufpb.br\/ppga\/contents\/arquivos\/legislacao\/regulamento-geral-da-pos-resolucao-no-34-de-2014.pdf\">Regulamento Geral da P\u00f3s-gradua\u00e7\u00e3o&nbsp;&#8211; Resolu\u00e7\u00e3o&nbsp;CONSEPE&nbsp;34\/2014&nbsp;<\/a>(altera a resolu\u00e7\u00e3o 7\/2013)<\/p>\n\n\n\n<p><a href=\"http:\/\/plone.ufpb.br\/ppga\/contents\/arquivos\/legislacao\/consuni-internacionalizacao.pdf\">Regulamento da Pol\u00edtica de Internacionaliza\u00e7\u00e3o da UFPB &#8211; Resolu\u00e7\u00e3o CONSUNI 06\/2018<\/a><\/p>\n","protected":false},"excerpt":{"rendered":"<p>Aqui temos algumas resolu\u00e7\u00f5es do Conselho Universit\u00e1rio &#8211; CONSUNI e do Conselho Superior de Ensino, [&hellip;]<\/p>\n","protected":false},"author":47,"featured_media":0,"parent":0,"menu_order":0,"comment_status":"closed","ping_status":"closed","template":"","meta":{"footnotes":""},"class_list":["post-101","page","type-page","status-publish","hentry"],"_links":{"self":[{"href":"https:\/\/www.ccsa.ufpb.br\/ppga\/wp-json\/wp\/v2\/pages\/101","targetHints":{"allow":["GET"]}}],"collection":[{"href":"https:\/\/www.ccsa.ufpb.br\/ppga\/wp-json\/wp\/v2\/pages"}],"about":[{"href":"https:\/\/www.ccsa.ufpb.br\/ppga\/wp-json\/wp\/v2\/types\/page"}],"author":[{"embeddable":true,"href":"https:\/\/www.ccsa.ufpb.br\/ppga\/wp-json\/wp\/v2\/users\/47"}],"replies":[{"embeddable":true,"href":"https:\/\/www.ccsa.ufpb.br\/ppga\/wp-json\/wp\/v2\/comments?post=101"}],"version-history":[{"count":1,"href":"https:\/\/www.ccsa.ufpb.br\/ppga\/wp-json\/wp\/v2\/pages\/101\/revisions"}],"predecessor-version":[{"id":102,"href":"https:\/\/www.ccsa.ufpb.br\/ppga\/wp-json\/wp\/v2\/pages\/101\/revisions\/102"}],"wp:attachment":[{"href":"https:\/\/www.ccsa.ufpb.br\/ppga\/wp-json\/wp\/v2\/media?parent=101"}],"curies":[{"name":"wp","href":"https:\/\/api.w.org\/{rel}","templated":true}]}}