{"id":115,"date":"2025-07-12T21:22:44","date_gmt":"2025-07-13T00:22:44","guid":{"rendered":"https:\/\/www.ccsa.ufpb.br\/ppga\/?page_id=115"},"modified":"2025-11-27T11:11:17","modified_gmt":"2025-11-27T14:11:17","slug":"orientacoes","status":"publish","type":"page","link":"https:\/\/www.ccsa.ufpb.br\/ppga\/orientacoes\/","title":{"rendered":"Orienta\u00e7\u00f5es"},"content":{"rendered":"\n<p><strong><a href=\"http:\/\/plone.ufpb.br\/ppga\/contents\/arquivos\/formularios\/orientacoes-para-marcacao-de-qualificacao.pdf\">Procedimentos para marca\u00e7\u00e3o de Exame de Pr\u00e9-banca e Qualifica\u00e7\u00e3o<\/a><a href=\"http:\/\/plone.ufpb.br\/ppga\/contents\/menu\/documentos-e-orientacoes-1\/resolveuid\/892c8fa8f5764ff495977f101913a9a6\"><\/a><\/strong><\/p>\n\n\n\n<p><strong><a href=\"http:\/\/www.ccsa.ufpb.br\/ppga\/wp-content\/uploads\/sites\/179\/sites\/330\/2025\/11\/procedimentos-defesa-final.pdf\" data-type=\"link\" data-id=\"http:\/\/www.ccsa.ufpb.br\/ppga\/wp-content\/uploads\/sites\/179\/sites\/330\/2025\/11\/procedimentos-defesa-final.pdf\">Procedimentos para marca\u00e7\u00e3o de defesa de Trabalho Final<\/a><\/strong><\/p>\n\n\n\n<p><strong><a href=\"http:\/\/plone.ufpb.br\/ppga\/contents\/arquivos\/formularios\/novos-procedimentos-para-entrega-de-trabalho-final_e-solicitacao-de-diploma_ppga-3-2-1.pdf\">Procedimentos para realiza\u00e7\u00e3o de auto dep\u00f3sito da vers\u00e3o final no SIGAA<\/a><\/strong><\/p>\n\n\n\n<p><strong><a href=\"http:\/\/plone.ufpb.br\/ppga\/contents\/arquivos\/orientacoes-para-solicitacao-de-diploma.pdf\" target=\"_blank\" rel=\"noreferrer noopener\">Procedimentos para Emiss\u00e3o de Diploma<\/a><\/strong><\/p>\n\n\n\n<p><strong><a href=\"http:\/\/plone.ufpb.br\/ppga\/contents\/arquivos\/formularios\/orientacao-linguas-das-dissertacoes-e-teses.pdf\">Orienta\u00e7\u00f5es referentes \u00e0s l\u00ednguas de produ\u00e7\u00f5es de teses e disserta\u00e7\u00f5es<\/a><\/strong><\/p>\n\n\n\n<p><strong><a href=\"http:\/\/plone.ufpb.br\/ppga\/contents\/arquivos\/novos-docentes-e-posdoc\/diretrizes-gerais-do-estagio-de-pos-doutorado-do-ppga.pdf\">Diretrizes e orienta\u00e7\u00f5es para P\u00f3s-Doutorado &#8211; fluxo cont\u00ednuo<\/a><\/strong><\/p>\n\n\n\n<p><strong><a href=\"http:\/\/plone.ufpb.br\/ppga\/contents\/arquivos\/legislacao\/diretrizes-gerais-sauduiche.pdf\">Diretrizes e Procedimentos para Realiza\u00e7\u00e3o de Est\u00e1gio Sandu\u00edche no PPGA<\/a><\/strong><\/p>\n\n\n\n<p><strong><a href=\"http:\/\/www.ccsa.ufpb.br\/ppga\/wp-content\/uploads\/sites\/179\/sites\/330\/2025\/09\/DIRETRIZES-SOBRE-TRABALHOS-DE-CONCLUSAO-1.pdf\" data-type=\"link\" data-id=\"http:\/\/www.ccsa.ufpb.br\/ppga\/wp-content\/uploads\/sites\/179\/sites\/330\/2025\/09\/DIRETRIZES-SOBRE-TRABALHOS-DE-CONCLUSAO-1.pdf\">Diretrizes relativas aos trabalhos de conclus\u00e3o de curso do PPGA<\/a><\/strong><\/p>\n\n\n\n<p><\/p>\n","protected":false},"excerpt":{"rendered":"<p>Procedimentos para marca\u00e7\u00e3o de Exame de Pr\u00e9-banca e Qualifica\u00e7\u00e3o Procedimentos para marca\u00e7\u00e3o de defesa de [&hellip;]<\/p>\n","protected":false},"author":47,"featured_media":0,"parent":0,"menu_order":0,"comment_status":"closed","ping_status":"closed","template":"","meta":{"footnotes":""},"class_list":["post-115","page","type-page","status-publish","hentry"],"_links":{"self":[{"href":"https:\/\/www.ccsa.ufpb.br\/ppga\/wp-json\/wp\/v2\/pages\/115","targetHints":{"allow":["GET"]}}],"collection":[{"href":"https:\/\/www.ccsa.ufpb.br\/ppga\/wp-json\/wp\/v2\/pages"}],"about":[{"href":"https:\/\/www.ccsa.ufpb.br\/ppga\/wp-json\/wp\/v2\/types\/page"}],"author":[{"embeddable":true,"href":"https:\/\/www.ccsa.ufpb.br\/ppga\/wp-json\/wp\/v2\/users\/47"}],"replies":[{"embeddable":true,"href":"https:\/\/www.ccsa.ufpb.br\/ppga\/wp-json\/wp\/v2\/comments?post=115"}],"version-history":[{"count":5,"href":"https:\/\/www.ccsa.ufpb.br\/ppga\/wp-json\/wp\/v2\/pages\/115\/revisions"}],"predecessor-version":[{"id":308,"href":"https:\/\/www.ccsa.ufpb.br\/ppga\/wp-json\/wp\/v2\/pages\/115\/revisions\/308"}],"wp:attachment":[{"href":"https:\/\/www.ccsa.ufpb.br\/ppga\/wp-json\/wp\/v2\/media?parent=115"}],"curies":[{"name":"wp","href":"https:\/\/api.w.org\/{rel}","templated":true}]}}