{"id":190,"date":"2025-08-05T08:05:03","date_gmt":"2025-08-05T11:05:03","guid":{"rendered":"https:\/\/www.ccsa.ufpb.br\/ppga\/?page_id=190"},"modified":"2025-08-06T10:47:17","modified_gmt":"2025-08-06T13:47:17","slug":"dissertacoes-e-teses","status":"publish","type":"page","link":"https:\/\/www.ccsa.ufpb.br\/ppga\/dissertacoes-e-teses\/","title":{"rendered":"Disserta\u00e7\u00f5es e Teses"},"content":{"rendered":"\n<p>Os trabalhos est\u00e3o todos na Biblioteca Central da UFPB. As vers\u00f5es digitalizadas dispon\u00edveis podem ser encontradas no Reposit\u00f3rio Institucional, <a href=\"https:\/\/repositorio.ufpb.br\/jspui\/handle\/tede\/3768\" data-type=\"link\" data-id=\"https:\/\/repositorio.ufpb.br\/jspui\/handle\/tede\/3768\">neste link<\/a>. <\/p>\n\n\n\n<p><\/p>\n","protected":false},"excerpt":{"rendered":"<p>Os trabalhos est\u00e3o todos na Biblioteca Central da UFPB. As vers\u00f5es digitalizadas dispon\u00edveis podem ser [&hellip;]<\/p>\n","protected":false},"author":47,"featured_media":0,"parent":0,"menu_order":0,"comment_status":"closed","ping_status":"closed","template":"","meta":{"footnotes":""},"class_list":["post-190","page","type-page","status-publish","hentry"],"_links":{"self":[{"href":"https:\/\/www.ccsa.ufpb.br\/ppga\/wp-json\/wp\/v2\/pages\/190","targetHints":{"allow":["GET"]}}],"collection":[{"href":"https:\/\/www.ccsa.ufpb.br\/ppga\/wp-json\/wp\/v2\/pages"}],"about":[{"href":"https:\/\/www.ccsa.ufpb.br\/ppga\/wp-json\/wp\/v2\/types\/page"}],"author":[{"embeddable":true,"href":"https:\/\/www.ccsa.ufpb.br\/ppga\/wp-json\/wp\/v2\/users\/47"}],"replies":[{"embeddable":true,"href":"https:\/\/www.ccsa.ufpb.br\/ppga\/wp-json\/wp\/v2\/comments?post=190"}],"version-history":[{"count":4,"href":"https:\/\/www.ccsa.ufpb.br\/ppga\/wp-json\/wp\/v2\/pages\/190\/revisions"}],"predecessor-version":[{"id":230,"href":"https:\/\/www.ccsa.ufpb.br\/ppga\/wp-json\/wp\/v2\/pages\/190\/revisions\/230"}],"wp:attachment":[{"href":"https:\/\/www.ccsa.ufpb.br\/ppga\/wp-json\/wp\/v2\/media?parent=190"}],"curies":[{"name":"wp","href":"https:\/\/api.w.org\/{rel}","templated":true}]}}