{"id":205,"date":"2025-08-05T08:18:44","date_gmt":"2025-08-05T11:18:44","guid":{"rendered":"https:\/\/www.ccsa.ufpb.br\/ppga\/?page_id=205"},"modified":"2026-02-11T09:18:22","modified_gmt":"2026-02-11T12:18:22","slug":"outros","status":"publish","type":"page","link":"https:\/\/www.ccsa.ufpb.br\/ppga\/outros\/","title":{"rendered":"Outros"},"content":{"rendered":"\n<p><strong>Sele\u00e7\u00e3o de Alunos Especiais 2026.<\/strong>1<\/p>\n\n\n\n<p><a href=\"http:\/\/www.ccsa.ufpb.br\/ppga\/wp-content\/uploads\/sites\/179\/sites\/330\/2026\/02\/Resultado-aluno-especial-2026.1.pdf\" data-type=\"link\" data-id=\"http:\/\/www.ccsa.ufpb.br\/ppga\/wp-content\/uploads\/sites\/179\/sites\/330\/2026\/02\/Resultado-aluno-especial-2026.1.pdf\">Resultado<\/a><\/p>\n\n\n\n<p><a href=\"http:\/\/www.ccsa.ufpb.br\/ppga\/wp-content\/uploads\/sites\/179\/sites\/330\/2025\/12\/Edital-para-aluno-especial-PPGA-2026.1-1.pdf\" data-type=\"link\" data-id=\"http:\/\/www.ccsa.ufpb.br\/ppga\/wp-content\/uploads\/sites\/179\/sites\/330\/2025\/12\/Edital-para-aluno-especial-PPGA-2026.1-1.pdf\">Edital pra Aluno Especial 2026.1<\/a><\/p>\n\n\n\n<div class=\"wp-block-file\"><a id=\"wp-block-file--media-e39793c2-b45b-48cd-a4e7-54df10adaaa9\" href=\"http:\/\/www.ccsa.ufpb.br\/ppga\/wp-content\/uploads\/sites\/179\/sites\/330\/2025\/12\/formulario-requerimento-de-matricula-como-aluno-especial-5.docx\">Formul\u00e1rio de Inscri\u00e7\u00e3o <\/a><a href=\"http:\/\/www.ccsa.ufpb.br\/ppga\/wp-content\/uploads\/sites\/179\/sites\/330\/2025\/12\/formulario-requerimento-de-matricula-como-aluno-especial-5.docx\" class=\"wp-block-file__button wp-element-button\" download aria-describedby=\"wp-block-file--media-e39793c2-b45b-48cd-a4e7-54df10adaaa9\">Baixar<\/a><\/div>\n\n\n\n<p><\/p>\n","protected":false},"excerpt":{"rendered":"<p>Sele\u00e7\u00e3o de Alunos Especiais 2026.1 Resultado Edital pra Aluno Especial 2026.1<\/p>\n","protected":false},"author":47,"featured_media":0,"parent":0,"menu_order":0,"comment_status":"closed","ping_status":"closed","template":"","meta":{"footnotes":""},"class_list":["post-205","page","type-page","status-publish","hentry"],"_links":{"self":[{"href":"https:\/\/www.ccsa.ufpb.br\/ppga\/wp-json\/wp\/v2\/pages\/205","targetHints":{"allow":["GET"]}}],"collection":[{"href":"https:\/\/www.ccsa.ufpb.br\/ppga\/wp-json\/wp\/v2\/pages"}],"about":[{"href":"https:\/\/www.ccsa.ufpb.br\/ppga\/wp-json\/wp\/v2\/types\/page"}],"author":[{"embeddable":true,"href":"https:\/\/www.ccsa.ufpb.br\/ppga\/wp-json\/wp\/v2\/users\/47"}],"replies":[{"embeddable":true,"href":"https:\/\/www.ccsa.ufpb.br\/ppga\/wp-json\/wp\/v2\/comments?post=205"}],"version-history":[{"count":5,"href":"https:\/\/www.ccsa.ufpb.br\/ppga\/wp-json\/wp\/v2\/pages\/205\/revisions"}],"predecessor-version":[{"id":364,"href":"https:\/\/www.ccsa.ufpb.br\/ppga\/wp-json\/wp\/v2\/pages\/205\/revisions\/364"}],"wp:attachment":[{"href":"https:\/\/www.ccsa.ufpb.br\/ppga\/wp-json\/wp\/v2\/media?parent=205"}],"curies":[{"name":"wp","href":"https:\/\/api.w.org\/{rel}","templated":true}]}}