{"id":23,"date":"2025-07-12T15:36:40","date_gmt":"2025-07-12T18:36:40","guid":{"rendered":"https:\/\/www.ccsa.ufpb.br\/ppga\/?page_id=23"},"modified":"2025-08-04T19:35:27","modified_gmt":"2025-08-04T22:35:27","slug":"coordenacao","status":"publish","type":"page","link":"https:\/\/www.ccsa.ufpb.br\/ppga\/coordenacao\/","title":{"rendered":"Coordena\u00e7\u00e3o"},"content":{"rendered":"\n<p>A Coordena\u00e7\u00e3o do PPGA \u00e9 composta atualmente pelo professor\u00a0\u00a0<strong>Francisco Jos\u00e9 da Costa<\/strong> na condi\u00e7\u00e3o de Coordenador e <strong>Samir Adamoglu e Oliveira<\/strong>\u00a0na condi\u00e7\u00e3o de Vice-Coordenador.<\/p>\n\n\n\n<p>O professor\u00a0<strong>Carlos Eduardo Cavalcante<\/strong>\u00a0participa da equipe de lideran\u00e7a na condi\u00e7\u00e3o de Coordenador do Curso de Mestrado e Doutorado do Projeto de Coopera\u00e7\u00e3o Interinstitucional que o PPGA desenvolve junto ao Instituto Federal da Bahia.<\/p>\n\n\n\n<p><\/p>\n","protected":false},"excerpt":{"rendered":"<p>A Coordena\u00e7\u00e3o do PPGA \u00e9 composta atualmente pelo professor\u00a0\u00a0Francisco Jos\u00e9 da Costa na condi\u00e7\u00e3o de [&hellip;]<\/p>\n","protected":false},"author":47,"featured_media":0,"parent":0,"menu_order":0,"comment_status":"closed","ping_status":"closed","template":"","meta":{"footnotes":""},"class_list":["post-23","page","type-page","status-publish","hentry"],"_links":{"self":[{"href":"https:\/\/www.ccsa.ufpb.br\/ppga\/wp-json\/wp\/v2\/pages\/23","targetHints":{"allow":["GET"]}}],"collection":[{"href":"https:\/\/www.ccsa.ufpb.br\/ppga\/wp-json\/wp\/v2\/pages"}],"about":[{"href":"https:\/\/www.ccsa.ufpb.br\/ppga\/wp-json\/wp\/v2\/types\/page"}],"author":[{"embeddable":true,"href":"https:\/\/www.ccsa.ufpb.br\/ppga\/wp-json\/wp\/v2\/users\/47"}],"replies":[{"embeddable":true,"href":"https:\/\/www.ccsa.ufpb.br\/ppga\/wp-json\/wp\/v2\/comments?post=23"}],"version-history":[{"count":2,"href":"https:\/\/www.ccsa.ufpb.br\/ppga\/wp-json\/wp\/v2\/pages\/23\/revisions"}],"predecessor-version":[{"id":168,"href":"https:\/\/www.ccsa.ufpb.br\/ppga\/wp-json\/wp\/v2\/pages\/23\/revisions\/168"}],"wp:attachment":[{"href":"https:\/\/www.ccsa.ufpb.br\/ppga\/wp-json\/wp\/v2\/media?parent=23"}],"curies":[{"name":"wp","href":"https:\/\/api.w.org\/{rel}","templated":true}]}}