{"id":49,"date":"2025-07-12T21:04:00","date_gmt":"2025-07-13T00:04:00","guid":{"rendered":"https:\/\/www.ccsa.ufpb.br\/ppga\/?page_id=49"},"modified":"2025-07-12T21:04:00","modified_gmt":"2025-07-13T00:04:00","slug":"grupo-de-estudos-do-terceiro-setor","status":"publish","type":"page","link":"https:\/\/www.ccsa.ufpb.br\/ppga\/grupo-de-estudos-do-terceiro-setor\/","title":{"rendered":"Grupo de Estudos do Terceiro Setor"},"content":{"rendered":"\n<p><strong>L\u00edderes do grupo<\/strong>:&nbsp;Carlos Eduardo Cavalcante; Diogo Henrique Helal<\/p>\n\n\n\n<p><strong>Endere\u00e7o no diret\u00f3rio de grupos do CNPQ<\/strong>: http:\/\/dgp.cnpq.br\/dgp\/espelhogrupo\/6321097144465392<\/p>\n\n\n\n<p><strong>Descri\u00e7\u00e3o:<\/strong>&nbsp;O grupo trata de estudos relacionados ao terceiro setor e do trabalho volunt\u00e1rio, seus antecedentes, consequentes, correlatos e temas transversais como a cidadania, a gest\u00e3o de pessoas e de ONGs. As repercuss\u00f5es esperadas referem-se \u00e0 exposi\u00e7\u00e3o das pesquisas do grupo em peri\u00f3dicos cient\u00edficos e a participa\u00e7\u00e3o de seus membros em eventos acad\u00eamicos qualificados tanto no Brasil quanto no exterior. Tamb\u00e9m espera-se auxiliar as ONGs em ambito regional no gerenciamento dos seus volunt\u00e1rios.<\/p>\n","protected":false},"excerpt":{"rendered":"<p>L\u00edderes do grupo:&nbsp;Carlos Eduardo Cavalcante; Diogo Henrique Helal Endere\u00e7o no diret\u00f3rio de grupos do CNPQ: [&hellip;]<\/p>\n","protected":false},"author":47,"featured_media":0,"parent":0,"menu_order":0,"comment_status":"closed","ping_status":"closed","template":"","meta":{"footnotes":""},"class_list":["post-49","page","type-page","status-publish","hentry"],"_links":{"self":[{"href":"https:\/\/www.ccsa.ufpb.br\/ppga\/wp-json\/wp\/v2\/pages\/49","targetHints":{"allow":["GET"]}}],"collection":[{"href":"https:\/\/www.ccsa.ufpb.br\/ppga\/wp-json\/wp\/v2\/pages"}],"about":[{"href":"https:\/\/www.ccsa.ufpb.br\/ppga\/wp-json\/wp\/v2\/types\/page"}],"author":[{"embeddable":true,"href":"https:\/\/www.ccsa.ufpb.br\/ppga\/wp-json\/wp\/v2\/users\/47"}],"replies":[{"embeddable":true,"href":"https:\/\/www.ccsa.ufpb.br\/ppga\/wp-json\/wp\/v2\/comments?post=49"}],"version-history":[{"count":1,"href":"https:\/\/www.ccsa.ufpb.br\/ppga\/wp-json\/wp\/v2\/pages\/49\/revisions"}],"predecessor-version":[{"id":50,"href":"https:\/\/www.ccsa.ufpb.br\/ppga\/wp-json\/wp\/v2\/pages\/49\/revisions\/50"}],"wp:attachment":[{"href":"https:\/\/www.ccsa.ufpb.br\/ppga\/wp-json\/wp\/v2\/media?parent=49"}],"curies":[{"name":"wp","href":"https:\/\/api.w.org\/{rel}","templated":true}]}}