{"id":53,"date":"2025-07-12T21:04:59","date_gmt":"2025-07-13T00:04:59","guid":{"rendered":"https:\/\/www.ccsa.ufpb.br\/ppga\/?page_id=53"},"modified":"2025-07-12T21:04:59","modified_gmt":"2025-07-13T00:04:59","slug":"marketing-consumo-e-sociedade","status":"publish","type":"page","link":"https:\/\/www.ccsa.ufpb.br\/ppga\/marketing-consumo-e-sociedade\/","title":{"rendered":"Marketing, Consumo e Sociedade"},"content":{"rendered":"\n<p><strong>L\u00edderes do grupo:&nbsp;<\/strong>Rita de C\u00e1ssia de Faria Pereira<\/p>\n\n\n\n<p><strong>Endere\u00e7o no diret\u00f3rio do grupos do CNPQ:&nbsp;<\/strong>http:\/\/dgp.cnpq.br\/dgp\/espelhogrupo\/2963521572024552<\/p>\n\n\n\n<p><strong>Descri\u00e7\u00e3o:&nbsp;<\/strong>O Grupo de Pesquisa Marketing e Sociedade visa ao desenvolvimento interdisciplinar de parcerias de pesquisas nas \u00e1reas de marketing, consumo e sociedade, explorando aspectos como sistema agregado de marketing, externalidades, vulnerabilidade do consumidor, qualidade de vida do consumidor, ativismo no consumo e educa\u00e7\u00e3o do consumidor. O objetivo do grupo \u00e9 promover estudos que abordem e promovam trocas de mercado mais justas para consumidor, empres\u00e1rios e sociedade em geral. Os estudos s\u00e3o disserta\u00e7\u00f5es de mestrado e teses de doutorado, bem como projetos financiados pelo Cnpq. Al\u00e9m dos estudos, empreendemos a\u00e7\u00f5es de educa\u00e7\u00e3o do consumidor como comunica\u00e7\u00e3o, eventos, intera\u00e7\u00e3o com setores de interesse.<\/p>\n","protected":false},"excerpt":{"rendered":"<p>L\u00edderes do grupo:&nbsp;Rita de C\u00e1ssia de Faria Pereira Endere\u00e7o no diret\u00f3rio do grupos do CNPQ:&nbsp;http:\/\/dgp.cnpq.br\/dgp\/espelhogrupo\/2963521572024552 [&hellip;]<\/p>\n","protected":false},"author":47,"featured_media":0,"parent":0,"menu_order":0,"comment_status":"closed","ping_status":"closed","template":"","meta":{"footnotes":""},"class_list":["post-53","page","type-page","status-publish","hentry"],"_links":{"self":[{"href":"https:\/\/www.ccsa.ufpb.br\/ppga\/wp-json\/wp\/v2\/pages\/53","targetHints":{"allow":["GET"]}}],"collection":[{"href":"https:\/\/www.ccsa.ufpb.br\/ppga\/wp-json\/wp\/v2\/pages"}],"about":[{"href":"https:\/\/www.ccsa.ufpb.br\/ppga\/wp-json\/wp\/v2\/types\/page"}],"author":[{"embeddable":true,"href":"https:\/\/www.ccsa.ufpb.br\/ppga\/wp-json\/wp\/v2\/users\/47"}],"replies":[{"embeddable":true,"href":"https:\/\/www.ccsa.ufpb.br\/ppga\/wp-json\/wp\/v2\/comments?post=53"}],"version-history":[{"count":1,"href":"https:\/\/www.ccsa.ufpb.br\/ppga\/wp-json\/wp\/v2\/pages\/53\/revisions"}],"predecessor-version":[{"id":54,"href":"https:\/\/www.ccsa.ufpb.br\/ppga\/wp-json\/wp\/v2\/pages\/53\/revisions\/54"}],"wp:attachment":[{"href":"https:\/\/www.ccsa.ufpb.br\/ppga\/wp-json\/wp\/v2\/media?parent=53"}],"curies":[{"name":"wp","href":"https:\/\/api.w.org\/{rel}","templated":true}]}}