{"id":1488,"date":"2021-11-30T10:11:00","date_gmt":"2021-11-30T13:11:00","guid":{"rendered":"https:\/\/www.ccsa.ufpb.br\/ppgcc2\/edital\/reconsideracao-analise-curricular-mestrado-retificado-2\/"},"modified":"2021-11-30T10:11:00","modified_gmt":"2021-11-30T13:11:00","slug":"reconsideracao-analise-curricular-mestrado-retificado-2","status":"publish","type":"edital","link":"https:\/\/www.ccsa.ufpb.br\/ppgcc\/edital\/reconsideracao-analise-curricular-mestrado-retificado-2\/","title":{"rendered":"Reconsidera\u00e7\u00e3o &#8211; An\u00e1lise Curricular &#8211; Mestrado Retificado 2"},"content":{"rendered":"\n<div class=\"wp-block-file\"><a href=\"https:\/\/www.ccsa.ufpb.br\/ppgcc2\/wp-content\/uploads\/sites\/179\/sites\/332\/2026\/06\/reconsideracao-analise-curricular-mestrado-retificado-2.pdf\" target=\"_blank\" rel=\"noreferrer noopener\">Reconsidera\u00e7\u00e3o &#8211; An\u00e1lise Curricular &#8211; Mestrado Retificado 2<\/a><a href=\"https:\/\/www.ccsa.ufpb.br\/ppgcc2\/wp-content\/uploads\/sites\/179\/sites\/332\/2026\/06\/reconsideracao-analise-curricular-mestrado-retificado-2.pdf\" class=\"wp-block-file__button wp-element-button\" download>Baixar<\/a><\/div>\n","protected":false},"excerpt":{"rendered":"","protected":false},"featured_media":0,"template":"","meta":{"footnotes":""},"edital_type":[4],"class_list":["post-1488","edital","type-edital","status-publish","hentry","edital_type-processo-seletivo"],"_links":{"self":[{"href":"https:\/\/www.ccsa.ufpb.br\/ppgcc\/wp-json\/wp\/v2\/edital\/1488","targetHints":{"allow":["GET"]}}],"collection":[{"href":"https:\/\/www.ccsa.ufpb.br\/ppgcc\/wp-json\/wp\/v2\/edital"}],"about":[{"href":"https:\/\/www.ccsa.ufpb.br\/ppgcc\/wp-json\/wp\/v2\/types\/edital"}],"version-history":[{"count":0,"href":"https:\/\/www.ccsa.ufpb.br\/ppgcc\/wp-json\/wp\/v2\/edital\/1488\/revisions"}],"wp:attachment":[{"href":"https:\/\/www.ccsa.ufpb.br\/ppgcc\/wp-json\/wp\/v2\/media?parent=1488"}],"wp:term":[{"taxonomy":"edital_type","embeddable":true,"href":"https:\/\/www.ccsa.ufpb.br\/ppgcc\/wp-json\/wp\/v2\/edital_type?post=1488"}],"curies":[{"name":"wp","href":"https:\/\/api.w.org\/{rel}","templated":true}]}}

Reconsideração &#8211; Análise Curricular &#8211; Mestrado Retificado 2

<div class="wp-block-file"><a href="https://www.ccsa.ufpb.br/ppgcc2/wp-content/uploads/sites/179/sites/332/2026/06/reconsideracao-analise-curricular-mestrado-retificado-2.pdf" target="_blank" rel="noreferrer noopener">Reconsideração &#8211; Análise Curricular &#8211; Mestrado Retificado 2</a><a href="https://www.ccsa.ufpb.br/ppgcc2/wp-content/uploads/sites/179/sites/332/2026/06/reconsideracao-analise-curricular-mestrado-retificado-2.pdf" class="wp-block-file__button wp-element-button" download>Baixar</a></div>
