{"id":394,"date":"2026-08-06T18:44:46","date_gmt":"2026-08-06T21:44:46","guid":{"rendered":"https:\/\/www.ccsa.ufpb.br\/ppgci\/?post_type=edital&#038;p=394"},"modified":"2026-08-18T16:07:08","modified_gmt":"2026-08-18T19:07:08","slug":"editalppgcino07-2026-ppgci","status":"publish","type":"edital","link":"https:\/\/www.ccsa.ufpb.br\/ppgci\/edital\/editalppgcino07-2026-ppgci\/","title":{"rendered":"EDITALPPGCIN\u00ba07\/2026-PPGCI &#8211; CONSULTA PARA ESCOLHADO(A) COORDENADOR(A) E VICE-COORDENADOR(A) DO PROGRAMA DE P\u00d3S-GRADU\u00c7\u00c3O EM CI\u00caNCIA DA INFORMA\u00c7\u00c3O \u2013 PPGCI\/UFPB 2026-2027"},"content":{"rendered":"\n<p class=\"wp-block-paragraph\"><\/p>\n\n\n\n<p class=\"wp-block-paragraph\">O Programa de P\u00f3s-Gradua\u00e7\u00e3o em Ci\u00eancia da Informa\u00e7\u00e3o torna p\u00fablico o EDITALPPGCIN\u00ba07\/2026-PPGCI &#8211; CONSULTA PARA ESCOLHA DO(A) COORDENADOR(A)EVICE-COORDENADOR(A) DO PROGRAMA DE P\u00d3S-GRADU\u00c7\u00c3O EM CI\u00caNCIA DA INFORMA\u00c7\u00c3O \u2013 PPGCI\/UFPB 2026-2027<\/p>\n\n\n\n<p class=\"wp-block-paragraph\"><strong><a href=\"https:\/\/www.ccsa.ufpb.br\/ppgci\/wp-content\/uploads\/sites\/179\/sites\/444\/2026\/08\/Edital-consulta-eleitoral-2026-2027.pdf\" data-type=\"attachment\" data-id=\"396\">Edital<\/a><\/strong><\/p>\n\n\n\n<p class=\"wp-block-paragraph\"><strong><a href=\"https:\/\/www.ccsa.ufpb.br\/ppgci\/wp-content\/uploads\/sites\/179\/sites\/444\/2026\/08\/Resultado_do_Deferimento_das_Chapas_Processo_Eleitoral_PPGCI_2026-2027_assinado.pdf\" data-type=\"attachment\" data-id=\"425\">DEFERIMENTO DAS CHAPAS<\/a><\/strong><br><strong><a href=\"https:\/\/www.ccsa.ufpb.br\/ppgci\/wp-content\/uploads\/sites\/179\/sites\/444\/2026\/08\/Resultado_da_eleicao-PPGCI_assinado.pdf\" data-type=\"attachment\" data-id=\"440\">RESULTADO DA VOTA\u00c7\u00c3O<\/a><\/strong><br><\/p>\n\n\n\n<p class=\"wp-block-paragraph\"><\/p>\n","protected":false},"excerpt":{"rendered":"<p>O Programa de P\u00f3s-Gradua\u00e7\u00e3o em Ci\u00eancia da Informa\u00e7\u00e3o torna p\u00fablico o EDITALPPGCIN\u00ba07\/2026-PPGCI &#8211; CONSULTA PARA [&hellip;]<\/p>\n","protected":false},"featured_media":311,"template":"","meta":{"footnotes":""},"edital_type":[3],"class_list":["post-394","edital","type-edital","status-publish","has-post-thumbnail","hentry","edital_type-editais"],"_links":{"self":[{"href":"https:\/\/www.ccsa.ufpb.br\/ppgci\/wp-json\/wp\/v2\/edital\/394","targetHints":{"allow":["GET"]}}],"collection":[{"href":"https:\/\/www.ccsa.ufpb.br\/ppgci\/wp-json\/wp\/v2\/edital"}],"about":[{"href":"https:\/\/www.ccsa.ufpb.br\/ppgci\/wp-json\/wp\/v2\/types\/edital"}],"version-history":[{"count":5,"href":"https:\/\/www.ccsa.ufpb.br\/ppgci\/wp-json\/wp\/v2\/edital\/394\/revisions"}],"predecessor-version":[{"id":444,"href":"https:\/\/www.ccsa.ufpb.br\/ppgci\/wp-json\/wp\/v2\/edital\/394\/revisions\/444"}],"wp:featuredmedia":[{"embeddable":true,"href":"https:\/\/www.ccsa.ufpb.br\/ppgci\/wp-json\/wp\/v2\/media\/311"}],"wp:attachment":[{"href":"https:\/\/www.ccsa.ufpb.br\/ppgci\/wp-json\/wp\/v2\/media?parent=394"}],"wp:term":[{"taxonomy":"edital_type","embeddable":true,"href":"https:\/\/www.ccsa.ufpb.br\/ppgci\/wp-json\/wp\/v2\/edital_type?post=394"}],"curies":[{"name":"wp","href":"https:\/\/api.w.org\/{rel}","templated":true}]}}

EDITALPPGCINº07/2026-PPGCI &#8211; CONSULTA PARA ESCOLHADO(A) COORDENADOR(A) E VICE-COORDENADOR(A) DO PROGRAMA DE PÓS-GRADUÇÃO EM CIÊNCIA DA INFORMAÇÃO – PPGCI/UFPB 2026-2027

<p class="wp-block-paragraph"></p>



<p class="wp-block-paragraph">O Programa de Pós-Graduação em Ciência da Informação torna público o EDITALPPGCINº07/2026-PPGCI &#8211; CONSULTA PARA ESCOLHA DO(A) COORDENADOR(A)EVICE-COORDENADOR(A) DO PROGRAMA DE PÓS-GRADUÇÃO EM CIÊNCIA DA INFORMAÇÃO – PPGCI/UFPB 2026-2027</p>



<p class="wp-block-paragraph"><strong><a href="https://www.ccsa.ufpb.br/ppgci/wp-content/uploads/sites/179/sites/444/2026/08/Edital-consulta-eleitoral-2026-2027.pdf" data-type="attachment" data-id="396">Edital</a></strong></p>



<p class="wp-block-paragraph"><strong><a href="https://www.ccsa.ufpb.br/ppgci/wp-content/uploads/sites/179/sites/444/2026/08/Resultado_do_Deferimento_das_Chapas_Processo_Eleitoral_PPGCI_2026-2027_assinado.pdf" data-type="attachment" data-id="425">DEFERIMENTO DAS CHAPAS</a></strong><br><strong><a href="https://www.ccsa.ufpb.br/ppgci/wp-content/uploads/sites/179/sites/444/2026/08/Resultado_da_eleicao-PPGCI_assinado.pdf" data-type="attachment" data-id="440">RESULTADO DA VOTAÇÃO</a></strong><br></p>



<p class="wp-block-paragraph"></p>

<p>O Programa de Pós-Graduação em Ciência da Informação torna público o EDITALPPGCINº07/2026-PPGCI &#8211; CONSULTA PARA [&hellip;]</p>
